{"id":759,"date":"2026-01-13T12:57:44","date_gmt":"2026-01-13T12:57:44","guid":{"rendered":"https:\/\/sportac.cl\/?post_type=product&#038;p=759"},"modified":"2026-01-13T13:20:12","modified_gmt":"2026-01-13T13:20:12","slug":"mira-discoveryopt-telescopica-ms-4-16x42aoac","status":"publish","type":"product","link":"https:\/\/sportac.cl\/index.php\/producto\/mira-discoveryopt-telescopica-ms-4-16x42aoac\/","title":{"rendered":"MIRA TELESC\u00d3PICA DISCOVERYOPT MS 4-16X42AOAC"},"content":{"rendered":"<p>Aumento:\u00a04-16X<br \/>\nDi\u00e1metro del objetivo:\u00a042mm<br \/>\nDi\u00e1metro del tubo:\u00a025.4mm (1 pulgada)<br \/>\nLongitud:\u00a032.6cm (12.83 pulgadas)<br \/>\nPeso:\u00a0525g (18.25oz)<br \/>\nRet\u00edcula:\u00a0HMD SFP IR-MIL<br \/>\nPlano focal:\u00a0Segundo plano focal<br \/>\nIluminaci\u00f3n:\u00a0S\u00ed (Rojo y Verde con 5 posiciones)<br \/>\nEnfoque ajustable:\u00a0Objetivo ajustable<br \/>\nAjuste de paralaje (Yds):\u00a010 yardas hasta infinito<br \/>\nReinicio de cero:\u00a0S\u00ed<br \/>\nTope de cero:\u00a0No<br \/>\nIndicador de revoluci\u00f3n:\u00a0No<br \/>\nBloqueo de cero:\u00a0S\u00ed (Bloqueo hacia abajo)<br \/>\nValor de ajuste por clic:\u00a01\/4 MOA<br \/>\nAjuste por revoluci\u00f3n:\u00a015 MOA<br \/>\nRango de ajuste de elevaci\u00f3n:\u00a040 MOA<br \/>\nRango de ajuste de deriva:\u00a040 MOA<br \/>\nRecubrimiento:\u00a0Lentes completamente multicapa<br \/>\nLlenado de nitr\u00f3geno:\u00a0S\u00ed<\/p>\n","protected":false},"excerpt":{"rendered":"<p>Aumento:\u00a04-16X Di\u00e1metro del objetivo:\u00a042mm Di\u00e1metro del tubo:\u00a025.4mm (1 pulgada) Longitud:\u00a032.6cm (12.83 pulgadas) Peso:\u00a0525g (18.25oz) Ret\u00edcula:\u00a0HMD SFP IR-MIL Plano focal:\u00a0Segundo plano focal Iluminaci\u00f3n:\u00a0S\u00ed (Rojo y Verde con 5 posiciones) Enfoque ajustable:\u00a0Objetivo ajustable Ajuste de paralaje (Yds):\u00a010 yardas hasta infinito Reinicio de cero:\u00a0S\u00ed Tope de cero:\u00a0No Indicador de revoluci\u00f3n:\u00a0No Bloqueo de cero:\u00a0S\u00ed (Bloqueo hacia abajo) Valor de [&hellip;]<\/p>\n","protected":false},"featured_media":760,"comment_status":"open","ping_status":"closed","template":"","meta":[],"product_brand":[],"product_cat":[94,20],"product_tag":[229,227],"class_list":{"0":"post-759","1":"product","2":"type-product","3":"status-publish","4":"has-post-thumbnail","6":"product_cat-mirasdiscoveryopt","7":"product_cat-optica","8":"product_tag-mira-discoveryopt","9":"product_tag-mira-telescopica","11":"first","12":"instock","13":"taxable","14":"shipping-taxable","15":"purchasable","16":"product-type-simple"},"yoast_head":"<!-- This site is optimized with the Yoast SEO plugin v26.1.1 - https:\/\/yoast.com\/wordpress\/plugins\/seo\/ -->\n<title>MIRA TELESC\u00d3PICA DISCOVERYOPT MS 4-16X42AOAC - Sportac.cl<\/title>\n<meta name=\"description\" content=\"MIRA TELESC\u00d3PICA DISCOVERYOPT MS 4-16X42AOAC Aumento: 4-16XDi\u00e1metro del objetivo: 42mmDi\u00e1metro del tubo: 25.4mm (1 pulgada)Longitud: 32.6cm (12.83 pulgadas)\" \/>\n<meta name=\"robots\" content=\"index, follow, max-snippet:-1, max-image-preview:large, max-video-preview:-1\" \/>\n<link rel=\"canonical\" href=\"https:\/\/sportac.cl\/index.php\/producto\/mira-discoveryopt-telescopica-ms-4-16x42aoac\/\" \/>\n<meta property=\"og:locale\" content=\"es_ES\" \/>\n<meta property=\"og:type\" content=\"article\" \/>\n<meta property=\"og:title\" content=\"MIRA TELESC\u00d3PICA DISCOVERYOPT MS 4-16X42AOAC - Sportac.cl\" \/>\n<meta property=\"og:description\" content=\"MIRA TELESC\u00d3PICA DISCOVERYOPT MS 4-16X42AOAC Aumento: 4-16XDi\u00e1metro del objetivo: 42mmDi\u00e1metro del tubo: 25.4mm (1 pulgada)Longitud: 32.6cm (12.83 pulgadas)\" \/>\n<meta property=\"og:url\" content=\"https:\/\/sportac.cl\/index.php\/producto\/mira-discoveryopt-telescopica-ms-4-16x42aoac\/\" \/>\n<meta property=\"og:site_name\" content=\"Sportac.cl\" \/>\n<meta property=\"article:publisher\" content=\"https:\/\/www.facebook.com\/profile.php?id=100064005011199&amp;locale=bn_IN#\" \/>\n<meta property=\"article:modified_time\" content=\"2026-01-13T13:20:12+00:00\" \/>\n<meta property=\"og:image\" content=\"https:\/\/sportac.cl\/wp-content\/uploads\/2026\/01\/mira-discoveryopt-ms-4-16x42aoac.jpg\" \/>\n\t<meta property=\"og:image:width\" content=\"1082\" \/>\n\t<meta property=\"og:image:height\" content=\"1082\" \/>\n\t<meta property=\"og:image:type\" content=\"image\/jpeg\" \/>\n<meta name=\"twitter:card\" content=\"summary_large_image\" \/>\n<meta name=\"twitter:label1\" content=\"Tiempo de lectura\" \/>\n\t<meta name=\"twitter:data1\" content=\"1 minuto\" \/>\n<script type=\"application\/ld+json\" class=\"yoast-schema-graph\">{\"@context\":\"https:\/\/schema.org\",\"@graph\":[{\"@type\":\"WebPage\",\"@id\":\"https:\/\/sportac.cl\/index.php\/producto\/mira-discoveryopt-telescopica-ms-4-16x42aoac\/\",\"url\":\"https:\/\/sportac.cl\/index.php\/producto\/mira-discoveryopt-telescopica-ms-4-16x42aoac\/\",\"name\":\"MIRA TELESC\u00d3PICA DISCOVERYOPT MS 4-16X42AOAC - Sportac.cl\",\"isPartOf\":{\"@id\":\"https:\/\/sportac.cl\/#website\"},\"primaryImageOfPage\":{\"@id\":\"https:\/\/sportac.cl\/index.php\/producto\/mira-discoveryopt-telescopica-ms-4-16x42aoac\/#primaryimage\"},\"image\":{\"@id\":\"https:\/\/sportac.cl\/index.php\/producto\/mira-discoveryopt-telescopica-ms-4-16x42aoac\/#primaryimage\"},\"thumbnailUrl\":\"https:\/\/sportac.cl\/wp-content\/uploads\/2026\/01\/mira-discoveryopt-ms-4-16x42aoac.jpg\",\"datePublished\":\"2026-01-13T12:57:44+00:00\",\"dateModified\":\"2026-01-13T13:20:12+00:00\",\"description\":\"MIRA TELESC\u00d3PICA DISCOVERYOPT MS 4-16X42AOAC Aumento: 4-16XDi\u00e1metro del objetivo: 42mmDi\u00e1metro del tubo: 25.4mm (1 pulgada)Longitud: 32.6cm (12.83 pulgadas)\",\"breadcrumb\":{\"@id\":\"https:\/\/sportac.cl\/index.php\/producto\/mira-discoveryopt-telescopica-ms-4-16x42aoac\/#breadcrumb\"},\"inLanguage\":\"es\",\"potentialAction\":[{\"@type\":\"ReadAction\",\"target\":[\"https:\/\/sportac.cl\/index.php\/producto\/mira-discoveryopt-telescopica-ms-4-16x42aoac\/\"]}]},{\"@type\":\"ImageObject\",\"inLanguage\":\"es\",\"@id\":\"https:\/\/sportac.cl\/index.php\/producto\/mira-discoveryopt-telescopica-ms-4-16x42aoac\/#primaryimage\",\"url\":\"https:\/\/sportac.cl\/wp-content\/uploads\/2026\/01\/mira-discoveryopt-ms-4-16x42aoac.jpg\",\"contentUrl\":\"https:\/\/sportac.cl\/wp-content\/uploads\/2026\/01\/mira-discoveryopt-ms-4-16x42aoac.jpg\",\"width\":1082,\"height\":1082},{\"@type\":\"BreadcrumbList\",\"@id\":\"https:\/\/sportac.cl\/index.php\/producto\/mira-discoveryopt-telescopica-ms-4-16x42aoac\/#breadcrumb\",\"itemListElement\":[{\"@type\":\"ListItem\",\"position\":1,\"name\":\"Portada\",\"item\":\"https:\/\/sportac.cl\/index.php\/home\/\"},{\"@type\":\"ListItem\",\"position\":2,\"name\":\"Tienda\",\"item\":\"https:\/\/sportac.cl\/index.php\/tienda\/\"},{\"@type\":\"ListItem\",\"position\":3,\"name\":\"MIRA TELESC\u00d3PICA DISCOVERYOPT MS 4-16X42AOAC\"}]},{\"@type\":\"WebSite\",\"@id\":\"https:\/\/sportac.cl\/#website\",\"url\":\"https:\/\/sportac.cl\/\",\"name\":\"Sportac Linternas Caza y Pesca Camping\",\"description\":\"Sportac.cl, tienda dedicada a venta de linternas profesionales y de alta calidad orientadas a deporte, industria y aplicaciones t\u00e1cticas Caza y Pesca\",\"publisher\":{\"@id\":\"https:\/\/sportac.cl\/#organization\"},\"alternateName\":\"Tienda de Equipos - Linternas - Caza - Pesca - Camping\",\"potentialAction\":[{\"@type\":\"SearchAction\",\"target\":{\"@type\":\"EntryPoint\",\"urlTemplate\":\"https:\/\/sportac.cl\/?s={search_term_string}\"},\"query-input\":{\"@type\":\"PropertyValueSpecification\",\"valueRequired\":true,\"valueName\":\"search_term_string\"}}],\"inLanguage\":\"es\"},{\"@type\":\"Organization\",\"@id\":\"https:\/\/sportac.cl\/#organization\",\"name\":\"Sportac Tienda de Equipos de Caza y Pesca\",\"alternateName\":\"Fenixligth, Fenix, linternas tacticas, led, iluminacion, mineria, Sportac, linternas Fenix, linterna C7, linterna HM71R, Linterna TK20R, iluminacion industrial, lantern,\u00a0flashlight Rifle pcp, Beeman, Glock, umarex, pistola traumatica, rifle nitropiston, pistola balines,\u00a0postones,\u00a0co2\",\"url\":\"https:\/\/sportac.cl\/\",\"logo\":{\"@type\":\"ImageObject\",\"inLanguage\":\"es\",\"@id\":\"https:\/\/sportac.cl\/#\/schema\/logo\/image\/\",\"url\":\"https:\/\/sportac.cl\/wp-content\/uploads\/2025\/10\/cropped-Logo-Sportac-_-blanco.png\",\"contentUrl\":\"https:\/\/sportac.cl\/wp-content\/uploads\/2025\/10\/cropped-Logo-Sportac-_-blanco.png\",\"width\":240,\"height\":259,\"caption\":\"Sportac Tienda de Equipos de Caza y Pesca\"},\"image\":{\"@id\":\"https:\/\/sportac.cl\/#\/schema\/logo\/image\/\"},\"sameAs\":[\"https:\/\/www.facebook.com\/profile.php?id=100064005011199&locale=bn_IN#\",\"https:\/\/www.instagram.com\/sportac_fenix?igsh=cXBnb25jMzdwYzIw\",\"https:\/\/www.tiktok.com\/@sportac73?_t=ZM-90r8HiYyUNk&_r=1\"]}]}<\/script>\n<!-- \/ Yoast SEO plugin. -->","yoast_head_json":{"title":"MIRA TELESC\u00d3PICA DISCOVERYOPT MS 4-16X42AOAC - Sportac.cl","description":"MIRA TELESC\u00d3PICA DISCOVERYOPT MS 4-16X42AOAC Aumento: 4-16XDi\u00e1metro del objetivo: 42mmDi\u00e1metro del tubo: 25.4mm (1 pulgada)Longitud: 32.6cm (12.83 pulgadas)","robots":{"index":"index","follow":"follow","max-snippet":"max-snippet:-1","max-image-preview":"max-image-preview:large","max-video-preview":"max-video-preview:-1"},"canonical":"https:\/\/sportac.cl\/index.php\/producto\/mira-discoveryopt-telescopica-ms-4-16x42aoac\/","og_locale":"es_ES","og_type":"article","og_title":"MIRA TELESC\u00d3PICA DISCOVERYOPT MS 4-16X42AOAC - Sportac.cl","og_description":"MIRA TELESC\u00d3PICA DISCOVERYOPT MS 4-16X42AOAC Aumento: 4-16XDi\u00e1metro del objetivo: 42mmDi\u00e1metro del tubo: 25.4mm (1 pulgada)Longitud: 32.6cm (12.83 pulgadas)","og_url":"https:\/\/sportac.cl\/index.php\/producto\/mira-discoveryopt-telescopica-ms-4-16x42aoac\/","og_site_name":"Sportac.cl","article_publisher":"https:\/\/www.facebook.com\/profile.php?id=100064005011199&locale=bn_IN#","article_modified_time":"2026-01-13T13:20:12+00:00","og_image":[{"width":1082,"height":1082,"url":"https:\/\/sportac.cl\/wp-content\/uploads\/2026\/01\/mira-discoveryopt-ms-4-16x42aoac.jpg","type":"image\/jpeg"}],"twitter_card":"summary_large_image","twitter_misc":{"Tiempo de lectura":"1 minuto"},"schema":{"@context":"https:\/\/schema.org","@graph":[{"@type":"WebPage","@id":"https:\/\/sportac.cl\/index.php\/producto\/mira-discoveryopt-telescopica-ms-4-16x42aoac\/","url":"https:\/\/sportac.cl\/index.php\/producto\/mira-discoveryopt-telescopica-ms-4-16x42aoac\/","name":"MIRA TELESC\u00d3PICA DISCOVERYOPT MS 4-16X42AOAC - Sportac.cl","isPartOf":{"@id":"https:\/\/sportac.cl\/#website"},"primaryImageOfPage":{"@id":"https:\/\/sportac.cl\/index.php\/producto\/mira-discoveryopt-telescopica-ms-4-16x42aoac\/#primaryimage"},"image":{"@id":"https:\/\/sportac.cl\/index.php\/producto\/mira-discoveryopt-telescopica-ms-4-16x42aoac\/#primaryimage"},"thumbnailUrl":"https:\/\/sportac.cl\/wp-content\/uploads\/2026\/01\/mira-discoveryopt-ms-4-16x42aoac.jpg","datePublished":"2026-01-13T12:57:44+00:00","dateModified":"2026-01-13T13:20:12+00:00","description":"MIRA TELESC\u00d3PICA DISCOVERYOPT MS 4-16X42AOAC Aumento: 4-16XDi\u00e1metro del objetivo: 42mmDi\u00e1metro del tubo: 25.4mm (1 pulgada)Longitud: 32.6cm (12.83 pulgadas)","breadcrumb":{"@id":"https:\/\/sportac.cl\/index.php\/producto\/mira-discoveryopt-telescopica-ms-4-16x42aoac\/#breadcrumb"},"inLanguage":"es","potentialAction":[{"@type":"ReadAction","target":["https:\/\/sportac.cl\/index.php\/producto\/mira-discoveryopt-telescopica-ms-4-16x42aoac\/"]}]},{"@type":"ImageObject","inLanguage":"es","@id":"https:\/\/sportac.cl\/index.php\/producto\/mira-discoveryopt-telescopica-ms-4-16x42aoac\/#primaryimage","url":"https:\/\/sportac.cl\/wp-content\/uploads\/2026\/01\/mira-discoveryopt-ms-4-16x42aoac.jpg","contentUrl":"https:\/\/sportac.cl\/wp-content\/uploads\/2026\/01\/mira-discoveryopt-ms-4-16x42aoac.jpg","width":1082,"height":1082},{"@type":"BreadcrumbList","@id":"https:\/\/sportac.cl\/index.php\/producto\/mira-discoveryopt-telescopica-ms-4-16x42aoac\/#breadcrumb","itemListElement":[{"@type":"ListItem","position":1,"name":"Portada","item":"https:\/\/sportac.cl\/index.php\/home\/"},{"@type":"ListItem","position":2,"name":"Tienda","item":"https:\/\/sportac.cl\/index.php\/tienda\/"},{"@type":"ListItem","position":3,"name":"MIRA TELESC\u00d3PICA DISCOVERYOPT MS 4-16X42AOAC"}]},{"@type":"WebSite","@id":"https:\/\/sportac.cl\/#website","url":"https:\/\/sportac.cl\/","name":"Sportac Linternas Caza y Pesca Camping","description":"Sportac.cl, tienda dedicada a venta de linternas profesionales y de alta calidad orientadas a deporte, industria y aplicaciones t\u00e1cticas Caza y Pesca","publisher":{"@id":"https:\/\/sportac.cl\/#organization"},"alternateName":"Tienda de Equipos - Linternas - Caza - Pesca - Camping","potentialAction":[{"@type":"SearchAction","target":{"@type":"EntryPoint","urlTemplate":"https:\/\/sportac.cl\/?s={search_term_string}"},"query-input":{"@type":"PropertyValueSpecification","valueRequired":true,"valueName":"search_term_string"}}],"inLanguage":"es"},{"@type":"Organization","@id":"https:\/\/sportac.cl\/#organization","name":"Sportac Tienda de Equipos de Caza y Pesca","alternateName":"Fenixligth, Fenix, linternas tacticas, led, iluminacion, mineria, Sportac, linternas Fenix, linterna C7, linterna HM71R, Linterna TK20R, iluminacion industrial, lantern,\u00a0flashlight Rifle pcp, Beeman, Glock, umarex, pistola traumatica, rifle nitropiston, pistola balines,\u00a0postones,\u00a0co2","url":"https:\/\/sportac.cl\/","logo":{"@type":"ImageObject","inLanguage":"es","@id":"https:\/\/sportac.cl\/#\/schema\/logo\/image\/","url":"https:\/\/sportac.cl\/wp-content\/uploads\/2025\/10\/cropped-Logo-Sportac-_-blanco.png","contentUrl":"https:\/\/sportac.cl\/wp-content\/uploads\/2025\/10\/cropped-Logo-Sportac-_-blanco.png","width":240,"height":259,"caption":"Sportac Tienda de Equipos de Caza y Pesca"},"image":{"@id":"https:\/\/sportac.cl\/#\/schema\/logo\/image\/"},"sameAs":["https:\/\/www.facebook.com\/profile.php?id=100064005011199&locale=bn_IN#","https:\/\/www.instagram.com\/sportac_fenix?igsh=cXBnb25jMzdwYzIw","https:\/\/www.tiktok.com\/@sportac73?_t=ZM-90r8HiYyUNk&_r=1"]}]}},"_links":{"self":[{"href":"https:\/\/sportac.cl\/index.php\/wp-json\/wp\/v2\/product\/759","targetHints":{"allow":["GET"]}}],"collection":[{"href":"https:\/\/sportac.cl\/index.php\/wp-json\/wp\/v2\/product"}],"about":[{"href":"https:\/\/sportac.cl\/index.php\/wp-json\/wp\/v2\/types\/product"}],"replies":[{"embeddable":true,"href":"https:\/\/sportac.cl\/index.php\/wp-json\/wp\/v2\/comments?post=759"}],"version-history":[{"count":2,"href":"https:\/\/sportac.cl\/index.php\/wp-json\/wp\/v2\/product\/759\/revisions"}],"predecessor-version":[{"id":767,"href":"https:\/\/sportac.cl\/index.php\/wp-json\/wp\/v2\/product\/759\/revisions\/767"}],"wp:featuredmedia":[{"embeddable":true,"href":"https:\/\/sportac.cl\/index.php\/wp-json\/wp\/v2\/media\/760"}],"wp:attachment":[{"href":"https:\/\/sportac.cl\/index.php\/wp-json\/wp\/v2\/media?parent=759"}],"wp:term":[{"taxonomy":"product_brand","embeddable":true,"href":"https:\/\/sportac.cl\/index.php\/wp-json\/wp\/v2\/product_brand?post=759"},{"taxonomy":"product_cat","embeddable":true,"href":"https:\/\/sportac.cl\/index.php\/wp-json\/wp\/v2\/product_cat?post=759"},{"taxonomy":"product_tag","embeddable":true,"href":"https:\/\/sportac.cl\/index.php\/wp-json\/wp\/v2\/product_tag?post=759"}],"curies":[{"name":"wp","href":"https:\/\/api.w.org\/{rel}","templated":true}]}}