{"id":728,"date":"2026-01-12T13:26:49","date_gmt":"2026-01-12T13:26:49","guid":{"rendered":"https:\/\/sportac.cl\/?post_type=product&#038;p=728"},"modified":"2026-01-16T13:47:27","modified_gmt":"2026-01-16T13:47:27","slug":"carrete-yokozuna-starter-3000","status":"publish","type":"product","link":"https:\/\/sportac.cl\/index.php\/producto\/carrete-yokozuna-starter-3000\/","title":{"rendered":"CARRETE YOKOZUNA STARTER 3000"},"content":{"rendered":"<p>El carrete YOKOZUNA Starter es tu compa\u00f1ero perfecto para iniciarte en el emocionante mundo de la pesca. Con un dise\u00f1o robusto y f\u00e1cil de usar, este carrete ofrece un rendimiento confiable a un precio asequible. Su construcci\u00f3n duradera y suave funcionamiento hacen que sea ideal para aprender las t\u00e9cnicas b\u00e1sicas de pesca, mientras que su dise\u00f1o ergon\u00f3mico garantiza comodidad durante largas horas en el agua. \u00a1Prep\u00e1rate para lanzar tu anzuelo y disfrutar de momentos inolvidables junto al YOKOZUNA Starter!<\/p>\n<p><em>&#8211; Carrete ligero con bobina en aluminio con monofilamento incluido.<\/em><\/p>\n<p><em>&#8211; Fabricado en grafito resistente a la corrosi\u00f3n.<\/em><\/p>\n<p><em>&#8211; Freno frontal micro ajustable con muelle.<\/em><\/p>\n<p><em>&#8211; Rotor equilibrado.<\/em><\/p>\n<p><em>&#8211; Gu\u00eda-hilos sobredimensionado. \u00a0<\/em><\/p>\n","protected":false},"excerpt":{"rendered":"<p>El carrete YOKOZUNA Starter es tu compa\u00f1ero perfecto para iniciarte en el emocionante mundo de la pesca. Con un dise\u00f1o robusto y f\u00e1cil de usar, este carrete ofrece un rendimiento confiable a un precio asequible. Su construcci\u00f3n duradera y suave funcionamiento hacen que sea ideal para aprender las t\u00e9cnicas b\u00e1sicas de pesca, mientras que su [&hellip;]<\/p>\n","protected":false},"featured_media":732,"comment_status":"open","ping_status":"closed","template":"","meta":[],"product_brand":[],"product_cat":[79,24],"product_tag":[217,220,219,221],"class_list":{"0":"post-728","1":"product","2":"type-product","3":"status-publish","4":"has-post-thumbnail","6":"product_cat-carretes","7":"product_cat-equipos-de-pesca","8":"product_tag-carrete-de-pesca","9":"product_tag-carrete-yokozuna","10":"product_tag-pesca-con-carrete","11":"product_tag-yokozuna-starter-3000","13":"first","14":"instock","15":"taxable","16":"shipping-taxable","17":"purchasable","18":"product-type-simple"},"yoast_head":"<!-- This site is optimized with the Yoast SEO plugin v26.1.1 - https:\/\/yoast.com\/wordpress\/plugins\/seo\/ -->\n<title>CARRETE YOKOZUNA STARTER 3000 - Sportac.cl<\/title>\n<meta name=\"description\" content=\"CARRETE YOKOZUNA STARTER 3000 El carrete YOKOZUNA Starter es tu compa\u00f1ero perfecto para iniciarte en el emocionante mundo de la pesca\" \/>\n<meta name=\"robots\" content=\"index, follow, max-snippet:-1, max-image-preview:large, max-video-preview:-1\" \/>\n<link rel=\"canonical\" href=\"https:\/\/sportac.cl\/index.php\/producto\/carrete-yokozuna-starter-3000\/\" \/>\n<meta property=\"og:locale\" content=\"es_ES\" \/>\n<meta property=\"og:type\" content=\"article\" \/>\n<meta property=\"og:title\" content=\"CARRETE YOKOZUNA STARTER 3000 - Sportac.cl\" \/>\n<meta property=\"og:description\" content=\"CARRETE YOKOZUNA STARTER 3000 El carrete YOKOZUNA Starter es tu compa\u00f1ero perfecto para iniciarte en el emocionante mundo de la pesca\" \/>\n<meta property=\"og:url\" content=\"https:\/\/sportac.cl\/index.php\/producto\/carrete-yokozuna-starter-3000\/\" \/>\n<meta property=\"og:site_name\" content=\"Sportac.cl\" \/>\n<meta property=\"article:publisher\" content=\"https:\/\/www.facebook.com\/profile.php?id=100064005011199&amp;locale=bn_IN#\" \/>\n<meta property=\"article:modified_time\" content=\"2026-01-16T13:47:27+00:00\" \/>\n<meta property=\"og:image\" content=\"https:\/\/sportac.cl\/wp-content\/uploads\/2026\/01\/carrete-yokozuna-starter-3000.jpg\" \/>\n\t<meta property=\"og:image:width\" content=\"1082\" \/>\n\t<meta property=\"og:image:height\" content=\"1082\" \/>\n\t<meta property=\"og:image:type\" content=\"image\/jpeg\" \/>\n<meta name=\"twitter:card\" content=\"summary_large_image\" \/>\n<meta name=\"twitter:label1\" content=\"Tiempo de lectura\" \/>\n\t<meta name=\"twitter:data1\" content=\"1 minuto\" \/>\n<script type=\"application\/ld+json\" class=\"yoast-schema-graph\">{\"@context\":\"https:\/\/schema.org\",\"@graph\":[{\"@type\":\"WebPage\",\"@id\":\"https:\/\/sportac.cl\/index.php\/producto\/carrete-yokozuna-starter-3000\/\",\"url\":\"https:\/\/sportac.cl\/index.php\/producto\/carrete-yokozuna-starter-3000\/\",\"name\":\"CARRETE YOKOZUNA STARTER 3000 - Sportac.cl\",\"isPartOf\":{\"@id\":\"https:\/\/sportac.cl\/#website\"},\"primaryImageOfPage\":{\"@id\":\"https:\/\/sportac.cl\/index.php\/producto\/carrete-yokozuna-starter-3000\/#primaryimage\"},\"image\":{\"@id\":\"https:\/\/sportac.cl\/index.php\/producto\/carrete-yokozuna-starter-3000\/#primaryimage\"},\"thumbnailUrl\":\"https:\/\/sportac.cl\/wp-content\/uploads\/2026\/01\/carrete-yokozuna-starter-3000.jpg\",\"datePublished\":\"2026-01-12T13:26:49+00:00\",\"dateModified\":\"2026-01-16T13:47:27+00:00\",\"description\":\"CARRETE YOKOZUNA STARTER 3000 El carrete YOKOZUNA Starter es tu compa\u00f1ero perfecto para iniciarte en el emocionante mundo de la pesca\",\"breadcrumb\":{\"@id\":\"https:\/\/sportac.cl\/index.php\/producto\/carrete-yokozuna-starter-3000\/#breadcrumb\"},\"inLanguage\":\"es\",\"potentialAction\":[{\"@type\":\"ReadAction\",\"target\":[\"https:\/\/sportac.cl\/index.php\/producto\/carrete-yokozuna-starter-3000\/\"]}]},{\"@type\":\"ImageObject\",\"inLanguage\":\"es\",\"@id\":\"https:\/\/sportac.cl\/index.php\/producto\/carrete-yokozuna-starter-3000\/#primaryimage\",\"url\":\"https:\/\/sportac.cl\/wp-content\/uploads\/2026\/01\/carrete-yokozuna-starter-3000.jpg\",\"contentUrl\":\"https:\/\/sportac.cl\/wp-content\/uploads\/2026\/01\/carrete-yokozuna-starter-3000.jpg\",\"width\":1082,\"height\":1082},{\"@type\":\"BreadcrumbList\",\"@id\":\"https:\/\/sportac.cl\/index.php\/producto\/carrete-yokozuna-starter-3000\/#breadcrumb\",\"itemListElement\":[{\"@type\":\"ListItem\",\"position\":1,\"name\":\"Portada\",\"item\":\"https:\/\/sportac.cl\/index.php\/home\/\"},{\"@type\":\"ListItem\",\"position\":2,\"name\":\"Tienda\",\"item\":\"https:\/\/sportac.cl\/index.php\/tienda\/\"},{\"@type\":\"ListItem\",\"position\":3,\"name\":\"CARRETE YOKOZUNA STARTER 3000\"}]},{\"@type\":\"WebSite\",\"@id\":\"https:\/\/sportac.cl\/#website\",\"url\":\"https:\/\/sportac.cl\/\",\"name\":\"Sportac Linternas Caza y Pesca Camping\",\"description\":\"Sportac.cl, tienda dedicada a venta de linternas profesionales y de alta calidad orientadas a deporte, industria y aplicaciones t\u00e1cticas Caza y Pesca\",\"publisher\":{\"@id\":\"https:\/\/sportac.cl\/#organization\"},\"alternateName\":\"Tienda de Equipos - Linternas - Caza - Pesca - Camping\",\"potentialAction\":[{\"@type\":\"SearchAction\",\"target\":{\"@type\":\"EntryPoint\",\"urlTemplate\":\"https:\/\/sportac.cl\/?s={search_term_string}\"},\"query-input\":{\"@type\":\"PropertyValueSpecification\",\"valueRequired\":true,\"valueName\":\"search_term_string\"}}],\"inLanguage\":\"es\"},{\"@type\":\"Organization\",\"@id\":\"https:\/\/sportac.cl\/#organization\",\"name\":\"Sportac Tienda de Equipos de Caza y Pesca\",\"alternateName\":\"Fenixligth, Fenix, linternas tacticas, led, iluminacion, mineria, Sportac, linternas Fenix, linterna C7, linterna HM71R, Linterna TK20R, iluminacion industrial, lantern,\u00a0flashlight Rifle pcp, Beeman, Glock, umarex, pistola traumatica, rifle nitropiston, pistola balines,\u00a0postones,\u00a0co2\",\"url\":\"https:\/\/sportac.cl\/\",\"logo\":{\"@type\":\"ImageObject\",\"inLanguage\":\"es\",\"@id\":\"https:\/\/sportac.cl\/#\/schema\/logo\/image\/\",\"url\":\"https:\/\/sportac.cl\/wp-content\/uploads\/2025\/10\/cropped-Logo-Sportac-_-blanco.png\",\"contentUrl\":\"https:\/\/sportac.cl\/wp-content\/uploads\/2025\/10\/cropped-Logo-Sportac-_-blanco.png\",\"width\":240,\"height\":259,\"caption\":\"Sportac Tienda de Equipos de Caza y Pesca\"},\"image\":{\"@id\":\"https:\/\/sportac.cl\/#\/schema\/logo\/image\/\"},\"sameAs\":[\"https:\/\/www.facebook.com\/profile.php?id=100064005011199&locale=bn_IN#\",\"https:\/\/www.instagram.com\/sportac_fenix?igsh=cXBnb25jMzdwYzIw\",\"https:\/\/www.tiktok.com\/@sportac73?_t=ZM-90r8HiYyUNk&_r=1\"]}]}<\/script>\n<!-- \/ Yoast SEO plugin. -->","yoast_head_json":{"title":"CARRETE YOKOZUNA STARTER 3000 - Sportac.cl","description":"CARRETE YOKOZUNA STARTER 3000 El carrete YOKOZUNA Starter es tu compa\u00f1ero perfecto para iniciarte en el emocionante mundo de la pesca","robots":{"index":"index","follow":"follow","max-snippet":"max-snippet:-1","max-image-preview":"max-image-preview:large","max-video-preview":"max-video-preview:-1"},"canonical":"https:\/\/sportac.cl\/index.php\/producto\/carrete-yokozuna-starter-3000\/","og_locale":"es_ES","og_type":"article","og_title":"CARRETE YOKOZUNA STARTER 3000 - Sportac.cl","og_description":"CARRETE YOKOZUNA STARTER 3000 El carrete YOKOZUNA Starter es tu compa\u00f1ero perfecto para iniciarte en el emocionante mundo de la pesca","og_url":"https:\/\/sportac.cl\/index.php\/producto\/carrete-yokozuna-starter-3000\/","og_site_name":"Sportac.cl","article_publisher":"https:\/\/www.facebook.com\/profile.php?id=100064005011199&locale=bn_IN#","article_modified_time":"2026-01-16T13:47:27+00:00","og_image":[{"width":1082,"height":1082,"url":"https:\/\/sportac.cl\/wp-content\/uploads\/2026\/01\/carrete-yokozuna-starter-3000.jpg","type":"image\/jpeg"}],"twitter_card":"summary_large_image","twitter_misc":{"Tiempo de lectura":"1 minuto"},"schema":{"@context":"https:\/\/schema.org","@graph":[{"@type":"WebPage","@id":"https:\/\/sportac.cl\/index.php\/producto\/carrete-yokozuna-starter-3000\/","url":"https:\/\/sportac.cl\/index.php\/producto\/carrete-yokozuna-starter-3000\/","name":"CARRETE YOKOZUNA STARTER 3000 - Sportac.cl","isPartOf":{"@id":"https:\/\/sportac.cl\/#website"},"primaryImageOfPage":{"@id":"https:\/\/sportac.cl\/index.php\/producto\/carrete-yokozuna-starter-3000\/#primaryimage"},"image":{"@id":"https:\/\/sportac.cl\/index.php\/producto\/carrete-yokozuna-starter-3000\/#primaryimage"},"thumbnailUrl":"https:\/\/sportac.cl\/wp-content\/uploads\/2026\/01\/carrete-yokozuna-starter-3000.jpg","datePublished":"2026-01-12T13:26:49+00:00","dateModified":"2026-01-16T13:47:27+00:00","description":"CARRETE YOKOZUNA STARTER 3000 El carrete YOKOZUNA Starter es tu compa\u00f1ero perfecto para iniciarte en el emocionante mundo de la pesca","breadcrumb":{"@id":"https:\/\/sportac.cl\/index.php\/producto\/carrete-yokozuna-starter-3000\/#breadcrumb"},"inLanguage":"es","potentialAction":[{"@type":"ReadAction","target":["https:\/\/sportac.cl\/index.php\/producto\/carrete-yokozuna-starter-3000\/"]}]},{"@type":"ImageObject","inLanguage":"es","@id":"https:\/\/sportac.cl\/index.php\/producto\/carrete-yokozuna-starter-3000\/#primaryimage","url":"https:\/\/sportac.cl\/wp-content\/uploads\/2026\/01\/carrete-yokozuna-starter-3000.jpg","contentUrl":"https:\/\/sportac.cl\/wp-content\/uploads\/2026\/01\/carrete-yokozuna-starter-3000.jpg","width":1082,"height":1082},{"@type":"BreadcrumbList","@id":"https:\/\/sportac.cl\/index.php\/producto\/carrete-yokozuna-starter-3000\/#breadcrumb","itemListElement":[{"@type":"ListItem","position":1,"name":"Portada","item":"https:\/\/sportac.cl\/index.php\/home\/"},{"@type":"ListItem","position":2,"name":"Tienda","item":"https:\/\/sportac.cl\/index.php\/tienda\/"},{"@type":"ListItem","position":3,"name":"CARRETE YOKOZUNA STARTER 3000"}]},{"@type":"WebSite","@id":"https:\/\/sportac.cl\/#website","url":"https:\/\/sportac.cl\/","name":"Sportac Linternas Caza y Pesca Camping","description":"Sportac.cl, tienda dedicada a venta de linternas profesionales y de alta calidad orientadas a deporte, industria y aplicaciones t\u00e1cticas Caza y Pesca","publisher":{"@id":"https:\/\/sportac.cl\/#organization"},"alternateName":"Tienda de Equipos - Linternas - Caza - Pesca - Camping","potentialAction":[{"@type":"SearchAction","target":{"@type":"EntryPoint","urlTemplate":"https:\/\/sportac.cl\/?s={search_term_string}"},"query-input":{"@type":"PropertyValueSpecification","valueRequired":true,"valueName":"search_term_string"}}],"inLanguage":"es"},{"@type":"Organization","@id":"https:\/\/sportac.cl\/#organization","name":"Sportac Tienda de Equipos de Caza y Pesca","alternateName":"Fenixligth, Fenix, linternas tacticas, led, iluminacion, mineria, Sportac, linternas Fenix, linterna C7, linterna HM71R, Linterna TK20R, iluminacion industrial, lantern,\u00a0flashlight Rifle pcp, Beeman, Glock, umarex, pistola traumatica, rifle nitropiston, pistola balines,\u00a0postones,\u00a0co2","url":"https:\/\/sportac.cl\/","logo":{"@type":"ImageObject","inLanguage":"es","@id":"https:\/\/sportac.cl\/#\/schema\/logo\/image\/","url":"https:\/\/sportac.cl\/wp-content\/uploads\/2025\/10\/cropped-Logo-Sportac-_-blanco.png","contentUrl":"https:\/\/sportac.cl\/wp-content\/uploads\/2025\/10\/cropped-Logo-Sportac-_-blanco.png","width":240,"height":259,"caption":"Sportac Tienda de Equipos de Caza y Pesca"},"image":{"@id":"https:\/\/sportac.cl\/#\/schema\/logo\/image\/"},"sameAs":["https:\/\/www.facebook.com\/profile.php?id=100064005011199&locale=bn_IN#","https:\/\/www.instagram.com\/sportac_fenix?igsh=cXBnb25jMzdwYzIw","https:\/\/www.tiktok.com\/@sportac73?_t=ZM-90r8HiYyUNk&_r=1"]}]}},"_links":{"self":[{"href":"https:\/\/sportac.cl\/index.php\/wp-json\/wp\/v2\/product\/728","targetHints":{"allow":["GET"]}}],"collection":[{"href":"https:\/\/sportac.cl\/index.php\/wp-json\/wp\/v2\/product"}],"about":[{"href":"https:\/\/sportac.cl\/index.php\/wp-json\/wp\/v2\/types\/product"}],"replies":[{"embeddable":true,"href":"https:\/\/sportac.cl\/index.php\/wp-json\/wp\/v2\/comments?post=728"}],"version-history":[{"count":2,"href":"https:\/\/sportac.cl\/index.php\/wp-json\/wp\/v2\/product\/728\/revisions"}],"predecessor-version":[{"id":734,"href":"https:\/\/sportac.cl\/index.php\/wp-json\/wp\/v2\/product\/728\/revisions\/734"}],"wp:featuredmedia":[{"embeddable":true,"href":"https:\/\/sportac.cl\/index.php\/wp-json\/wp\/v2\/media\/732"}],"wp:attachment":[{"href":"https:\/\/sportac.cl\/index.php\/wp-json\/wp\/v2\/media?parent=728"}],"wp:term":[{"taxonomy":"product_brand","embeddable":true,"href":"https:\/\/sportac.cl\/index.php\/wp-json\/wp\/v2\/product_brand?post=728"},{"taxonomy":"product_cat","embeddable":true,"href":"https:\/\/sportac.cl\/index.php\/wp-json\/wp\/v2\/product_cat?post=728"},{"taxonomy":"product_tag","embeddable":true,"href":"https:\/\/sportac.cl\/index.php\/wp-json\/wp\/v2\/product_tag?post=728"}],"curies":[{"name":"wp","href":"https:\/\/api.w.org\/{rel}","templated":true}]}}