{"id":577,"date":"2025-11-11T16:05:31","date_gmt":"2025-11-11T16:05:31","guid":{"rendered":"https:\/\/sportac.cl\/?post_type=product&#038;p=577"},"modified":"2025-11-11T22:47:55","modified_gmt":"2025-11-11T22:47:55","slug":"pistola-co2-umarex-glock-17-cal-4-5-poston-y-balin-pack","status":"publish","type":"product","link":"https:\/\/sportac.cl\/index.php\/producto\/pistola-co2-umarex-glock-17-cal-4-5-poston-y-balin-pack\/","title":{"rendered":"Pistola Co2 Umarex Glock 17 Cal 4.5 poston y bal\u00edn PACK"},"content":{"rendered":"<p>Pistola Glock 17, replica licenciada por Glock, sistema dual, puede disparar poston y balin cal 4.5mm<\/p>\n<p>En Sportac te entregamos un pack listo para usar esta hermosa arma, replica exacta con blowback<\/p>\n<p>El Pack incluye:<\/p>\n<ul>\n<li>Pistola Glock 17 Blowback<\/li>\n<li>5 capsulas de Co2 Umarex<\/li>\n<li>500 balines 4.5 Umarex<\/li>\n<li>100 postones Apolo Flat 8,48 Grains<\/li>\n<li>Maleta<\/li>\n<\/ul>\n<p>Especificaciones:<\/p>\n<p>Potencia: &lt; 3,0 J<br \/>\nAlcance: 120 M\/S (394 FPS)<br \/>\nCalibre: Post\u00f3n y bal\u00edn 4,5 mm<br \/>\nC\u00e1psula: CO2 de 12 Grs<br \/>\nCapacidad RDS: 4 cargadores rotativos de 8 municiones<br \/>\nCapacidad de Tiros x Co2: 60 Rondas<br \/>\nSeguridad: Seguridad de Gatillo Automatico<br \/>\nLongitud: 202 mm<br \/>\nPeso: 830 Grs<\/p>\n<p>&nbsp;<\/p>\n<p>Las armas de aire comprimido ofrecen la posibilidad de practicar diferentes modalidades deportivas. Son perfectas para tiradores, coleccionistas y aficionados. Se diferencian por ser silenciosas y por la ausencia del retroceso en el momento del disparo.<\/p>\n<p>Sistema pr\u00e1ctico<br \/>\nEsta arma de sistema CO2 te permitir\u00e1 alcanzar mejores resultados en el ejercicio del deporte. Estas suelen ser elegidas por personas que exigen un alto rendimiento mientras disparan.<\/p>\n<p>El di\u00e1metro justo<br \/>\nSu calibre 4.5\u00a0mm te brindar\u00e1 beneficios como tirador, ya que permitir\u00e1 disparar a altas velocidades y el trayecto del bal\u00edn ser\u00e1 m\u00e1s plano.<\/p>\n","protected":false},"excerpt":{"rendered":"<p>Pistola Glock 17, replica licenciada por Glock, sistema dual, puede disparar poston y balin cal 4.5mm<\/p>\n<p>En Sportac te entregamos un pack listo para usar esta hermosa arma, replica exacta con blowback<\/p>\n","protected":false},"featured_media":578,"comment_status":"open","ping_status":"closed","template":"","meta":[],"product_brand":[],"product_cat":[83],"product_tag":[180,116,114,177,173],"class_list":{"0":"post-577","1":"product","2":"type-product","3":"status-publish","4":"has-post-thumbnail","6":"product_cat-pistola-balin","7":"product_tag-glock-17","8":"product_tag-pistola-co2","9":"product_tag-pistola-glock","10":"product_tag-pistola-potente","11":"product_tag-umarex","13":"first","14":"instock","15":"taxable","16":"shipping-taxable","17":"purchasable","18":"product-type-simple"},"yoast_head":"<!-- This site is optimized with the Yoast SEO plugin v26.1.1 - https:\/\/yoast.com\/wordpress\/plugins\/seo\/ -->\n<title>Pistola Co2 Umarex Glock 17 Cal 4.5 poston y bal\u00edn PACK - Sportac.cl<\/title>\n<meta name=\"description\" content=\"pistola umarex- glock 17- pistola a balin- pistola co2- umarex- poston y balin- arma aire comprimido- sportac- defensa- replica glock 17\" \/>\n<meta name=\"robots\" content=\"index, follow, max-snippet:-1, max-image-preview:large, max-video-preview:-1\" \/>\n<link rel=\"canonical\" href=\"https:\/\/sportac.cl\/index.php\/producto\/pistola-co2-umarex-glock-17-cal-4-5-poston-y-balin-pack\/\" \/>\n<meta property=\"og:locale\" content=\"es_ES\" \/>\n<meta property=\"og:type\" content=\"article\" \/>\n<meta property=\"og:title\" content=\"Pistola Co2 Umarex Glock 17 Cal 4.5 poston y bal\u00edn PACK - Sportac.cl\" \/>\n<meta property=\"og:description\" content=\"pistola umarex- glock 17- pistola a balin- pistola co2- umarex- poston y balin- arma aire comprimido- sportac- defensa- replica glock 17\" \/>\n<meta property=\"og:url\" content=\"https:\/\/sportac.cl\/index.php\/producto\/pistola-co2-umarex-glock-17-cal-4-5-poston-y-balin-pack\/\" \/>\n<meta property=\"og:site_name\" content=\"Sportac.cl\" \/>\n<meta property=\"article:publisher\" content=\"https:\/\/www.facebook.com\/profile.php?id=100064005011199&amp;locale=bn_IN#\" \/>\n<meta property=\"article:modified_time\" content=\"2025-11-11T22:47:55+00:00\" \/>\n<meta property=\"og:image\" content=\"https:\/\/sportac.cl\/wp-content\/uploads\/2025\/11\/sportac-glock-poston-scaled.jpg\" \/>\n\t<meta property=\"og:image:width\" content=\"2560\" \/>\n\t<meta property=\"og:image:height\" content=\"2184\" \/>\n\t<meta property=\"og:image:type\" content=\"image\/jpeg\" \/>\n<meta name=\"twitter:card\" content=\"summary_large_image\" \/>\n<meta name=\"twitter:label1\" content=\"Tiempo de lectura\" \/>\n\t<meta name=\"twitter:data1\" content=\"2 minutos\" \/>\n<script type=\"application\/ld+json\" class=\"yoast-schema-graph\">{\"@context\":\"https:\/\/schema.org\",\"@graph\":[{\"@type\":\"WebPage\",\"@id\":\"https:\/\/sportac.cl\/index.php\/producto\/pistola-co2-umarex-glock-17-cal-4-5-poston-y-balin-pack\/\",\"url\":\"https:\/\/sportac.cl\/index.php\/producto\/pistola-co2-umarex-glock-17-cal-4-5-poston-y-balin-pack\/\",\"name\":\"Pistola Co2 Umarex Glock 17 Cal 4.5 poston y bal\u00edn PACK - Sportac.cl\",\"isPartOf\":{\"@id\":\"https:\/\/sportac.cl\/#website\"},\"primaryImageOfPage\":{\"@id\":\"https:\/\/sportac.cl\/index.php\/producto\/pistola-co2-umarex-glock-17-cal-4-5-poston-y-balin-pack\/#primaryimage\"},\"image\":{\"@id\":\"https:\/\/sportac.cl\/index.php\/producto\/pistola-co2-umarex-glock-17-cal-4-5-poston-y-balin-pack\/#primaryimage\"},\"thumbnailUrl\":\"https:\/\/sportac.cl\/wp-content\/uploads\/2025\/11\/sportac-glock-poston-scaled.jpg\",\"datePublished\":\"2025-11-11T16:05:31+00:00\",\"dateModified\":\"2025-11-11T22:47:55+00:00\",\"description\":\"pistola umarex- glock 17- pistola a balin- pistola co2- umarex- poston y balin- arma aire comprimido- sportac- defensa- replica glock 17\",\"breadcrumb\":{\"@id\":\"https:\/\/sportac.cl\/index.php\/producto\/pistola-co2-umarex-glock-17-cal-4-5-poston-y-balin-pack\/#breadcrumb\"},\"inLanguage\":\"es\",\"potentialAction\":[{\"@type\":\"ReadAction\",\"target\":[\"https:\/\/sportac.cl\/index.php\/producto\/pistola-co2-umarex-glock-17-cal-4-5-poston-y-balin-pack\/\"]}]},{\"@type\":\"ImageObject\",\"inLanguage\":\"es\",\"@id\":\"https:\/\/sportac.cl\/index.php\/producto\/pistola-co2-umarex-glock-17-cal-4-5-poston-y-balin-pack\/#primaryimage\",\"url\":\"https:\/\/sportac.cl\/wp-content\/uploads\/2025\/11\/sportac-glock-poston-scaled.jpg\",\"contentUrl\":\"https:\/\/sportac.cl\/wp-content\/uploads\/2025\/11\/sportac-glock-poston-scaled.jpg\",\"width\":2560,\"height\":2184},{\"@type\":\"BreadcrumbList\",\"@id\":\"https:\/\/sportac.cl\/index.php\/producto\/pistola-co2-umarex-glock-17-cal-4-5-poston-y-balin-pack\/#breadcrumb\",\"itemListElement\":[{\"@type\":\"ListItem\",\"position\":1,\"name\":\"Portada\",\"item\":\"https:\/\/sportac.cl\/index.php\/home\/\"},{\"@type\":\"ListItem\",\"position\":2,\"name\":\"Tienda\",\"item\":\"https:\/\/sportac.cl\/index.php\/tienda\/\"},{\"@type\":\"ListItem\",\"position\":3,\"name\":\"Pistola Co2 Umarex Glock 17 Cal 4.5 poston y bal\u00edn PACK\"}]},{\"@type\":\"WebSite\",\"@id\":\"https:\/\/sportac.cl\/#website\",\"url\":\"https:\/\/sportac.cl\/\",\"name\":\"Sportac Linternas Caza y Pesca Camping\",\"description\":\"Sportac.cl, tienda dedicada a venta de linternas profesionales y de alta calidad orientadas a deporte, industria y aplicaciones t\u00e1cticas Caza y Pesca\",\"publisher\":{\"@id\":\"https:\/\/sportac.cl\/#organization\"},\"alternateName\":\"Tienda de Equipos - Linternas - Caza - Pesca - Camping\",\"potentialAction\":[{\"@type\":\"SearchAction\",\"target\":{\"@type\":\"EntryPoint\",\"urlTemplate\":\"https:\/\/sportac.cl\/?s={search_term_string}\"},\"query-input\":{\"@type\":\"PropertyValueSpecification\",\"valueRequired\":true,\"valueName\":\"search_term_string\"}}],\"inLanguage\":\"es\"},{\"@type\":\"Organization\",\"@id\":\"https:\/\/sportac.cl\/#organization\",\"name\":\"Sportac Tienda de Equipos de Caza y Pesca\",\"alternateName\":\"Fenixligth, Fenix, linternas tacticas, led, iluminacion, mineria, Sportac, linternas Fenix, linterna C7, linterna HM71R, Linterna TK20R, iluminacion industrial, lantern,\u00a0flashlight Rifle pcp, Beeman, Glock, umarex, pistola traumatica, rifle nitropiston, pistola balines,\u00a0postones,\u00a0co2\",\"url\":\"https:\/\/sportac.cl\/\",\"logo\":{\"@type\":\"ImageObject\",\"inLanguage\":\"es\",\"@id\":\"https:\/\/sportac.cl\/#\/schema\/logo\/image\/\",\"url\":\"https:\/\/sportac.cl\/wp-content\/uploads\/2025\/10\/cropped-Logo-Sportac-_-blanco.png\",\"contentUrl\":\"https:\/\/sportac.cl\/wp-content\/uploads\/2025\/10\/cropped-Logo-Sportac-_-blanco.png\",\"width\":240,\"height\":259,\"caption\":\"Sportac Tienda de Equipos de Caza y Pesca\"},\"image\":{\"@id\":\"https:\/\/sportac.cl\/#\/schema\/logo\/image\/\"},\"sameAs\":[\"https:\/\/www.facebook.com\/profile.php?id=100064005011199&locale=bn_IN#\",\"https:\/\/www.instagram.com\/sportac_fenix?igsh=cXBnb25jMzdwYzIw\",\"https:\/\/www.tiktok.com\/@sportac73?_t=ZM-90r8HiYyUNk&_r=1\"]}]}<\/script>\n<!-- \/ Yoast SEO plugin. -->","yoast_head_json":{"title":"Pistola Co2 Umarex Glock 17 Cal 4.5 poston y bal\u00edn PACK - Sportac.cl","description":"pistola umarex- glock 17- pistola a balin- pistola co2- umarex- poston y balin- arma aire comprimido- sportac- defensa- replica glock 17","robots":{"index":"index","follow":"follow","max-snippet":"max-snippet:-1","max-image-preview":"max-image-preview:large","max-video-preview":"max-video-preview:-1"},"canonical":"https:\/\/sportac.cl\/index.php\/producto\/pistola-co2-umarex-glock-17-cal-4-5-poston-y-balin-pack\/","og_locale":"es_ES","og_type":"article","og_title":"Pistola Co2 Umarex Glock 17 Cal 4.5 poston y bal\u00edn PACK - Sportac.cl","og_description":"pistola umarex- glock 17- pistola a balin- pistola co2- umarex- poston y balin- arma aire comprimido- sportac- defensa- replica glock 17","og_url":"https:\/\/sportac.cl\/index.php\/producto\/pistola-co2-umarex-glock-17-cal-4-5-poston-y-balin-pack\/","og_site_name":"Sportac.cl","article_publisher":"https:\/\/www.facebook.com\/profile.php?id=100064005011199&locale=bn_IN#","article_modified_time":"2025-11-11T22:47:55+00:00","og_image":[{"width":2560,"height":2184,"url":"https:\/\/sportac.cl\/wp-content\/uploads\/2025\/11\/sportac-glock-poston-scaled.jpg","type":"image\/jpeg"}],"twitter_card":"summary_large_image","twitter_misc":{"Tiempo de lectura":"2 minutos"},"schema":{"@context":"https:\/\/schema.org","@graph":[{"@type":"WebPage","@id":"https:\/\/sportac.cl\/index.php\/producto\/pistola-co2-umarex-glock-17-cal-4-5-poston-y-balin-pack\/","url":"https:\/\/sportac.cl\/index.php\/producto\/pistola-co2-umarex-glock-17-cal-4-5-poston-y-balin-pack\/","name":"Pistola Co2 Umarex Glock 17 Cal 4.5 poston y bal\u00edn PACK - Sportac.cl","isPartOf":{"@id":"https:\/\/sportac.cl\/#website"},"primaryImageOfPage":{"@id":"https:\/\/sportac.cl\/index.php\/producto\/pistola-co2-umarex-glock-17-cal-4-5-poston-y-balin-pack\/#primaryimage"},"image":{"@id":"https:\/\/sportac.cl\/index.php\/producto\/pistola-co2-umarex-glock-17-cal-4-5-poston-y-balin-pack\/#primaryimage"},"thumbnailUrl":"https:\/\/sportac.cl\/wp-content\/uploads\/2025\/11\/sportac-glock-poston-scaled.jpg","datePublished":"2025-11-11T16:05:31+00:00","dateModified":"2025-11-11T22:47:55+00:00","description":"pistola umarex- glock 17- pistola a balin- pistola co2- umarex- poston y balin- arma aire comprimido- sportac- defensa- replica glock 17","breadcrumb":{"@id":"https:\/\/sportac.cl\/index.php\/producto\/pistola-co2-umarex-glock-17-cal-4-5-poston-y-balin-pack\/#breadcrumb"},"inLanguage":"es","potentialAction":[{"@type":"ReadAction","target":["https:\/\/sportac.cl\/index.php\/producto\/pistola-co2-umarex-glock-17-cal-4-5-poston-y-balin-pack\/"]}]},{"@type":"ImageObject","inLanguage":"es","@id":"https:\/\/sportac.cl\/index.php\/producto\/pistola-co2-umarex-glock-17-cal-4-5-poston-y-balin-pack\/#primaryimage","url":"https:\/\/sportac.cl\/wp-content\/uploads\/2025\/11\/sportac-glock-poston-scaled.jpg","contentUrl":"https:\/\/sportac.cl\/wp-content\/uploads\/2025\/11\/sportac-glock-poston-scaled.jpg","width":2560,"height":2184},{"@type":"BreadcrumbList","@id":"https:\/\/sportac.cl\/index.php\/producto\/pistola-co2-umarex-glock-17-cal-4-5-poston-y-balin-pack\/#breadcrumb","itemListElement":[{"@type":"ListItem","position":1,"name":"Portada","item":"https:\/\/sportac.cl\/index.php\/home\/"},{"@type":"ListItem","position":2,"name":"Tienda","item":"https:\/\/sportac.cl\/index.php\/tienda\/"},{"@type":"ListItem","position":3,"name":"Pistola Co2 Umarex Glock 17 Cal 4.5 poston y bal\u00edn PACK"}]},{"@type":"WebSite","@id":"https:\/\/sportac.cl\/#website","url":"https:\/\/sportac.cl\/","name":"Sportac Linternas Caza y Pesca Camping","description":"Sportac.cl, tienda dedicada a venta de linternas profesionales y de alta calidad orientadas a deporte, industria y aplicaciones t\u00e1cticas Caza y Pesca","publisher":{"@id":"https:\/\/sportac.cl\/#organization"},"alternateName":"Tienda de Equipos - Linternas - Caza - Pesca - Camping","potentialAction":[{"@type":"SearchAction","target":{"@type":"EntryPoint","urlTemplate":"https:\/\/sportac.cl\/?s={search_term_string}"},"query-input":{"@type":"PropertyValueSpecification","valueRequired":true,"valueName":"search_term_string"}}],"inLanguage":"es"},{"@type":"Organization","@id":"https:\/\/sportac.cl\/#organization","name":"Sportac Tienda de Equipos de Caza y Pesca","alternateName":"Fenixligth, Fenix, linternas tacticas, led, iluminacion, mineria, Sportac, linternas Fenix, linterna C7, linterna HM71R, Linterna TK20R, iluminacion industrial, lantern,\u00a0flashlight Rifle pcp, Beeman, Glock, umarex, pistola traumatica, rifle nitropiston, pistola balines,\u00a0postones,\u00a0co2","url":"https:\/\/sportac.cl\/","logo":{"@type":"ImageObject","inLanguage":"es","@id":"https:\/\/sportac.cl\/#\/schema\/logo\/image\/","url":"https:\/\/sportac.cl\/wp-content\/uploads\/2025\/10\/cropped-Logo-Sportac-_-blanco.png","contentUrl":"https:\/\/sportac.cl\/wp-content\/uploads\/2025\/10\/cropped-Logo-Sportac-_-blanco.png","width":240,"height":259,"caption":"Sportac Tienda de Equipos de Caza y Pesca"},"image":{"@id":"https:\/\/sportac.cl\/#\/schema\/logo\/image\/"},"sameAs":["https:\/\/www.facebook.com\/profile.php?id=100064005011199&locale=bn_IN#","https:\/\/www.instagram.com\/sportac_fenix?igsh=cXBnb25jMzdwYzIw","https:\/\/www.tiktok.com\/@sportac73?_t=ZM-90r8HiYyUNk&_r=1"]}]}},"_links":{"self":[{"href":"https:\/\/sportac.cl\/index.php\/wp-json\/wp\/v2\/product\/577","targetHints":{"allow":["GET"]}}],"collection":[{"href":"https:\/\/sportac.cl\/index.php\/wp-json\/wp\/v2\/product"}],"about":[{"href":"https:\/\/sportac.cl\/index.php\/wp-json\/wp\/v2\/types\/product"}],"replies":[{"embeddable":true,"href":"https:\/\/sportac.cl\/index.php\/wp-json\/wp\/v2\/comments?post=577"}],"version-history":[{"count":1,"href":"https:\/\/sportac.cl\/index.php\/wp-json\/wp\/v2\/product\/577\/revisions"}],"predecessor-version":[{"id":585,"href":"https:\/\/sportac.cl\/index.php\/wp-json\/wp\/v2\/product\/577\/revisions\/585"}],"wp:featuredmedia":[{"embeddable":true,"href":"https:\/\/sportac.cl\/index.php\/wp-json\/wp\/v2\/media\/578"}],"wp:attachment":[{"href":"https:\/\/sportac.cl\/index.php\/wp-json\/wp\/v2\/media?parent=577"}],"wp:term":[{"taxonomy":"product_brand","embeddable":true,"href":"https:\/\/sportac.cl\/index.php\/wp-json\/wp\/v2\/product_brand?post=577"},{"taxonomy":"product_cat","embeddable":true,"href":"https:\/\/sportac.cl\/index.php\/wp-json\/wp\/v2\/product_cat?post=577"},{"taxonomy":"product_tag","embeddable":true,"href":"https:\/\/sportac.cl\/index.php\/wp-json\/wp\/v2\/product_tag?post=577"}],"curies":[{"name":"wp","href":"https:\/\/api.w.org\/{rel}","templated":true}]}}