{"id":425,"date":"2025-11-03T20:46:39","date_gmt":"2025-11-03T20:46:39","guid":{"rendered":"https:\/\/sportac.cl\/?post_type=product&#038;p=425"},"modified":"2025-11-04T21:21:06","modified_gmt":"2025-11-04T21:21:06","slug":"linterna-fenix-pd40r-v3-0","status":"publish","type":"product","link":"https:\/\/sportac.cl\/index.php\/producto\/linterna-fenix-pd40r-v3-0\/","title":{"rendered":"Linterna Fenix PD40R v3.0"},"content":{"rendered":"<p>LINTERNA CON INTERRUPTOR GIRATORIO MEC\u00c1NICO. LUZ SUPER BRILLANTE<\/p>\n<p>La linterna con interruptor giratorio mec\u00e1nico superbrillante Fenix PD40R V3.0 es una linterna recargable de alto rendimiento que seguro te sorprender\u00e1. Equipada con un LED de calidad, esta linterna presenta un rendimiento incre\u00edble al ofrecer un m\u00e1ximo de 3000 l\u00famenes a una impresionante distancia de 500 metros. Logra una selecci\u00f3n de salida precisa a trav\u00e9s del exclusivo interruptor giratorio mec\u00e1nico. Con la bater\u00eda recargable de 5000 mAh incluida y la interfaz de carga USB tipo C, el tiempo de ejecuci\u00f3n nunca molestar\u00e1 de todos modos. Esta linterna, resistente al agua y al polvo con clasificaci\u00f3n IP68, es la herramienta de iluminaci\u00f3n perfecta para exteriores o emergencias. Est\u00e1 disponible en Sportac<\/p>\n<p>Caracter\u00edsticas del producto:<\/p>\n<ul>\n<li>Potencia m\u00e1xima de 3000 l\u00famenes<\/li>\n<li>Distancia m\u00e1xima de 500 metros.<\/li>\n<li>Un LED de alto rendimiento con una vida \u00fatil de 50.000 horas.<\/li>\n<li>Incluye una bater\u00eda ARB-L21-5000 V2.0.<\/li>\n<li>T\u00e9cnica patentada de interruptor de selecci\u00f3n de modo giratorio para una operaci\u00f3n precisa y con una sola mano.<\/li>\n<li>Puerto de carga universal USB tipo C.<\/li>\n<li>Indicador LED de nivel de bater\u00eda de arranque y advertencia de bajo voltaje.<\/li>\n<li>Compatible con m\u00faltiples accesorios \u00f3pticos como el Fenix AOD-M.<\/li>\n<li>Capaz de pararse con la cola.<\/li>\n<li>Clip corporal incluido para diferentes demandas de iluminaci\u00f3n.<\/li>\n<li>Cuerpo ligero mecanizado CNC totalmente met\u00e1lico.<\/li>\n<li>Acabado antiabrasivo anodizado duro tipo HAIII premium.<\/li>\n<li>Tama\u00f1o: 143 x 34 x 26 mm<\/li>\n<li>Peso: 198 gramos<\/li>\n<\/ul>\n","protected":false},"excerpt":{"rendered":"<p>La linterna con interruptor giratorio mec\u00e1nico superbrillante Fenix PD40R V3.0 es una linterna recargable de alto rendimiento que seguro te sorprender\u00e1. Equipada con un LED de calidad, esta linterna presenta un rendimiento incre\u00edble al ofrecer un m\u00e1ximo de 3000 l\u00famenes a una impresionante distancia de 500 metros.<\/p>\n","protected":false},"featured_media":518,"comment_status":"open","ping_status":"closed","template":"","meta":[],"product_brand":[],"product_cat":[110],"product_tag":[119,111,155,165],"class_list":{"0":"post-425","1":"product","2":"type-product","3":"status-publish","4":"has-post-thumbnail","6":"product_cat-linternastacticasdemano","7":"product_tag-fenixlight","8":"product_tag-linterna-fenix","9":"product_tag-linterna-potente","10":"product_tag-pd40r","12":"first","13":"instock","14":"taxable","15":"shipping-taxable","16":"purchasable","17":"product-type-simple"},"yoast_head":"<!-- This site is optimized with the Yoast SEO plugin v26.1.1 - https:\/\/yoast.com\/wordpress\/plugins\/seo\/ -->\n<title>Linterna Fenix PD40R v3.0 - Sportac.cl<\/title>\n<meta name=\"description\" content=\"linterna potente, pd40r, linterna fenix, fenixlight, sportac, linterna led, luz potente, linterna tactica, fenix, linterna potente\" \/>\n<meta name=\"robots\" content=\"index, follow, max-snippet:-1, max-image-preview:large, max-video-preview:-1\" \/>\n<link rel=\"canonical\" href=\"https:\/\/sportac.cl\/index.php\/producto\/linterna-fenix-pd40r-v3-0\/\" \/>\n<meta property=\"og:locale\" content=\"es_ES\" \/>\n<meta property=\"og:type\" content=\"article\" \/>\n<meta property=\"og:title\" content=\"Linterna Fenix PD40R v3.0 - Sportac.cl\" \/>\n<meta property=\"og:description\" content=\"linterna potente, pd40r, linterna fenix, fenixlight, sportac, linterna led, luz potente, linterna tactica, fenix, linterna potente\" \/>\n<meta property=\"og:url\" content=\"https:\/\/sportac.cl\/index.php\/producto\/linterna-fenix-pd40r-v3-0\/\" \/>\n<meta property=\"og:site_name\" content=\"Sportac.cl\" \/>\n<meta property=\"article:publisher\" content=\"https:\/\/www.facebook.com\/profile.php?id=100064005011199&amp;locale=bn_IN#\" \/>\n<meta property=\"article:modified_time\" content=\"2025-11-04T21:21:06+00:00\" \/>\n<meta property=\"og:image\" content=\"https:\/\/sportac.cl\/wp-content\/uploads\/2025\/11\/sportac-pd40r.jpg\" \/>\n\t<meta property=\"og:image:width\" content=\"800\" \/>\n\t<meta property=\"og:image:height\" content=\"388\" \/>\n\t<meta property=\"og:image:type\" content=\"image\/jpeg\" \/>\n<meta name=\"twitter:card\" content=\"summary_large_image\" \/>\n<meta name=\"twitter:label1\" content=\"Tiempo de lectura\" \/>\n\t<meta name=\"twitter:data1\" content=\"2 minutos\" \/>\n<script type=\"application\/ld+json\" class=\"yoast-schema-graph\">{\"@context\":\"https:\/\/schema.org\",\"@graph\":[{\"@type\":\"WebPage\",\"@id\":\"https:\/\/sportac.cl\/index.php\/producto\/linterna-fenix-pd40r-v3-0\/\",\"url\":\"https:\/\/sportac.cl\/index.php\/producto\/linterna-fenix-pd40r-v3-0\/\",\"name\":\"Linterna Fenix PD40R v3.0 - Sportac.cl\",\"isPartOf\":{\"@id\":\"https:\/\/sportac.cl\/#website\"},\"primaryImageOfPage\":{\"@id\":\"https:\/\/sportac.cl\/index.php\/producto\/linterna-fenix-pd40r-v3-0\/#primaryimage\"},\"image\":{\"@id\":\"https:\/\/sportac.cl\/index.php\/producto\/linterna-fenix-pd40r-v3-0\/#primaryimage\"},\"thumbnailUrl\":\"https:\/\/sportac.cl\/wp-content\/uploads\/2025\/11\/sportac-pd40r.jpg\",\"datePublished\":\"2025-11-03T20:46:39+00:00\",\"dateModified\":\"2025-11-04T21:21:06+00:00\",\"description\":\"linterna potente, pd40r, linterna fenix, fenixlight, sportac, linterna led, luz potente, linterna tactica, fenix, linterna potente\",\"breadcrumb\":{\"@id\":\"https:\/\/sportac.cl\/index.php\/producto\/linterna-fenix-pd40r-v3-0\/#breadcrumb\"},\"inLanguage\":\"es\",\"potentialAction\":[{\"@type\":\"ReadAction\",\"target\":[\"https:\/\/sportac.cl\/index.php\/producto\/linterna-fenix-pd40r-v3-0\/\"]}]},{\"@type\":\"ImageObject\",\"inLanguage\":\"es\",\"@id\":\"https:\/\/sportac.cl\/index.php\/producto\/linterna-fenix-pd40r-v3-0\/#primaryimage\",\"url\":\"https:\/\/sportac.cl\/wp-content\/uploads\/2025\/11\/sportac-pd40r.jpg\",\"contentUrl\":\"https:\/\/sportac.cl\/wp-content\/uploads\/2025\/11\/sportac-pd40r.jpg\",\"width\":800,\"height\":388},{\"@type\":\"BreadcrumbList\",\"@id\":\"https:\/\/sportac.cl\/index.php\/producto\/linterna-fenix-pd40r-v3-0\/#breadcrumb\",\"itemListElement\":[{\"@type\":\"ListItem\",\"position\":1,\"name\":\"Portada\",\"item\":\"https:\/\/sportac.cl\/index.php\/home\/\"},{\"@type\":\"ListItem\",\"position\":2,\"name\":\"Tienda\",\"item\":\"https:\/\/sportac.cl\/index.php\/tienda\/\"},{\"@type\":\"ListItem\",\"position\":3,\"name\":\"Linterna Fenix PD40R v3.0\"}]},{\"@type\":\"WebSite\",\"@id\":\"https:\/\/sportac.cl\/#website\",\"url\":\"https:\/\/sportac.cl\/\",\"name\":\"Sportac Linternas Caza y Pesca Camping\",\"description\":\"Sportac.cl, tienda dedicada a venta de linternas profesionales y de alta calidad orientadas a deporte, industria y aplicaciones t\u00e1cticas Caza y Pesca\",\"publisher\":{\"@id\":\"https:\/\/sportac.cl\/#organization\"},\"alternateName\":\"Tienda de Equipos - Linternas - Caza - Pesca - Camping\",\"potentialAction\":[{\"@type\":\"SearchAction\",\"target\":{\"@type\":\"EntryPoint\",\"urlTemplate\":\"https:\/\/sportac.cl\/?s={search_term_string}\"},\"query-input\":{\"@type\":\"PropertyValueSpecification\",\"valueRequired\":true,\"valueName\":\"search_term_string\"}}],\"inLanguage\":\"es\"},{\"@type\":\"Organization\",\"@id\":\"https:\/\/sportac.cl\/#organization\",\"name\":\"Sportac Tienda de Equipos de Caza y Pesca\",\"alternateName\":\"Fenixligth, Fenix, linternas tacticas, led, iluminacion, mineria, Sportac, linternas Fenix, linterna C7, linterna HM71R, Linterna TK20R, iluminacion industrial, lantern,\u00a0flashlight Rifle pcp, Beeman, Glock, umarex, pistola traumatica, rifle nitropiston, pistola balines,\u00a0postones,\u00a0co2\",\"url\":\"https:\/\/sportac.cl\/\",\"logo\":{\"@type\":\"ImageObject\",\"inLanguage\":\"es\",\"@id\":\"https:\/\/sportac.cl\/#\/schema\/logo\/image\/\",\"url\":\"https:\/\/sportac.cl\/wp-content\/uploads\/2025\/10\/cropped-Logo-Sportac-_-blanco.png\",\"contentUrl\":\"https:\/\/sportac.cl\/wp-content\/uploads\/2025\/10\/cropped-Logo-Sportac-_-blanco.png\",\"width\":240,\"height\":259,\"caption\":\"Sportac Tienda de Equipos de Caza y Pesca\"},\"image\":{\"@id\":\"https:\/\/sportac.cl\/#\/schema\/logo\/image\/\"},\"sameAs\":[\"https:\/\/www.facebook.com\/profile.php?id=100064005011199&locale=bn_IN#\",\"https:\/\/www.instagram.com\/sportac_fenix?igsh=cXBnb25jMzdwYzIw\",\"https:\/\/www.tiktok.com\/@sportac73?_t=ZM-90r8HiYyUNk&_r=1\"]}]}<\/script>\n<!-- \/ Yoast SEO plugin. -->","yoast_head_json":{"title":"Linterna Fenix PD40R v3.0 - Sportac.cl","description":"linterna potente, pd40r, linterna fenix, fenixlight, sportac, linterna led, luz potente, linterna tactica, fenix, linterna potente","robots":{"index":"index","follow":"follow","max-snippet":"max-snippet:-1","max-image-preview":"max-image-preview:large","max-video-preview":"max-video-preview:-1"},"canonical":"https:\/\/sportac.cl\/index.php\/producto\/linterna-fenix-pd40r-v3-0\/","og_locale":"es_ES","og_type":"article","og_title":"Linterna Fenix PD40R v3.0 - Sportac.cl","og_description":"linterna potente, pd40r, linterna fenix, fenixlight, sportac, linterna led, luz potente, linterna tactica, fenix, linterna potente","og_url":"https:\/\/sportac.cl\/index.php\/producto\/linterna-fenix-pd40r-v3-0\/","og_site_name":"Sportac.cl","article_publisher":"https:\/\/www.facebook.com\/profile.php?id=100064005011199&locale=bn_IN#","article_modified_time":"2025-11-04T21:21:06+00:00","og_image":[{"width":800,"height":388,"url":"https:\/\/sportac.cl\/wp-content\/uploads\/2025\/11\/sportac-pd40r.jpg","type":"image\/jpeg"}],"twitter_card":"summary_large_image","twitter_misc":{"Tiempo de lectura":"2 minutos"},"schema":{"@context":"https:\/\/schema.org","@graph":[{"@type":"WebPage","@id":"https:\/\/sportac.cl\/index.php\/producto\/linterna-fenix-pd40r-v3-0\/","url":"https:\/\/sportac.cl\/index.php\/producto\/linterna-fenix-pd40r-v3-0\/","name":"Linterna Fenix PD40R v3.0 - Sportac.cl","isPartOf":{"@id":"https:\/\/sportac.cl\/#website"},"primaryImageOfPage":{"@id":"https:\/\/sportac.cl\/index.php\/producto\/linterna-fenix-pd40r-v3-0\/#primaryimage"},"image":{"@id":"https:\/\/sportac.cl\/index.php\/producto\/linterna-fenix-pd40r-v3-0\/#primaryimage"},"thumbnailUrl":"https:\/\/sportac.cl\/wp-content\/uploads\/2025\/11\/sportac-pd40r.jpg","datePublished":"2025-11-03T20:46:39+00:00","dateModified":"2025-11-04T21:21:06+00:00","description":"linterna potente, pd40r, linterna fenix, fenixlight, sportac, linterna led, luz potente, linterna tactica, fenix, linterna potente","breadcrumb":{"@id":"https:\/\/sportac.cl\/index.php\/producto\/linterna-fenix-pd40r-v3-0\/#breadcrumb"},"inLanguage":"es","potentialAction":[{"@type":"ReadAction","target":["https:\/\/sportac.cl\/index.php\/producto\/linterna-fenix-pd40r-v3-0\/"]}]},{"@type":"ImageObject","inLanguage":"es","@id":"https:\/\/sportac.cl\/index.php\/producto\/linterna-fenix-pd40r-v3-0\/#primaryimage","url":"https:\/\/sportac.cl\/wp-content\/uploads\/2025\/11\/sportac-pd40r.jpg","contentUrl":"https:\/\/sportac.cl\/wp-content\/uploads\/2025\/11\/sportac-pd40r.jpg","width":800,"height":388},{"@type":"BreadcrumbList","@id":"https:\/\/sportac.cl\/index.php\/producto\/linterna-fenix-pd40r-v3-0\/#breadcrumb","itemListElement":[{"@type":"ListItem","position":1,"name":"Portada","item":"https:\/\/sportac.cl\/index.php\/home\/"},{"@type":"ListItem","position":2,"name":"Tienda","item":"https:\/\/sportac.cl\/index.php\/tienda\/"},{"@type":"ListItem","position":3,"name":"Linterna Fenix PD40R v3.0"}]},{"@type":"WebSite","@id":"https:\/\/sportac.cl\/#website","url":"https:\/\/sportac.cl\/","name":"Sportac Linternas Caza y Pesca Camping","description":"Sportac.cl, tienda dedicada a venta de linternas profesionales y de alta calidad orientadas a deporte, industria y aplicaciones t\u00e1cticas Caza y Pesca","publisher":{"@id":"https:\/\/sportac.cl\/#organization"},"alternateName":"Tienda de Equipos - Linternas - Caza - Pesca - Camping","potentialAction":[{"@type":"SearchAction","target":{"@type":"EntryPoint","urlTemplate":"https:\/\/sportac.cl\/?s={search_term_string}"},"query-input":{"@type":"PropertyValueSpecification","valueRequired":true,"valueName":"search_term_string"}}],"inLanguage":"es"},{"@type":"Organization","@id":"https:\/\/sportac.cl\/#organization","name":"Sportac Tienda de Equipos de Caza y Pesca","alternateName":"Fenixligth, Fenix, linternas tacticas, led, iluminacion, mineria, Sportac, linternas Fenix, linterna C7, linterna HM71R, Linterna TK20R, iluminacion industrial, lantern,\u00a0flashlight Rifle pcp, Beeman, Glock, umarex, pistola traumatica, rifle nitropiston, pistola balines,\u00a0postones,\u00a0co2","url":"https:\/\/sportac.cl\/","logo":{"@type":"ImageObject","inLanguage":"es","@id":"https:\/\/sportac.cl\/#\/schema\/logo\/image\/","url":"https:\/\/sportac.cl\/wp-content\/uploads\/2025\/10\/cropped-Logo-Sportac-_-blanco.png","contentUrl":"https:\/\/sportac.cl\/wp-content\/uploads\/2025\/10\/cropped-Logo-Sportac-_-blanco.png","width":240,"height":259,"caption":"Sportac Tienda de Equipos de Caza y Pesca"},"image":{"@id":"https:\/\/sportac.cl\/#\/schema\/logo\/image\/"},"sameAs":["https:\/\/www.facebook.com\/profile.php?id=100064005011199&locale=bn_IN#","https:\/\/www.instagram.com\/sportac_fenix?igsh=cXBnb25jMzdwYzIw","https:\/\/www.tiktok.com\/@sportac73?_t=ZM-90r8HiYyUNk&_r=1"]}]}},"_links":{"self":[{"href":"https:\/\/sportac.cl\/index.php\/wp-json\/wp\/v2\/product\/425","targetHints":{"allow":["GET"]}}],"collection":[{"href":"https:\/\/sportac.cl\/index.php\/wp-json\/wp\/v2\/product"}],"about":[{"href":"https:\/\/sportac.cl\/index.php\/wp-json\/wp\/v2\/types\/product"}],"replies":[{"embeddable":true,"href":"https:\/\/sportac.cl\/index.php\/wp-json\/wp\/v2\/comments?post=425"}],"version-history":[{"count":2,"href":"https:\/\/sportac.cl\/index.php\/wp-json\/wp\/v2\/product\/425\/revisions"}],"predecessor-version":[{"id":519,"href":"https:\/\/sportac.cl\/index.php\/wp-json\/wp\/v2\/product\/425\/revisions\/519"}],"wp:featuredmedia":[{"embeddable":true,"href":"https:\/\/sportac.cl\/index.php\/wp-json\/wp\/v2\/media\/518"}],"wp:attachment":[{"href":"https:\/\/sportac.cl\/index.php\/wp-json\/wp\/v2\/media?parent=425"}],"wp:term":[{"taxonomy":"product_brand","embeddable":true,"href":"https:\/\/sportac.cl\/index.php\/wp-json\/wp\/v2\/product_brand?post=425"},{"taxonomy":"product_cat","embeddable":true,"href":"https:\/\/sportac.cl\/index.php\/wp-json\/wp\/v2\/product_cat?post=425"},{"taxonomy":"product_tag","embeddable":true,"href":"https:\/\/sportac.cl\/index.php\/wp-json\/wp\/v2\/product_tag?post=425"}],"curies":[{"name":"wp","href":"https:\/\/api.w.org\/{rel}","templated":true}]}}