{"id":413,"date":"2025-11-03T20:13:45","date_gmt":"2025-11-03T20:13:45","guid":{"rendered":"https:\/\/sportac.cl\/?post_type=product&#038;p=413"},"modified":"2025-11-03T20:15:23","modified_gmt":"2025-11-03T20:15:23","slug":"linterna-frontal-fenix-wh23r","status":"publish","type":"product","link":"https:\/\/sportac.cl\/index.php\/producto\/linterna-frontal-fenix-wh23r\/","title":{"rendered":"Linterna Frontal Fenix WH23R"},"content":{"rendered":"<p>La Fenix WH23R es una linterna de trabajo montado en la cabeza con una funci\u00f3n \u00fanica de detecci\u00f3n de gestos. Cuando la funci\u00f3n del sensor est\u00e1 activada, el faro se puede encender o apagar con un movimiento de la mano para tareas que requieren dos manos para completarse o para evitar ensuciar el faro con los dedos sucios. La vers\u00e1til WH23R cuenta con tres modos de iluminaci\u00f3n: Luz Concentrada, Luz difuminada y luz combinada con concentrada y difuminada activados. El interruptor giratorio combinado se puede operar de forma r\u00e1pida y precisa incluso con guantes o dedos entumecidos en fr\u00edo al modo deseado y al brillo deseado. Otros aspectos destacados del dise\u00f1o del WH23R incluyen la bater\u00eda integrada de 2000 mAh, el puerto de carga USB tipo C, cuatro indicadores LED azules que indican la energ\u00eda restante de la bater\u00eda y la estructura perforada de la banda para la cabeza que permite una mejor transpirabilidad y comodidad.<\/p>\n<ul>\n<li>Potencia m\u00e1xima de 600 l\u00famenes, distancia m\u00e1xima de 100 metros.<\/li>\n<li>Dos LED Cree con una vida \u00fatil de 50.000 horas.<\/li>\n<li>Paquete de bater\u00eda de pol\u00edmero de litio de 3,7 V\/2000 mAh integrado.<\/li>\n<li>Luz Concentrada, luz difuminada y luz combinada con ambos modos encendidos simult\u00e1neamente.<\/li>\n<li>Funci\u00f3n de sensor inteligente: el faro se puede encender o apagar con un movimiento de la mano.<\/li>\n<li>El interruptor giratorio combinado se puede operar de forma r\u00e1pida y precisa incluso con los dedos enguantados.<\/li>\n<li>Carga USB tipo C, 1,5 horas para carga completa.<\/li>\n<li>Hecho de material de PC de calidad, resistente a los impactos y resistente a la corrosi\u00f3n.<\/li>\n<li>Tama\u00f1o: 86,45 x 45 x 43,72 mm<\/li>\n<li>Peso: 115 gramos (con bateria)<\/li>\n<\/ul>\n","protected":false},"excerpt":{"rendered":"<p>La Fenix WH23R es una linterna de trabajo montado en la cabeza con una funci\u00f3n \u00fanica de detecci\u00f3n de gestos. Cuando la funci\u00f3n del sensor est\u00e1 activada, el faro se puede encender o apagar con un movimiento de la mano para tareas que requieren dos manos para completarse o para evitar ensuciar el faro con los dedos sucios.<\/p>\n","protected":false},"featured_media":424,"comment_status":"open","ping_status":"closed","template":"","meta":[],"product_brand":[],"product_cat":[109,102,106],"product_tag":[123,160,112,163,164],"class_list":{"0":"post-413","1":"product","2":"type-product","3":"status-publish","4":"has-post-thumbnail","6":"product_cat-linternasfrontalesrunning","7":"product_cat-linternasmineriafrontales","8":"product_cat-linternastrabajoindustrial","9":"product_tag-fenix","10":"product_tag-linterna-de-cabeza","11":"product_tag-linterna-frontal","12":"product_tag-linterna-para-mineria","13":"product_tag-linterna-trabajo","15":"first","16":"instock","17":"taxable","18":"shipping-taxable","19":"purchasable","20":"product-type-simple"},"yoast_head":"<!-- This site is optimized with the Yoast SEO plugin v26.1.1 - https:\/\/yoast.com\/wordpress\/plugins\/seo\/ -->\n<title>Linterna Frontal Fenix WH23R - Sportac.cl<\/title>\n<meta name=\"description\" content=\"linterna frontal, linterna wh23r, linterna fenix, linterna mineria, linterna industrial, luz led, linterna recargable, sportac\" \/>\n<meta name=\"robots\" content=\"index, follow, max-snippet:-1, max-image-preview:large, max-video-preview:-1\" \/>\n<link rel=\"canonical\" href=\"https:\/\/sportac.cl\/index.php\/producto\/linterna-frontal-fenix-wh23r\/\" \/>\n<meta property=\"og:locale\" content=\"es_ES\" \/>\n<meta property=\"og:type\" content=\"article\" \/>\n<meta property=\"og:title\" content=\"Linterna Frontal Fenix WH23R - Sportac.cl\" \/>\n<meta property=\"og:description\" content=\"linterna frontal, linterna wh23r, linterna fenix, linterna mineria, linterna industrial, luz led, linterna recargable, sportac\" \/>\n<meta property=\"og:url\" content=\"https:\/\/sportac.cl\/index.php\/producto\/linterna-frontal-fenix-wh23r\/\" \/>\n<meta property=\"og:site_name\" content=\"Sportac.cl\" \/>\n<meta property=\"article:publisher\" content=\"https:\/\/www.facebook.com\/profile.php?id=100064005011199&amp;locale=bn_IN#\" \/>\n<meta property=\"article:modified_time\" content=\"2025-11-03T20:15:23+00:00\" \/>\n<meta property=\"og:image\" content=\"https:\/\/sportac.cl\/wp-content\/uploads\/2025\/11\/sportac-wh23r1.webp\" \/>\n\t<meta property=\"og:image:width\" content=\"800\" \/>\n\t<meta property=\"og:image:height\" content=\"348\" \/>\n\t<meta property=\"og:image:type\" content=\"image\/webp\" \/>\n<meta name=\"twitter:card\" content=\"summary_large_image\" \/>\n<meta name=\"twitter:label1\" content=\"Tiempo de lectura\" \/>\n\t<meta name=\"twitter:data1\" content=\"2 minutos\" \/>\n<script type=\"application\/ld+json\" class=\"yoast-schema-graph\">{\"@context\":\"https:\/\/schema.org\",\"@graph\":[{\"@type\":\"WebPage\",\"@id\":\"https:\/\/sportac.cl\/index.php\/producto\/linterna-frontal-fenix-wh23r\/\",\"url\":\"https:\/\/sportac.cl\/index.php\/producto\/linterna-frontal-fenix-wh23r\/\",\"name\":\"Linterna Frontal Fenix WH23R - Sportac.cl\",\"isPartOf\":{\"@id\":\"https:\/\/sportac.cl\/#website\"},\"primaryImageOfPage\":{\"@id\":\"https:\/\/sportac.cl\/index.php\/producto\/linterna-frontal-fenix-wh23r\/#primaryimage\"},\"image\":{\"@id\":\"https:\/\/sportac.cl\/index.php\/producto\/linterna-frontal-fenix-wh23r\/#primaryimage\"},\"thumbnailUrl\":\"https:\/\/sportac.cl\/wp-content\/uploads\/2025\/11\/sportac-wh23r1.webp\",\"datePublished\":\"2025-11-03T20:13:45+00:00\",\"dateModified\":\"2025-11-03T20:15:23+00:00\",\"description\":\"linterna frontal, linterna wh23r, linterna fenix, linterna mineria, linterna industrial, luz led, linterna recargable, sportac\",\"breadcrumb\":{\"@id\":\"https:\/\/sportac.cl\/index.php\/producto\/linterna-frontal-fenix-wh23r\/#breadcrumb\"},\"inLanguage\":\"es\",\"potentialAction\":[{\"@type\":\"ReadAction\",\"target\":[\"https:\/\/sportac.cl\/index.php\/producto\/linterna-frontal-fenix-wh23r\/\"]}]},{\"@type\":\"ImageObject\",\"inLanguage\":\"es\",\"@id\":\"https:\/\/sportac.cl\/index.php\/producto\/linterna-frontal-fenix-wh23r\/#primaryimage\",\"url\":\"https:\/\/sportac.cl\/wp-content\/uploads\/2025\/11\/sportac-wh23r1.webp\",\"contentUrl\":\"https:\/\/sportac.cl\/wp-content\/uploads\/2025\/11\/sportac-wh23r1.webp\",\"width\":800,\"height\":348},{\"@type\":\"BreadcrumbList\",\"@id\":\"https:\/\/sportac.cl\/index.php\/producto\/linterna-frontal-fenix-wh23r\/#breadcrumb\",\"itemListElement\":[{\"@type\":\"ListItem\",\"position\":1,\"name\":\"Portada\",\"item\":\"https:\/\/sportac.cl\/index.php\/home\/\"},{\"@type\":\"ListItem\",\"position\":2,\"name\":\"Tienda\",\"item\":\"https:\/\/sportac.cl\/index.php\/tienda\/\"},{\"@type\":\"ListItem\",\"position\":3,\"name\":\"Linterna Frontal Fenix WH23R\"}]},{\"@type\":\"WebSite\",\"@id\":\"https:\/\/sportac.cl\/#website\",\"url\":\"https:\/\/sportac.cl\/\",\"name\":\"Sportac Linternas Caza y Pesca Camping\",\"description\":\"Sportac.cl, tienda dedicada a venta de linternas profesionales y de alta calidad orientadas a deporte, industria y aplicaciones t\u00e1cticas Caza y Pesca\",\"publisher\":{\"@id\":\"https:\/\/sportac.cl\/#organization\"},\"alternateName\":\"Tienda de Equipos - Linternas - Caza - Pesca - Camping\",\"potentialAction\":[{\"@type\":\"SearchAction\",\"target\":{\"@type\":\"EntryPoint\",\"urlTemplate\":\"https:\/\/sportac.cl\/?s={search_term_string}\"},\"query-input\":{\"@type\":\"PropertyValueSpecification\",\"valueRequired\":true,\"valueName\":\"search_term_string\"}}],\"inLanguage\":\"es\"},{\"@type\":\"Organization\",\"@id\":\"https:\/\/sportac.cl\/#organization\",\"name\":\"Sportac Tienda de Equipos de Caza y Pesca\",\"alternateName\":\"Fenixligth, Fenix, linternas tacticas, led, iluminacion, mineria, Sportac, linternas Fenix, linterna C7, linterna HM71R, Linterna TK20R, iluminacion industrial, lantern,\u00a0flashlight Rifle pcp, Beeman, Glock, umarex, pistola traumatica, rifle nitropiston, pistola balines,\u00a0postones,\u00a0co2\",\"url\":\"https:\/\/sportac.cl\/\",\"logo\":{\"@type\":\"ImageObject\",\"inLanguage\":\"es\",\"@id\":\"https:\/\/sportac.cl\/#\/schema\/logo\/image\/\",\"url\":\"https:\/\/sportac.cl\/wp-content\/uploads\/2025\/10\/cropped-Logo-Sportac-_-blanco.png\",\"contentUrl\":\"https:\/\/sportac.cl\/wp-content\/uploads\/2025\/10\/cropped-Logo-Sportac-_-blanco.png\",\"width\":240,\"height\":259,\"caption\":\"Sportac Tienda de Equipos de Caza y Pesca\"},\"image\":{\"@id\":\"https:\/\/sportac.cl\/#\/schema\/logo\/image\/\"},\"sameAs\":[\"https:\/\/www.facebook.com\/profile.php?id=100064005011199&locale=bn_IN#\",\"https:\/\/www.instagram.com\/sportac_fenix?igsh=cXBnb25jMzdwYzIw\",\"https:\/\/www.tiktok.com\/@sportac73?_t=ZM-90r8HiYyUNk&_r=1\"]}]}<\/script>\n<!-- \/ Yoast SEO plugin. -->","yoast_head_json":{"title":"Linterna Frontal Fenix WH23R - Sportac.cl","description":"linterna frontal, linterna wh23r, linterna fenix, linterna mineria, linterna industrial, luz led, linterna recargable, sportac","robots":{"index":"index","follow":"follow","max-snippet":"max-snippet:-1","max-image-preview":"max-image-preview:large","max-video-preview":"max-video-preview:-1"},"canonical":"https:\/\/sportac.cl\/index.php\/producto\/linterna-frontal-fenix-wh23r\/","og_locale":"es_ES","og_type":"article","og_title":"Linterna Frontal Fenix WH23R - Sportac.cl","og_description":"linterna frontal, linterna wh23r, linterna fenix, linterna mineria, linterna industrial, luz led, linterna recargable, sportac","og_url":"https:\/\/sportac.cl\/index.php\/producto\/linterna-frontal-fenix-wh23r\/","og_site_name":"Sportac.cl","article_publisher":"https:\/\/www.facebook.com\/profile.php?id=100064005011199&locale=bn_IN#","article_modified_time":"2025-11-03T20:15:23+00:00","og_image":[{"width":800,"height":348,"url":"https:\/\/sportac.cl\/wp-content\/uploads\/2025\/11\/sportac-wh23r1.webp","type":"image\/webp"}],"twitter_card":"summary_large_image","twitter_misc":{"Tiempo de lectura":"2 minutos"},"schema":{"@context":"https:\/\/schema.org","@graph":[{"@type":"WebPage","@id":"https:\/\/sportac.cl\/index.php\/producto\/linterna-frontal-fenix-wh23r\/","url":"https:\/\/sportac.cl\/index.php\/producto\/linterna-frontal-fenix-wh23r\/","name":"Linterna Frontal Fenix WH23R - Sportac.cl","isPartOf":{"@id":"https:\/\/sportac.cl\/#website"},"primaryImageOfPage":{"@id":"https:\/\/sportac.cl\/index.php\/producto\/linterna-frontal-fenix-wh23r\/#primaryimage"},"image":{"@id":"https:\/\/sportac.cl\/index.php\/producto\/linterna-frontal-fenix-wh23r\/#primaryimage"},"thumbnailUrl":"https:\/\/sportac.cl\/wp-content\/uploads\/2025\/11\/sportac-wh23r1.webp","datePublished":"2025-11-03T20:13:45+00:00","dateModified":"2025-11-03T20:15:23+00:00","description":"linterna frontal, linterna wh23r, linterna fenix, linterna mineria, linterna industrial, luz led, linterna recargable, sportac","breadcrumb":{"@id":"https:\/\/sportac.cl\/index.php\/producto\/linterna-frontal-fenix-wh23r\/#breadcrumb"},"inLanguage":"es","potentialAction":[{"@type":"ReadAction","target":["https:\/\/sportac.cl\/index.php\/producto\/linterna-frontal-fenix-wh23r\/"]}]},{"@type":"ImageObject","inLanguage":"es","@id":"https:\/\/sportac.cl\/index.php\/producto\/linterna-frontal-fenix-wh23r\/#primaryimage","url":"https:\/\/sportac.cl\/wp-content\/uploads\/2025\/11\/sportac-wh23r1.webp","contentUrl":"https:\/\/sportac.cl\/wp-content\/uploads\/2025\/11\/sportac-wh23r1.webp","width":800,"height":348},{"@type":"BreadcrumbList","@id":"https:\/\/sportac.cl\/index.php\/producto\/linterna-frontal-fenix-wh23r\/#breadcrumb","itemListElement":[{"@type":"ListItem","position":1,"name":"Portada","item":"https:\/\/sportac.cl\/index.php\/home\/"},{"@type":"ListItem","position":2,"name":"Tienda","item":"https:\/\/sportac.cl\/index.php\/tienda\/"},{"@type":"ListItem","position":3,"name":"Linterna Frontal Fenix WH23R"}]},{"@type":"WebSite","@id":"https:\/\/sportac.cl\/#website","url":"https:\/\/sportac.cl\/","name":"Sportac Linternas Caza y Pesca Camping","description":"Sportac.cl, tienda dedicada a venta de linternas profesionales y de alta calidad orientadas a deporte, industria y aplicaciones t\u00e1cticas Caza y Pesca","publisher":{"@id":"https:\/\/sportac.cl\/#organization"},"alternateName":"Tienda de Equipos - Linternas - Caza - Pesca - Camping","potentialAction":[{"@type":"SearchAction","target":{"@type":"EntryPoint","urlTemplate":"https:\/\/sportac.cl\/?s={search_term_string}"},"query-input":{"@type":"PropertyValueSpecification","valueRequired":true,"valueName":"search_term_string"}}],"inLanguage":"es"},{"@type":"Organization","@id":"https:\/\/sportac.cl\/#organization","name":"Sportac Tienda de Equipos de Caza y Pesca","alternateName":"Fenixligth, Fenix, linternas tacticas, led, iluminacion, mineria, Sportac, linternas Fenix, linterna C7, linterna HM71R, Linterna TK20R, iluminacion industrial, lantern,\u00a0flashlight Rifle pcp, Beeman, Glock, umarex, pistola traumatica, rifle nitropiston, pistola balines,\u00a0postones,\u00a0co2","url":"https:\/\/sportac.cl\/","logo":{"@type":"ImageObject","inLanguage":"es","@id":"https:\/\/sportac.cl\/#\/schema\/logo\/image\/","url":"https:\/\/sportac.cl\/wp-content\/uploads\/2025\/10\/cropped-Logo-Sportac-_-blanco.png","contentUrl":"https:\/\/sportac.cl\/wp-content\/uploads\/2025\/10\/cropped-Logo-Sportac-_-blanco.png","width":240,"height":259,"caption":"Sportac Tienda de Equipos de Caza y Pesca"},"image":{"@id":"https:\/\/sportac.cl\/#\/schema\/logo\/image\/"},"sameAs":["https:\/\/www.facebook.com\/profile.php?id=100064005011199&locale=bn_IN#","https:\/\/www.instagram.com\/sportac_fenix?igsh=cXBnb25jMzdwYzIw","https:\/\/www.tiktok.com\/@sportac73?_t=ZM-90r8HiYyUNk&_r=1"]}]}},"_links":{"self":[{"href":"https:\/\/sportac.cl\/index.php\/wp-json\/wp\/v2\/product\/413","targetHints":{"allow":["GET"]}}],"collection":[{"href":"https:\/\/sportac.cl\/index.php\/wp-json\/wp\/v2\/product"}],"about":[{"href":"https:\/\/sportac.cl\/index.php\/wp-json\/wp\/v2\/types\/product"}],"replies":[{"embeddable":true,"href":"https:\/\/sportac.cl\/index.php\/wp-json\/wp\/v2\/comments?post=413"}],"version-history":[{"count":1,"href":"https:\/\/sportac.cl\/index.php\/wp-json\/wp\/v2\/product\/413\/revisions"}],"predecessor-version":[{"id":423,"href":"https:\/\/sportac.cl\/index.php\/wp-json\/wp\/v2\/product\/413\/revisions\/423"}],"wp:featuredmedia":[{"embeddable":true,"href":"https:\/\/sportac.cl\/index.php\/wp-json\/wp\/v2\/media\/424"}],"wp:attachment":[{"href":"https:\/\/sportac.cl\/index.php\/wp-json\/wp\/v2\/media?parent=413"}],"wp:term":[{"taxonomy":"product_brand","embeddable":true,"href":"https:\/\/sportac.cl\/index.php\/wp-json\/wp\/v2\/product_brand?post=413"},{"taxonomy":"product_cat","embeddable":true,"href":"https:\/\/sportac.cl\/index.php\/wp-json\/wp\/v2\/product_cat?post=413"},{"taxonomy":"product_tag","embeddable":true,"href":"https:\/\/sportac.cl\/index.php\/wp-json\/wp\/v2\/product_tag?post=413"}],"curies":[{"name":"wp","href":"https:\/\/api.w.org\/{rel}","templated":true}]}}