{"id":346,"date":"2025-10-28T19:59:41","date_gmt":"2025-10-28T19:59:41","guid":{"rendered":"https:\/\/sportac.cl\/?post_type=product&#038;p=346"},"modified":"2025-11-03T16:53:36","modified_gmt":"2025-11-03T16:53:36","slug":"rifle-pcp-beeman-commodore-sintetico-regulado-cal-5-5mm","status":"publish","type":"product","link":"https:\/\/sportac.cl\/index.php\/producto\/rifle-pcp-beeman-commodore-sintetico-regulado-cal-5-5mm\/","title":{"rendered":"Rifle PCP BEEMAN COMMODORE sintetico regulado cal 5.5MM"},"content":{"rendered":"<p>El Beeman Commodore Bullpup en calibre 5.5 mm es un rifle PCP con dise\u00f1o compacto y potencia consistente. Su sistema regulado garantiza que cada disparo mantenga la misma fuerza y velocidad, entregando precisi\u00f3n superior en cada sesi\u00f3n. Equipa acci\u00f3n under lever, cargador de 10 postones, man\u00f3metro integrado y tres rieles Picatinny para accesorios y \u00f3pticas. Con un peso de 3,5 kg, es una opci\u00f3n equilibrada entre potencia, estabilidad y ergonom\u00eda.<\/p>\n<ul>\n<li>Modelo: Commodore Bullpup REGULADO<\/li>\n<li>Calibre: 5.5 mm<\/li>\n<li>Velocidad: 270 m\/s (880 fps)<\/li>\n<li>Acci\u00f3n: under lever<\/li>\n<li>Presi\u00f3n m\u00e1xima: 3000 psi<\/li>\n<li>Capacidad del cargador: 10 postones<\/li>\n<li>Man\u00f3metro integrado<\/li>\n<li>2 cargadores y 2 cunas de carga monotiro<\/li>\n<li>3 rieles Picatinny para visores y accesorios<\/li>\n<li>Peso: 3,5 kg<\/li>\n<li>Versi\u00f3n regulada: mantiene la misma fuerza y velocidad en cada disparo<\/li>\n<\/ul>\n","protected":false},"excerpt":{"rendered":"<p>El Beeman Commodore Bullpup en calibre 5.5 mm es un rifle PCP con dise\u00f1o compacto y potencia consistente. Su sistema regulado garantiza que cada disparo mantenga la misma fuerza y velocidad, entregando precisi\u00f3n superior en cada sesi\u00f3n.<\/p>\n","protected":false},"featured_media":347,"comment_status":"open","ping_status":"closed","template":"","meta":[],"product_brand":[],"product_cat":[99],"product_tag":[147,152,151,148,144],"class_list":{"0":"post-346","1":"product","2":"type-product","3":"status-publish","4":"has-post-thumbnail","6":"product_cat-riflespcp","7":"product_tag-caceria","8":"product_tag-caza","9":"product_tag-pcp","10":"product_tag-rifle-beeman","11":"product_tag-rifle-pcp","13":"first","14":"instock","15":"sale","16":"taxable","17":"shipping-taxable","18":"purchasable","19":"product-type-simple"},"yoast_head":"<!-- This site is optimized with the Yoast SEO plugin v26.1.1 - https:\/\/yoast.com\/wordpress\/plugins\/seo\/ -->\n<title>Rifle PCP BEEMAN COMMODORE sintetico regulado cal 5.5MM - Sportac.cl<\/title>\n<meta name=\"description\" content=\"bemman bullpup, pcp beeman, caza, caceria, sportac, tiro deportivo, rifle pcp\" \/>\n<meta name=\"robots\" content=\"index, follow, max-snippet:-1, max-image-preview:large, max-video-preview:-1\" \/>\n<link rel=\"canonical\" href=\"https:\/\/sportac.cl\/index.php\/producto\/rifle-pcp-beeman-commodore-sintetico-regulado-cal-5-5mm\/\" \/>\n<meta property=\"og:locale\" content=\"es_ES\" \/>\n<meta property=\"og:type\" content=\"article\" \/>\n<meta property=\"og:title\" content=\"Rifle PCP BEEMAN COMMODORE sintetico regulado cal 5.5MM - Sportac.cl\" \/>\n<meta property=\"og:description\" content=\"bemman bullpup, pcp beeman, caza, caceria, sportac, tiro deportivo, rifle pcp\" \/>\n<meta property=\"og:url\" content=\"https:\/\/sportac.cl\/index.php\/producto\/rifle-pcp-beeman-commodore-sintetico-regulado-cal-5-5mm\/\" \/>\n<meta property=\"og:site_name\" content=\"Sportac.cl\" \/>\n<meta property=\"article:publisher\" content=\"https:\/\/www.facebook.com\/profile.php?id=100064005011199&amp;locale=bn_IN#\" \/>\n<meta property=\"article:modified_time\" content=\"2025-11-03T16:53:36+00:00\" \/>\n<meta property=\"og:image\" content=\"https:\/\/sportac.cl\/wp-content\/uploads\/2025\/10\/sportac-bullpupsintetico.webp\" \/>\n\t<meta property=\"og:image:width\" content=\"869\" \/>\n\t<meta property=\"og:image:height\" content=\"869\" \/>\n\t<meta property=\"og:image:type\" content=\"image\/webp\" \/>\n<meta name=\"twitter:card\" content=\"summary_large_image\" \/>\n<meta name=\"twitter:label1\" content=\"Tiempo de lectura\" \/>\n\t<meta name=\"twitter:data1\" content=\"1 minuto\" \/>\n<script type=\"application\/ld+json\" class=\"yoast-schema-graph\">{\"@context\":\"https:\/\/schema.org\",\"@graph\":[{\"@type\":\"WebPage\",\"@id\":\"https:\/\/sportac.cl\/index.php\/producto\/rifle-pcp-beeman-commodore-sintetico-regulado-cal-5-5mm\/\",\"url\":\"https:\/\/sportac.cl\/index.php\/producto\/rifle-pcp-beeman-commodore-sintetico-regulado-cal-5-5mm\/\",\"name\":\"Rifle PCP BEEMAN COMMODORE sintetico regulado cal 5.5MM - Sportac.cl\",\"isPartOf\":{\"@id\":\"https:\/\/sportac.cl\/#website\"},\"primaryImageOfPage\":{\"@id\":\"https:\/\/sportac.cl\/index.php\/producto\/rifle-pcp-beeman-commodore-sintetico-regulado-cal-5-5mm\/#primaryimage\"},\"image\":{\"@id\":\"https:\/\/sportac.cl\/index.php\/producto\/rifle-pcp-beeman-commodore-sintetico-regulado-cal-5-5mm\/#primaryimage\"},\"thumbnailUrl\":\"https:\/\/sportac.cl\/wp-content\/uploads\/2025\/10\/sportac-bullpupsintetico.webp\",\"datePublished\":\"2025-10-28T19:59:41+00:00\",\"dateModified\":\"2025-11-03T16:53:36+00:00\",\"description\":\"bemman bullpup, pcp beeman, caza, caceria, sportac, tiro deportivo, rifle pcp\",\"breadcrumb\":{\"@id\":\"https:\/\/sportac.cl\/index.php\/producto\/rifle-pcp-beeman-commodore-sintetico-regulado-cal-5-5mm\/#breadcrumb\"},\"inLanguage\":\"es\",\"potentialAction\":[{\"@type\":\"ReadAction\",\"target\":[\"https:\/\/sportac.cl\/index.php\/producto\/rifle-pcp-beeman-commodore-sintetico-regulado-cal-5-5mm\/\"]}]},{\"@type\":\"ImageObject\",\"inLanguage\":\"es\",\"@id\":\"https:\/\/sportac.cl\/index.php\/producto\/rifle-pcp-beeman-commodore-sintetico-regulado-cal-5-5mm\/#primaryimage\",\"url\":\"https:\/\/sportac.cl\/wp-content\/uploads\/2025\/10\/sportac-bullpupsintetico.webp\",\"contentUrl\":\"https:\/\/sportac.cl\/wp-content\/uploads\/2025\/10\/sportac-bullpupsintetico.webp\",\"width\":869,\"height\":869},{\"@type\":\"BreadcrumbList\",\"@id\":\"https:\/\/sportac.cl\/index.php\/producto\/rifle-pcp-beeman-commodore-sintetico-regulado-cal-5-5mm\/#breadcrumb\",\"itemListElement\":[{\"@type\":\"ListItem\",\"position\":1,\"name\":\"Portada\",\"item\":\"https:\/\/sportac.cl\/index.php\/home\/\"},{\"@type\":\"ListItem\",\"position\":2,\"name\":\"Tienda\",\"item\":\"https:\/\/sportac.cl\/index.php\/tienda\/\"},{\"@type\":\"ListItem\",\"position\":3,\"name\":\"Rifle PCP BEEMAN COMMODORE sintetico regulado cal 5.5MM\"}]},{\"@type\":\"WebSite\",\"@id\":\"https:\/\/sportac.cl\/#website\",\"url\":\"https:\/\/sportac.cl\/\",\"name\":\"Sportac Linternas Caza y Pesca Camping\",\"description\":\"Sportac.cl, tienda dedicada a venta de linternas profesionales y de alta calidad orientadas a deporte, industria y aplicaciones t\u00e1cticas Caza y Pesca\",\"publisher\":{\"@id\":\"https:\/\/sportac.cl\/#organization\"},\"alternateName\":\"Tienda de Equipos - Linternas - Caza - Pesca - Camping\",\"potentialAction\":[{\"@type\":\"SearchAction\",\"target\":{\"@type\":\"EntryPoint\",\"urlTemplate\":\"https:\/\/sportac.cl\/?s={search_term_string}\"},\"query-input\":{\"@type\":\"PropertyValueSpecification\",\"valueRequired\":true,\"valueName\":\"search_term_string\"}}],\"inLanguage\":\"es\"},{\"@type\":\"Organization\",\"@id\":\"https:\/\/sportac.cl\/#organization\",\"name\":\"Sportac Tienda de Equipos de Caza y Pesca\",\"alternateName\":\"Fenixligth, Fenix, linternas tacticas, led, iluminacion, mineria, Sportac, linternas Fenix, linterna C7, linterna HM71R, Linterna TK20R, iluminacion industrial, lantern,\u00a0flashlight Rifle pcp, Beeman, Glock, umarex, pistola traumatica, rifle nitropiston, pistola balines,\u00a0postones,\u00a0co2\",\"url\":\"https:\/\/sportac.cl\/\",\"logo\":{\"@type\":\"ImageObject\",\"inLanguage\":\"es\",\"@id\":\"https:\/\/sportac.cl\/#\/schema\/logo\/image\/\",\"url\":\"https:\/\/sportac.cl\/wp-content\/uploads\/2025\/10\/cropped-Logo-Sportac-_-blanco.png\",\"contentUrl\":\"https:\/\/sportac.cl\/wp-content\/uploads\/2025\/10\/cropped-Logo-Sportac-_-blanco.png\",\"width\":240,\"height\":259,\"caption\":\"Sportac Tienda de Equipos de Caza y Pesca\"},\"image\":{\"@id\":\"https:\/\/sportac.cl\/#\/schema\/logo\/image\/\"},\"sameAs\":[\"https:\/\/www.facebook.com\/profile.php?id=100064005011199&locale=bn_IN#\",\"https:\/\/www.instagram.com\/sportac_fenix?igsh=cXBnb25jMzdwYzIw\",\"https:\/\/www.tiktok.com\/@sportac73?_t=ZM-90r8HiYyUNk&_r=1\"]}]}<\/script>\n<!-- \/ Yoast SEO plugin. -->","yoast_head_json":{"title":"Rifle PCP BEEMAN COMMODORE sintetico regulado cal 5.5MM - Sportac.cl","description":"bemman bullpup, pcp beeman, caza, caceria, sportac, tiro deportivo, rifle pcp","robots":{"index":"index","follow":"follow","max-snippet":"max-snippet:-1","max-image-preview":"max-image-preview:large","max-video-preview":"max-video-preview:-1"},"canonical":"https:\/\/sportac.cl\/index.php\/producto\/rifle-pcp-beeman-commodore-sintetico-regulado-cal-5-5mm\/","og_locale":"es_ES","og_type":"article","og_title":"Rifle PCP BEEMAN COMMODORE sintetico regulado cal 5.5MM - Sportac.cl","og_description":"bemman bullpup, pcp beeman, caza, caceria, sportac, tiro deportivo, rifle pcp","og_url":"https:\/\/sportac.cl\/index.php\/producto\/rifle-pcp-beeman-commodore-sintetico-regulado-cal-5-5mm\/","og_site_name":"Sportac.cl","article_publisher":"https:\/\/www.facebook.com\/profile.php?id=100064005011199&locale=bn_IN#","article_modified_time":"2025-11-03T16:53:36+00:00","og_image":[{"width":869,"height":869,"url":"https:\/\/sportac.cl\/wp-content\/uploads\/2025\/10\/sportac-bullpupsintetico.webp","type":"image\/webp"}],"twitter_card":"summary_large_image","twitter_misc":{"Tiempo de lectura":"1 minuto"},"schema":{"@context":"https:\/\/schema.org","@graph":[{"@type":"WebPage","@id":"https:\/\/sportac.cl\/index.php\/producto\/rifle-pcp-beeman-commodore-sintetico-regulado-cal-5-5mm\/","url":"https:\/\/sportac.cl\/index.php\/producto\/rifle-pcp-beeman-commodore-sintetico-regulado-cal-5-5mm\/","name":"Rifle PCP BEEMAN COMMODORE sintetico regulado cal 5.5MM - Sportac.cl","isPartOf":{"@id":"https:\/\/sportac.cl\/#website"},"primaryImageOfPage":{"@id":"https:\/\/sportac.cl\/index.php\/producto\/rifle-pcp-beeman-commodore-sintetico-regulado-cal-5-5mm\/#primaryimage"},"image":{"@id":"https:\/\/sportac.cl\/index.php\/producto\/rifle-pcp-beeman-commodore-sintetico-regulado-cal-5-5mm\/#primaryimage"},"thumbnailUrl":"https:\/\/sportac.cl\/wp-content\/uploads\/2025\/10\/sportac-bullpupsintetico.webp","datePublished":"2025-10-28T19:59:41+00:00","dateModified":"2025-11-03T16:53:36+00:00","description":"bemman bullpup, pcp beeman, caza, caceria, sportac, tiro deportivo, rifle pcp","breadcrumb":{"@id":"https:\/\/sportac.cl\/index.php\/producto\/rifle-pcp-beeman-commodore-sintetico-regulado-cal-5-5mm\/#breadcrumb"},"inLanguage":"es","potentialAction":[{"@type":"ReadAction","target":["https:\/\/sportac.cl\/index.php\/producto\/rifle-pcp-beeman-commodore-sintetico-regulado-cal-5-5mm\/"]}]},{"@type":"ImageObject","inLanguage":"es","@id":"https:\/\/sportac.cl\/index.php\/producto\/rifle-pcp-beeman-commodore-sintetico-regulado-cal-5-5mm\/#primaryimage","url":"https:\/\/sportac.cl\/wp-content\/uploads\/2025\/10\/sportac-bullpupsintetico.webp","contentUrl":"https:\/\/sportac.cl\/wp-content\/uploads\/2025\/10\/sportac-bullpupsintetico.webp","width":869,"height":869},{"@type":"BreadcrumbList","@id":"https:\/\/sportac.cl\/index.php\/producto\/rifle-pcp-beeman-commodore-sintetico-regulado-cal-5-5mm\/#breadcrumb","itemListElement":[{"@type":"ListItem","position":1,"name":"Portada","item":"https:\/\/sportac.cl\/index.php\/home\/"},{"@type":"ListItem","position":2,"name":"Tienda","item":"https:\/\/sportac.cl\/index.php\/tienda\/"},{"@type":"ListItem","position":3,"name":"Rifle PCP BEEMAN COMMODORE sintetico regulado cal 5.5MM"}]},{"@type":"WebSite","@id":"https:\/\/sportac.cl\/#website","url":"https:\/\/sportac.cl\/","name":"Sportac Linternas Caza y Pesca Camping","description":"Sportac.cl, tienda dedicada a venta de linternas profesionales y de alta calidad orientadas a deporte, industria y aplicaciones t\u00e1cticas Caza y Pesca","publisher":{"@id":"https:\/\/sportac.cl\/#organization"},"alternateName":"Tienda de Equipos - Linternas - Caza - Pesca - Camping","potentialAction":[{"@type":"SearchAction","target":{"@type":"EntryPoint","urlTemplate":"https:\/\/sportac.cl\/?s={search_term_string}"},"query-input":{"@type":"PropertyValueSpecification","valueRequired":true,"valueName":"search_term_string"}}],"inLanguage":"es"},{"@type":"Organization","@id":"https:\/\/sportac.cl\/#organization","name":"Sportac Tienda de Equipos de Caza y Pesca","alternateName":"Fenixligth, Fenix, linternas tacticas, led, iluminacion, mineria, Sportac, linternas Fenix, linterna C7, linterna HM71R, Linterna TK20R, iluminacion industrial, lantern,\u00a0flashlight Rifle pcp, Beeman, Glock, umarex, pistola traumatica, rifle nitropiston, pistola balines,\u00a0postones,\u00a0co2","url":"https:\/\/sportac.cl\/","logo":{"@type":"ImageObject","inLanguage":"es","@id":"https:\/\/sportac.cl\/#\/schema\/logo\/image\/","url":"https:\/\/sportac.cl\/wp-content\/uploads\/2025\/10\/cropped-Logo-Sportac-_-blanco.png","contentUrl":"https:\/\/sportac.cl\/wp-content\/uploads\/2025\/10\/cropped-Logo-Sportac-_-blanco.png","width":240,"height":259,"caption":"Sportac Tienda de Equipos de Caza y Pesca"},"image":{"@id":"https:\/\/sportac.cl\/#\/schema\/logo\/image\/"},"sameAs":["https:\/\/www.facebook.com\/profile.php?id=100064005011199&locale=bn_IN#","https:\/\/www.instagram.com\/sportac_fenix?igsh=cXBnb25jMzdwYzIw","https:\/\/www.tiktok.com\/@sportac73?_t=ZM-90r8HiYyUNk&_r=1"]}]}},"_links":{"self":[{"href":"https:\/\/sportac.cl\/index.php\/wp-json\/wp\/v2\/product\/346","targetHints":{"allow":["GET"]}}],"collection":[{"href":"https:\/\/sportac.cl\/index.php\/wp-json\/wp\/v2\/product"}],"about":[{"href":"https:\/\/sportac.cl\/index.php\/wp-json\/wp\/v2\/types\/product"}],"replies":[{"embeddable":true,"href":"https:\/\/sportac.cl\/index.php\/wp-json\/wp\/v2\/comments?post=346"}],"version-history":[{"count":1,"href":"https:\/\/sportac.cl\/index.php\/wp-json\/wp\/v2\/product\/346\/revisions"}],"predecessor-version":[{"id":386,"href":"https:\/\/sportac.cl\/index.php\/wp-json\/wp\/v2\/product\/346\/revisions\/386"}],"wp:featuredmedia":[{"embeddable":true,"href":"https:\/\/sportac.cl\/index.php\/wp-json\/wp\/v2\/media\/347"}],"wp:attachment":[{"href":"https:\/\/sportac.cl\/index.php\/wp-json\/wp\/v2\/media?parent=346"}],"wp:term":[{"taxonomy":"product_brand","embeddable":true,"href":"https:\/\/sportac.cl\/index.php\/wp-json\/wp\/v2\/product_brand?post=346"},{"taxonomy":"product_cat","embeddable":true,"href":"https:\/\/sportac.cl\/index.php\/wp-json\/wp\/v2\/product_cat?post=346"},{"taxonomy":"product_tag","embeddable":true,"href":"https:\/\/sportac.cl\/index.php\/wp-json\/wp\/v2\/product_tag?post=346"}],"curies":[{"name":"wp","href":"https:\/\/api.w.org\/{rel}","templated":true}]}}