{"id":339,"date":"2025-10-28T19:16:16","date_gmt":"2025-10-28T19:16:16","guid":{"rendered":"https:\/\/sportac.cl\/?post_type=product&#038;p=339"},"modified":"2025-11-03T16:54:45","modified_gmt":"2025-11-03T16:54:45","slug":"rifle-pcp-beeman-commodore-bullpup-madera-cal-5-5","status":"publish","type":"product","link":"https:\/\/sportac.cl\/index.php\/producto\/rifle-pcp-beeman-commodore-bullpup-madera-cal-5-5\/","title":{"rendered":"Rifle PCP Beeman Commodore Bullpup madera cal 5.5"},"content":{"rendered":"<p>Beeman Under Lever es un rifle de aire comprimido PCP con un m\u00e9todo de amartillado \u00fanico que le permite obtener opciones que normalmente est\u00e1n reservadas para un rifle de aire m\u00e1s caro en un paquete econ\u00f3mico. Alcanza velocidades de hasta 1050 fps en .177 y 880 fps en .22 y tiene mucha potencia para la caza menor, el plinking y el control de plagas. NO INCLUYE MIRA TELESCOPICA!<\/p>\n<p>Caracter\u00edsticas:<\/p>\n<p>Rifle A.C.PCP BEEMAN BullPup 5,5mm<br \/>\n270m\/s XXJ Madera Under Lever<br \/>\nPCPCalibre5.5 mm<br \/>\nMira de fibra \u00f3ptica ( no incluye mira telesc\u00f3pica )<br \/>\nCulata de madera europea Supresor de sonido Velocidad270m\/s<br \/>\nPeso 3,3 kg<br \/>\nLargo 81 cm<br \/>\n3.000 psi<\/p>\n<p>Gatillo de 2 etapas Under lever (palanca de carga inferior)<\/p>\n<p>Potencia ajustable<br \/>\n2 Cargadores de 10tirosc\/u<\/p>\n<p>2 Cunas de carga mono tiro<\/p>\n","protected":false},"excerpt":{"rendered":"<p>Beeman Under Lever es un rifle de aire comprimido PCP con un m\u00e9todo de amartillado \u00fanico que le permite obtener opciones que normalmente est\u00e1n reservadas para un rifle de aire m\u00e1s caro en un paquete econ\u00f3mico.<\/p>\n","protected":false},"featured_media":341,"comment_status":"open","ping_status":"closed","template":"","meta":[],"product_brand":[],"product_cat":[99],"product_tag":[149,150,148,144],"class_list":{"0":"post-339","1":"product","2":"type-product","3":"status-publish","4":"has-post-thumbnail","6":"product_cat-riflespcp","7":"product_tag-beeman-commodore","8":"product_tag-bullpup","9":"product_tag-rifle-beeman","10":"product_tag-rifle-pcp","12":"first","13":"instock","14":"sale","15":"taxable","16":"shipping-taxable","17":"purchasable","18":"product-type-simple"},"yoast_head":"<!-- This site is optimized with the Yoast SEO plugin v26.1.1 - https:\/\/yoast.com\/wordpress\/plugins\/seo\/ -->\n<title>Rifle PCP Beeman Commodore Bullpup madera cal 5.5 - Sportac.cl<\/title>\n<meta name=\"description\" content=\"rifle pcp, rifle beeman, sportac, aire comprimido, tiro deportivo, caza, caceria\" \/>\n<meta name=\"robots\" content=\"index, follow, max-snippet:-1, max-image-preview:large, max-video-preview:-1\" \/>\n<link rel=\"canonical\" href=\"https:\/\/sportac.cl\/index.php\/producto\/rifle-pcp-beeman-commodore-bullpup-madera-cal-5-5\/\" \/>\n<meta property=\"og:locale\" content=\"es_ES\" \/>\n<meta property=\"og:type\" content=\"article\" \/>\n<meta property=\"og:title\" content=\"Rifle PCP Beeman Commodore Bullpup madera cal 5.5 - Sportac.cl\" \/>\n<meta property=\"og:description\" content=\"rifle pcp, rifle beeman, sportac, aire comprimido, tiro deportivo, caza, caceria\" \/>\n<meta property=\"og:url\" content=\"https:\/\/sportac.cl\/index.php\/producto\/rifle-pcp-beeman-commodore-bullpup-madera-cal-5-5\/\" \/>\n<meta property=\"og:site_name\" content=\"Sportac.cl\" \/>\n<meta property=\"article:publisher\" content=\"https:\/\/www.facebook.com\/profile.php?id=100064005011199&amp;locale=bn_IN#\" \/>\n<meta property=\"article:modified_time\" content=\"2025-11-03T16:54:45+00:00\" \/>\n<meta property=\"og:image\" content=\"https:\/\/sportac.cl\/wp-content\/uploads\/2025\/10\/sportac-bullpupmadera.png\" \/>\n\t<meta property=\"og:image:width\" content=\"1080\" \/>\n\t<meta property=\"og:image:height\" content=\"1360\" \/>\n\t<meta property=\"og:image:type\" content=\"image\/png\" \/>\n<meta name=\"twitter:card\" content=\"summary_large_image\" \/>\n<meta name=\"twitter:label1\" content=\"Tiempo de lectura\" \/>\n\t<meta name=\"twitter:data1\" content=\"1 minuto\" \/>\n<script type=\"application\/ld+json\" class=\"yoast-schema-graph\">{\"@context\":\"https:\/\/schema.org\",\"@graph\":[{\"@type\":\"WebPage\",\"@id\":\"https:\/\/sportac.cl\/index.php\/producto\/rifle-pcp-beeman-commodore-bullpup-madera-cal-5-5\/\",\"url\":\"https:\/\/sportac.cl\/index.php\/producto\/rifle-pcp-beeman-commodore-bullpup-madera-cal-5-5\/\",\"name\":\"Rifle PCP Beeman Commodore Bullpup madera cal 5.5 - Sportac.cl\",\"isPartOf\":{\"@id\":\"https:\/\/sportac.cl\/#website\"},\"primaryImageOfPage\":{\"@id\":\"https:\/\/sportac.cl\/index.php\/producto\/rifle-pcp-beeman-commodore-bullpup-madera-cal-5-5\/#primaryimage\"},\"image\":{\"@id\":\"https:\/\/sportac.cl\/index.php\/producto\/rifle-pcp-beeman-commodore-bullpup-madera-cal-5-5\/#primaryimage\"},\"thumbnailUrl\":\"https:\/\/sportac.cl\/wp-content\/uploads\/2025\/10\/sportac-bullpupmadera.png\",\"datePublished\":\"2025-10-28T19:16:16+00:00\",\"dateModified\":\"2025-11-03T16:54:45+00:00\",\"description\":\"rifle pcp, rifle beeman, sportac, aire comprimido, tiro deportivo, caza, caceria\",\"breadcrumb\":{\"@id\":\"https:\/\/sportac.cl\/index.php\/producto\/rifle-pcp-beeman-commodore-bullpup-madera-cal-5-5\/#breadcrumb\"},\"inLanguage\":\"es\",\"potentialAction\":[{\"@type\":\"ReadAction\",\"target\":[\"https:\/\/sportac.cl\/index.php\/producto\/rifle-pcp-beeman-commodore-bullpup-madera-cal-5-5\/\"]}]},{\"@type\":\"ImageObject\",\"inLanguage\":\"es\",\"@id\":\"https:\/\/sportac.cl\/index.php\/producto\/rifle-pcp-beeman-commodore-bullpup-madera-cal-5-5\/#primaryimage\",\"url\":\"https:\/\/sportac.cl\/wp-content\/uploads\/2025\/10\/sportac-bullpupmadera.png\",\"contentUrl\":\"https:\/\/sportac.cl\/wp-content\/uploads\/2025\/10\/sportac-bullpupmadera.png\",\"width\":1080,\"height\":1360},{\"@type\":\"BreadcrumbList\",\"@id\":\"https:\/\/sportac.cl\/index.php\/producto\/rifle-pcp-beeman-commodore-bullpup-madera-cal-5-5\/#breadcrumb\",\"itemListElement\":[{\"@type\":\"ListItem\",\"position\":1,\"name\":\"Portada\",\"item\":\"https:\/\/sportac.cl\/index.php\/home\/\"},{\"@type\":\"ListItem\",\"position\":2,\"name\":\"Tienda\",\"item\":\"https:\/\/sportac.cl\/index.php\/tienda\/\"},{\"@type\":\"ListItem\",\"position\":3,\"name\":\"Rifle PCP Beeman Commodore Bullpup madera cal 5.5\"}]},{\"@type\":\"WebSite\",\"@id\":\"https:\/\/sportac.cl\/#website\",\"url\":\"https:\/\/sportac.cl\/\",\"name\":\"Sportac Linternas Caza y Pesca Camping\",\"description\":\"Sportac.cl, tienda dedicada a venta de linternas profesionales y de alta calidad orientadas a deporte, industria y aplicaciones t\u00e1cticas Caza y Pesca\",\"publisher\":{\"@id\":\"https:\/\/sportac.cl\/#organization\"},\"alternateName\":\"Tienda de Equipos - Linternas - Caza - Pesca - Camping\",\"potentialAction\":[{\"@type\":\"SearchAction\",\"target\":{\"@type\":\"EntryPoint\",\"urlTemplate\":\"https:\/\/sportac.cl\/?s={search_term_string}\"},\"query-input\":{\"@type\":\"PropertyValueSpecification\",\"valueRequired\":true,\"valueName\":\"search_term_string\"}}],\"inLanguage\":\"es\"},{\"@type\":\"Organization\",\"@id\":\"https:\/\/sportac.cl\/#organization\",\"name\":\"Sportac Tienda de Equipos de Caza y Pesca\",\"alternateName\":\"Fenixligth, Fenix, linternas tacticas, led, iluminacion, mineria, Sportac, linternas Fenix, linterna C7, linterna HM71R, Linterna TK20R, iluminacion industrial, lantern,\u00a0flashlight Rifle pcp, Beeman, Glock, umarex, pistola traumatica, rifle nitropiston, pistola balines,\u00a0postones,\u00a0co2\",\"url\":\"https:\/\/sportac.cl\/\",\"logo\":{\"@type\":\"ImageObject\",\"inLanguage\":\"es\",\"@id\":\"https:\/\/sportac.cl\/#\/schema\/logo\/image\/\",\"url\":\"https:\/\/sportac.cl\/wp-content\/uploads\/2025\/10\/cropped-Logo-Sportac-_-blanco.png\",\"contentUrl\":\"https:\/\/sportac.cl\/wp-content\/uploads\/2025\/10\/cropped-Logo-Sportac-_-blanco.png\",\"width\":240,\"height\":259,\"caption\":\"Sportac Tienda de Equipos de Caza y Pesca\"},\"image\":{\"@id\":\"https:\/\/sportac.cl\/#\/schema\/logo\/image\/\"},\"sameAs\":[\"https:\/\/www.facebook.com\/profile.php?id=100064005011199&locale=bn_IN#\",\"https:\/\/www.instagram.com\/sportac_fenix?igsh=cXBnb25jMzdwYzIw\",\"https:\/\/www.tiktok.com\/@sportac73?_t=ZM-90r8HiYyUNk&_r=1\"]}]}<\/script>\n<!-- \/ Yoast SEO plugin. -->","yoast_head_json":{"title":"Rifle PCP Beeman Commodore Bullpup madera cal 5.5 - Sportac.cl","description":"rifle pcp, rifle beeman, sportac, aire comprimido, tiro deportivo, caza, caceria","robots":{"index":"index","follow":"follow","max-snippet":"max-snippet:-1","max-image-preview":"max-image-preview:large","max-video-preview":"max-video-preview:-1"},"canonical":"https:\/\/sportac.cl\/index.php\/producto\/rifle-pcp-beeman-commodore-bullpup-madera-cal-5-5\/","og_locale":"es_ES","og_type":"article","og_title":"Rifle PCP Beeman Commodore Bullpup madera cal 5.5 - Sportac.cl","og_description":"rifle pcp, rifle beeman, sportac, aire comprimido, tiro deportivo, caza, caceria","og_url":"https:\/\/sportac.cl\/index.php\/producto\/rifle-pcp-beeman-commodore-bullpup-madera-cal-5-5\/","og_site_name":"Sportac.cl","article_publisher":"https:\/\/www.facebook.com\/profile.php?id=100064005011199&locale=bn_IN#","article_modified_time":"2025-11-03T16:54:45+00:00","og_image":[{"width":1080,"height":1360,"url":"https:\/\/sportac.cl\/wp-content\/uploads\/2025\/10\/sportac-bullpupmadera.png","type":"image\/png"}],"twitter_card":"summary_large_image","twitter_misc":{"Tiempo de lectura":"1 minuto"},"schema":{"@context":"https:\/\/schema.org","@graph":[{"@type":"WebPage","@id":"https:\/\/sportac.cl\/index.php\/producto\/rifle-pcp-beeman-commodore-bullpup-madera-cal-5-5\/","url":"https:\/\/sportac.cl\/index.php\/producto\/rifle-pcp-beeman-commodore-bullpup-madera-cal-5-5\/","name":"Rifle PCP Beeman Commodore Bullpup madera cal 5.5 - Sportac.cl","isPartOf":{"@id":"https:\/\/sportac.cl\/#website"},"primaryImageOfPage":{"@id":"https:\/\/sportac.cl\/index.php\/producto\/rifle-pcp-beeman-commodore-bullpup-madera-cal-5-5\/#primaryimage"},"image":{"@id":"https:\/\/sportac.cl\/index.php\/producto\/rifle-pcp-beeman-commodore-bullpup-madera-cal-5-5\/#primaryimage"},"thumbnailUrl":"https:\/\/sportac.cl\/wp-content\/uploads\/2025\/10\/sportac-bullpupmadera.png","datePublished":"2025-10-28T19:16:16+00:00","dateModified":"2025-11-03T16:54:45+00:00","description":"rifle pcp, rifle beeman, sportac, aire comprimido, tiro deportivo, caza, caceria","breadcrumb":{"@id":"https:\/\/sportac.cl\/index.php\/producto\/rifle-pcp-beeman-commodore-bullpup-madera-cal-5-5\/#breadcrumb"},"inLanguage":"es","potentialAction":[{"@type":"ReadAction","target":["https:\/\/sportac.cl\/index.php\/producto\/rifle-pcp-beeman-commodore-bullpup-madera-cal-5-5\/"]}]},{"@type":"ImageObject","inLanguage":"es","@id":"https:\/\/sportac.cl\/index.php\/producto\/rifle-pcp-beeman-commodore-bullpup-madera-cal-5-5\/#primaryimage","url":"https:\/\/sportac.cl\/wp-content\/uploads\/2025\/10\/sportac-bullpupmadera.png","contentUrl":"https:\/\/sportac.cl\/wp-content\/uploads\/2025\/10\/sportac-bullpupmadera.png","width":1080,"height":1360},{"@type":"BreadcrumbList","@id":"https:\/\/sportac.cl\/index.php\/producto\/rifle-pcp-beeman-commodore-bullpup-madera-cal-5-5\/#breadcrumb","itemListElement":[{"@type":"ListItem","position":1,"name":"Portada","item":"https:\/\/sportac.cl\/index.php\/home\/"},{"@type":"ListItem","position":2,"name":"Tienda","item":"https:\/\/sportac.cl\/index.php\/tienda\/"},{"@type":"ListItem","position":3,"name":"Rifle PCP Beeman Commodore Bullpup madera cal 5.5"}]},{"@type":"WebSite","@id":"https:\/\/sportac.cl\/#website","url":"https:\/\/sportac.cl\/","name":"Sportac Linternas Caza y Pesca Camping","description":"Sportac.cl, tienda dedicada a venta de linternas profesionales y de alta calidad orientadas a deporte, industria y aplicaciones t\u00e1cticas Caza y Pesca","publisher":{"@id":"https:\/\/sportac.cl\/#organization"},"alternateName":"Tienda de Equipos - Linternas - Caza - Pesca - Camping","potentialAction":[{"@type":"SearchAction","target":{"@type":"EntryPoint","urlTemplate":"https:\/\/sportac.cl\/?s={search_term_string}"},"query-input":{"@type":"PropertyValueSpecification","valueRequired":true,"valueName":"search_term_string"}}],"inLanguage":"es"},{"@type":"Organization","@id":"https:\/\/sportac.cl\/#organization","name":"Sportac Tienda de Equipos de Caza y Pesca","alternateName":"Fenixligth, Fenix, linternas tacticas, led, iluminacion, mineria, Sportac, linternas Fenix, linterna C7, linterna HM71R, Linterna TK20R, iluminacion industrial, lantern,\u00a0flashlight Rifle pcp, Beeman, Glock, umarex, pistola traumatica, rifle nitropiston, pistola balines,\u00a0postones,\u00a0co2","url":"https:\/\/sportac.cl\/","logo":{"@type":"ImageObject","inLanguage":"es","@id":"https:\/\/sportac.cl\/#\/schema\/logo\/image\/","url":"https:\/\/sportac.cl\/wp-content\/uploads\/2025\/10\/cropped-Logo-Sportac-_-blanco.png","contentUrl":"https:\/\/sportac.cl\/wp-content\/uploads\/2025\/10\/cropped-Logo-Sportac-_-blanco.png","width":240,"height":259,"caption":"Sportac Tienda de Equipos de Caza y Pesca"},"image":{"@id":"https:\/\/sportac.cl\/#\/schema\/logo\/image\/"},"sameAs":["https:\/\/www.facebook.com\/profile.php?id=100064005011199&locale=bn_IN#","https:\/\/www.instagram.com\/sportac_fenix?igsh=cXBnb25jMzdwYzIw","https:\/\/www.tiktok.com\/@sportac73?_t=ZM-90r8HiYyUNk&_r=1"]}]}},"_links":{"self":[{"href":"https:\/\/sportac.cl\/index.php\/wp-json\/wp\/v2\/product\/339","targetHints":{"allow":["GET"]}}],"collection":[{"href":"https:\/\/sportac.cl\/index.php\/wp-json\/wp\/v2\/product"}],"about":[{"href":"https:\/\/sportac.cl\/index.php\/wp-json\/wp\/v2\/types\/product"}],"replies":[{"embeddable":true,"href":"https:\/\/sportac.cl\/index.php\/wp-json\/wp\/v2\/comments?post=339"}],"version-history":[{"count":1,"href":"https:\/\/sportac.cl\/index.php\/wp-json\/wp\/v2\/product\/339\/revisions"}],"predecessor-version":[{"id":387,"href":"https:\/\/sportac.cl\/index.php\/wp-json\/wp\/v2\/product\/339\/revisions\/387"}],"wp:featuredmedia":[{"embeddable":true,"href":"https:\/\/sportac.cl\/index.php\/wp-json\/wp\/v2\/media\/341"}],"wp:attachment":[{"href":"https:\/\/sportac.cl\/index.php\/wp-json\/wp\/v2\/media?parent=339"}],"wp:term":[{"taxonomy":"product_brand","embeddable":true,"href":"https:\/\/sportac.cl\/index.php\/wp-json\/wp\/v2\/product_brand?post=339"},{"taxonomy":"product_cat","embeddable":true,"href":"https:\/\/sportac.cl\/index.php\/wp-json\/wp\/v2\/product_cat?post=339"},{"taxonomy":"product_tag","embeddable":true,"href":"https:\/\/sportac.cl\/index.php\/wp-json\/wp\/v2\/product_tag?post=339"}],"curies":[{"name":"wp","href":"https:\/\/api.w.org\/{rel}","templated":true}]}}