{"id":295,"date":"2025-10-28T15:41:21","date_gmt":"2025-10-28T15:41:21","guid":{"rendered":"https:\/\/sportac.cl\/?post_type=product&#038;p=295"},"modified":"2025-10-28T15:41:22","modified_gmt":"2025-10-28T15:41:22","slug":"linterna-para-bicicleta-fenix-bc15r","status":"publish","type":"product","link":"https:\/\/sportac.cl\/index.php\/producto\/linterna-para-bicicleta-fenix-bc15r\/","title":{"rendered":"Linterna para Bicicleta Fenix BC15R"},"content":{"rendered":"<p>La Linterna Fenix BC15R es una luz urbana para bicicleta, dise\u00f1ada para ofrecer seguridad y funcionalidad. Con 400 l\u00famenes y un alcance de hasta 78 metros, proporciona una iluminaci\u00f3n potente que facilita la visibilidad en trayectos urbanos. Su dise\u00f1o liviano y elegante permite su montaje tanto en casco como en manillar, gracias a soportes compatibles con interfaz GoPro. La l\u00ednea de corte de f\u00e1cula mejora la seguridad al mantener visibles a peatones. Cuenta con bater\u00eda recargable de 2600 mAh mediante USB tipo C, control intuitivo de un solo bot\u00f3n, indicador de bater\u00eda y protecci\u00f3n IP66 contra agua y polvo, ideal para el ciclista exigente. Est\u00e1 disponible en Sportac.<\/p>\n<ul>\n<li>Salida m\u00e1xima de 400 l\u00famenes y distancia m\u00e1xima del haz de 78 metros.<\/li>\n<li>Bater\u00eda incorporada de 2600 mAh.<\/li>\n<li>Carga USB tipo C.<\/li>\n<li>Operaci\u00f3n f\u00e1cil y r\u00e1pida con un solo interruptor.<\/li>\n<li>Indicaci\u00f3n de nivel de bater\u00eda y aviso de bajo voltaje.<\/li>\n<li>La l\u00ednea de corte antideslumbrante f\u00e1cula hace que los desplazamientos urbanos sean m\u00e1s seguros para las personas que circulan en sentido contrario.<\/li>\n<li>Compatible con soporte para casco con luz de bicicleta Fenix y soporte para luz de bicicleta con interfaz GoPro.<\/li>\n<\/ul>\n","protected":false},"excerpt":{"rendered":"<p>La Linterna Fenix BC15R es una luz urbana para bicicleta, dise\u00f1ada para ofrecer seguridad y funcionalidad. Con 400 l\u00famenes y un alcance de hasta 78 metros, proporciona una iluminaci\u00f3n potente que facilita la visibilidad en trayectos urbanos. Su dise\u00f1o liviano y elegante permite su montaje tanto en casco como en manillar, gracias a soportes compatibles con interfaz GoPro.<\/p>\n","protected":false},"featured_media":296,"comment_status":"open","ping_status":"closed","template":"","meta":[],"product_brand":[],"product_cat":[139],"product_tag":[119,111,140],"class_list":{"0":"post-295","1":"product","2":"type-product","3":"status-publish","4":"has-post-thumbnail","6":"product_cat-linternasbicicletas","7":"product_tag-fenixlight","8":"product_tag-linterna-fenix","9":"product_tag-linterna-para-bicicleta","11":"first","12":"instock","13":"taxable","14":"shipping-taxable","15":"purchasable","16":"product-type-simple"},"yoast_head":"<!-- This site is optimized with the Yoast SEO plugin v26.1.1 - https:\/\/yoast.com\/wordpress\/plugins\/seo\/ -->\n<title>Linterna para Bicicleta Fenix BC15R - Sportac.cl<\/title>\n<meta name=\"description\" content=\"linterna para bicicleta, fenixlight, fenix, sportac, luz, led, bicicletas, bc15r, foco led,\" \/>\n<meta name=\"robots\" content=\"index, follow, max-snippet:-1, max-image-preview:large, max-video-preview:-1\" \/>\n<link rel=\"canonical\" href=\"https:\/\/sportac.cl\/index.php\/producto\/linterna-para-bicicleta-fenix-bc15r\/\" \/>\n<meta property=\"og:locale\" content=\"es_ES\" \/>\n<meta property=\"og:type\" content=\"article\" \/>\n<meta property=\"og:title\" content=\"Linterna para Bicicleta Fenix BC15R - Sportac.cl\" \/>\n<meta property=\"og:description\" content=\"linterna para bicicleta, fenixlight, fenix, sportac, luz, led, bicicletas, bc15r, foco led,\" \/>\n<meta property=\"og:url\" content=\"https:\/\/sportac.cl\/index.php\/producto\/linterna-para-bicicleta-fenix-bc15r\/\" \/>\n<meta property=\"og:site_name\" content=\"Sportac.cl\" \/>\n<meta property=\"article:publisher\" content=\"https:\/\/www.facebook.com\/profile.php?id=100064005011199&amp;locale=bn_IN#\" \/>\n<meta property=\"article:modified_time\" content=\"2025-10-28T15:41:22+00:00\" \/>\n<meta property=\"og:image\" content=\"https:\/\/sportac.cl\/wp-content\/uploads\/2025\/10\/sportac-bc15r.webp\" \/>\n\t<meta property=\"og:image:width\" content=\"1407\" \/>\n\t<meta property=\"og:image:height\" content=\"1005\" \/>\n\t<meta property=\"og:image:type\" content=\"image\/webp\" \/>\n<meta name=\"twitter:card\" content=\"summary_large_image\" \/>\n<meta name=\"twitter:label1\" content=\"Tiempo de lectura\" \/>\n\t<meta name=\"twitter:data1\" content=\"2 minutos\" \/>\n<script type=\"application\/ld+json\" class=\"yoast-schema-graph\">{\"@context\":\"https:\/\/schema.org\",\"@graph\":[{\"@type\":\"WebPage\",\"@id\":\"https:\/\/sportac.cl\/index.php\/producto\/linterna-para-bicicleta-fenix-bc15r\/\",\"url\":\"https:\/\/sportac.cl\/index.php\/producto\/linterna-para-bicicleta-fenix-bc15r\/\",\"name\":\"Linterna para Bicicleta Fenix BC15R - Sportac.cl\",\"isPartOf\":{\"@id\":\"https:\/\/sportac.cl\/#website\"},\"primaryImageOfPage\":{\"@id\":\"https:\/\/sportac.cl\/index.php\/producto\/linterna-para-bicicleta-fenix-bc15r\/#primaryimage\"},\"image\":{\"@id\":\"https:\/\/sportac.cl\/index.php\/producto\/linterna-para-bicicleta-fenix-bc15r\/#primaryimage\"},\"thumbnailUrl\":\"https:\/\/sportac.cl\/wp-content\/uploads\/2025\/10\/sportac-bc15r.webp\",\"datePublished\":\"2025-10-28T15:41:21+00:00\",\"dateModified\":\"2025-10-28T15:41:22+00:00\",\"description\":\"linterna para bicicleta, fenixlight, fenix, sportac, luz, led, bicicletas, bc15r, foco led,\",\"breadcrumb\":{\"@id\":\"https:\/\/sportac.cl\/index.php\/producto\/linterna-para-bicicleta-fenix-bc15r\/#breadcrumb\"},\"inLanguage\":\"es\",\"potentialAction\":[{\"@type\":\"ReadAction\",\"target\":[\"https:\/\/sportac.cl\/index.php\/producto\/linterna-para-bicicleta-fenix-bc15r\/\"]}]},{\"@type\":\"ImageObject\",\"inLanguage\":\"es\",\"@id\":\"https:\/\/sportac.cl\/index.php\/producto\/linterna-para-bicicleta-fenix-bc15r\/#primaryimage\",\"url\":\"https:\/\/sportac.cl\/wp-content\/uploads\/2025\/10\/sportac-bc15r.webp\",\"contentUrl\":\"https:\/\/sportac.cl\/wp-content\/uploads\/2025\/10\/sportac-bc15r.webp\",\"width\":1407,\"height\":1005},{\"@type\":\"BreadcrumbList\",\"@id\":\"https:\/\/sportac.cl\/index.php\/producto\/linterna-para-bicicleta-fenix-bc15r\/#breadcrumb\",\"itemListElement\":[{\"@type\":\"ListItem\",\"position\":1,\"name\":\"Portada\",\"item\":\"https:\/\/sportac.cl\/index.php\/home\/\"},{\"@type\":\"ListItem\",\"position\":2,\"name\":\"Tienda\",\"item\":\"https:\/\/sportac.cl\/index.php\/tienda\/\"},{\"@type\":\"ListItem\",\"position\":3,\"name\":\"Linterna para Bicicleta Fenix BC15R\"}]},{\"@type\":\"WebSite\",\"@id\":\"https:\/\/sportac.cl\/#website\",\"url\":\"https:\/\/sportac.cl\/\",\"name\":\"Sportac Linternas Caza y Pesca Camping\",\"description\":\"Sportac.cl, tienda dedicada a venta de linternas profesionales y de alta calidad orientadas a deporte, industria y aplicaciones t\u00e1cticas Caza y Pesca\",\"publisher\":{\"@id\":\"https:\/\/sportac.cl\/#organization\"},\"alternateName\":\"Tienda de Equipos - Linternas - Caza - Pesca - Camping\",\"potentialAction\":[{\"@type\":\"SearchAction\",\"target\":{\"@type\":\"EntryPoint\",\"urlTemplate\":\"https:\/\/sportac.cl\/?s={search_term_string}\"},\"query-input\":{\"@type\":\"PropertyValueSpecification\",\"valueRequired\":true,\"valueName\":\"search_term_string\"}}],\"inLanguage\":\"es\"},{\"@type\":\"Organization\",\"@id\":\"https:\/\/sportac.cl\/#organization\",\"name\":\"Sportac Tienda de Equipos de Caza y Pesca\",\"alternateName\":\"Fenixligth, Fenix, linternas tacticas, led, iluminacion, mineria, Sportac, linternas Fenix, linterna C7, linterna HM71R, Linterna TK20R, iluminacion industrial, lantern,\u00a0flashlight Rifle pcp, Beeman, Glock, umarex, pistola traumatica, rifle nitropiston, pistola balines,\u00a0postones,\u00a0co2\",\"url\":\"https:\/\/sportac.cl\/\",\"logo\":{\"@type\":\"ImageObject\",\"inLanguage\":\"es\",\"@id\":\"https:\/\/sportac.cl\/#\/schema\/logo\/image\/\",\"url\":\"https:\/\/sportac.cl\/wp-content\/uploads\/2025\/10\/cropped-Logo-Sportac-_-blanco.png\",\"contentUrl\":\"https:\/\/sportac.cl\/wp-content\/uploads\/2025\/10\/cropped-Logo-Sportac-_-blanco.png\",\"width\":240,\"height\":259,\"caption\":\"Sportac Tienda de Equipos de Caza y Pesca\"},\"image\":{\"@id\":\"https:\/\/sportac.cl\/#\/schema\/logo\/image\/\"},\"sameAs\":[\"https:\/\/www.facebook.com\/profile.php?id=100064005011199&locale=bn_IN#\",\"https:\/\/www.instagram.com\/sportac_fenix?igsh=cXBnb25jMzdwYzIw\",\"https:\/\/www.tiktok.com\/@sportac73?_t=ZM-90r8HiYyUNk&_r=1\"]}]}<\/script>\n<!-- \/ Yoast SEO plugin. -->","yoast_head_json":{"title":"Linterna para Bicicleta Fenix BC15R - Sportac.cl","description":"linterna para bicicleta, fenixlight, fenix, sportac, luz, led, bicicletas, bc15r, foco led,","robots":{"index":"index","follow":"follow","max-snippet":"max-snippet:-1","max-image-preview":"max-image-preview:large","max-video-preview":"max-video-preview:-1"},"canonical":"https:\/\/sportac.cl\/index.php\/producto\/linterna-para-bicicleta-fenix-bc15r\/","og_locale":"es_ES","og_type":"article","og_title":"Linterna para Bicicleta Fenix BC15R - Sportac.cl","og_description":"linterna para bicicleta, fenixlight, fenix, sportac, luz, led, bicicletas, bc15r, foco led,","og_url":"https:\/\/sportac.cl\/index.php\/producto\/linterna-para-bicicleta-fenix-bc15r\/","og_site_name":"Sportac.cl","article_publisher":"https:\/\/www.facebook.com\/profile.php?id=100064005011199&locale=bn_IN#","article_modified_time":"2025-10-28T15:41:22+00:00","og_image":[{"width":1407,"height":1005,"url":"https:\/\/sportac.cl\/wp-content\/uploads\/2025\/10\/sportac-bc15r.webp","type":"image\/webp"}],"twitter_card":"summary_large_image","twitter_misc":{"Tiempo de lectura":"2 minutos"},"schema":{"@context":"https:\/\/schema.org","@graph":[{"@type":"WebPage","@id":"https:\/\/sportac.cl\/index.php\/producto\/linterna-para-bicicleta-fenix-bc15r\/","url":"https:\/\/sportac.cl\/index.php\/producto\/linterna-para-bicicleta-fenix-bc15r\/","name":"Linterna para Bicicleta Fenix BC15R - Sportac.cl","isPartOf":{"@id":"https:\/\/sportac.cl\/#website"},"primaryImageOfPage":{"@id":"https:\/\/sportac.cl\/index.php\/producto\/linterna-para-bicicleta-fenix-bc15r\/#primaryimage"},"image":{"@id":"https:\/\/sportac.cl\/index.php\/producto\/linterna-para-bicicleta-fenix-bc15r\/#primaryimage"},"thumbnailUrl":"https:\/\/sportac.cl\/wp-content\/uploads\/2025\/10\/sportac-bc15r.webp","datePublished":"2025-10-28T15:41:21+00:00","dateModified":"2025-10-28T15:41:22+00:00","description":"linterna para bicicleta, fenixlight, fenix, sportac, luz, led, bicicletas, bc15r, foco led,","breadcrumb":{"@id":"https:\/\/sportac.cl\/index.php\/producto\/linterna-para-bicicleta-fenix-bc15r\/#breadcrumb"},"inLanguage":"es","potentialAction":[{"@type":"ReadAction","target":["https:\/\/sportac.cl\/index.php\/producto\/linterna-para-bicicleta-fenix-bc15r\/"]}]},{"@type":"ImageObject","inLanguage":"es","@id":"https:\/\/sportac.cl\/index.php\/producto\/linterna-para-bicicleta-fenix-bc15r\/#primaryimage","url":"https:\/\/sportac.cl\/wp-content\/uploads\/2025\/10\/sportac-bc15r.webp","contentUrl":"https:\/\/sportac.cl\/wp-content\/uploads\/2025\/10\/sportac-bc15r.webp","width":1407,"height":1005},{"@type":"BreadcrumbList","@id":"https:\/\/sportac.cl\/index.php\/producto\/linterna-para-bicicleta-fenix-bc15r\/#breadcrumb","itemListElement":[{"@type":"ListItem","position":1,"name":"Portada","item":"https:\/\/sportac.cl\/index.php\/home\/"},{"@type":"ListItem","position":2,"name":"Tienda","item":"https:\/\/sportac.cl\/index.php\/tienda\/"},{"@type":"ListItem","position":3,"name":"Linterna para Bicicleta Fenix BC15R"}]},{"@type":"WebSite","@id":"https:\/\/sportac.cl\/#website","url":"https:\/\/sportac.cl\/","name":"Sportac Linternas Caza y Pesca Camping","description":"Sportac.cl, tienda dedicada a venta de linternas profesionales y de alta calidad orientadas a deporte, industria y aplicaciones t\u00e1cticas Caza y Pesca","publisher":{"@id":"https:\/\/sportac.cl\/#organization"},"alternateName":"Tienda de Equipos - Linternas - Caza - Pesca - Camping","potentialAction":[{"@type":"SearchAction","target":{"@type":"EntryPoint","urlTemplate":"https:\/\/sportac.cl\/?s={search_term_string}"},"query-input":{"@type":"PropertyValueSpecification","valueRequired":true,"valueName":"search_term_string"}}],"inLanguage":"es"},{"@type":"Organization","@id":"https:\/\/sportac.cl\/#organization","name":"Sportac Tienda de Equipos de Caza y Pesca","alternateName":"Fenixligth, Fenix, linternas tacticas, led, iluminacion, mineria, Sportac, linternas Fenix, linterna C7, linterna HM71R, Linterna TK20R, iluminacion industrial, lantern,\u00a0flashlight Rifle pcp, Beeman, Glock, umarex, pistola traumatica, rifle nitropiston, pistola balines,\u00a0postones,\u00a0co2","url":"https:\/\/sportac.cl\/","logo":{"@type":"ImageObject","inLanguage":"es","@id":"https:\/\/sportac.cl\/#\/schema\/logo\/image\/","url":"https:\/\/sportac.cl\/wp-content\/uploads\/2025\/10\/cropped-Logo-Sportac-_-blanco.png","contentUrl":"https:\/\/sportac.cl\/wp-content\/uploads\/2025\/10\/cropped-Logo-Sportac-_-blanco.png","width":240,"height":259,"caption":"Sportac Tienda de Equipos de Caza y Pesca"},"image":{"@id":"https:\/\/sportac.cl\/#\/schema\/logo\/image\/"},"sameAs":["https:\/\/www.facebook.com\/profile.php?id=100064005011199&locale=bn_IN#","https:\/\/www.instagram.com\/sportac_fenix?igsh=cXBnb25jMzdwYzIw","https:\/\/www.tiktok.com\/@sportac73?_t=ZM-90r8HiYyUNk&_r=1"]}]}},"_links":{"self":[{"href":"https:\/\/sportac.cl\/index.php\/wp-json\/wp\/v2\/product\/295","targetHints":{"allow":["GET"]}}],"collection":[{"href":"https:\/\/sportac.cl\/index.php\/wp-json\/wp\/v2\/product"}],"about":[{"href":"https:\/\/sportac.cl\/index.php\/wp-json\/wp\/v2\/types\/product"}],"replies":[{"embeddable":true,"href":"https:\/\/sportac.cl\/index.php\/wp-json\/wp\/v2\/comments?post=295"}],"version-history":[{"count":0,"href":"https:\/\/sportac.cl\/index.php\/wp-json\/wp\/v2\/product\/295\/revisions"}],"wp:featuredmedia":[{"embeddable":true,"href":"https:\/\/sportac.cl\/index.php\/wp-json\/wp\/v2\/media\/296"}],"wp:attachment":[{"href":"https:\/\/sportac.cl\/index.php\/wp-json\/wp\/v2\/media?parent=295"}],"wp:term":[{"taxonomy":"product_brand","embeddable":true,"href":"https:\/\/sportac.cl\/index.php\/wp-json\/wp\/v2\/product_brand?post=295"},{"taxonomy":"product_cat","embeddable":true,"href":"https:\/\/sportac.cl\/index.php\/wp-json\/wp\/v2\/product_cat?post=295"},{"taxonomy":"product_tag","embeddable":true,"href":"https:\/\/sportac.cl\/index.php\/wp-json\/wp\/v2\/product_tag?post=295"}],"curies":[{"name":"wp","href":"https:\/\/api.w.org\/{rel}","templated":true}]}}