{"id":263,"date":"2025-10-27T23:49:49","date_gmt":"2025-10-27T23:49:49","guid":{"rendered":"https:\/\/sportac.cl\/?post_type=product&#038;p=263"},"modified":"2025-10-27T23:49:49","modified_gmt":"2025-10-27T23:49:49","slug":"multi-cargador-fenix-are-a4","status":"publish","type":"product","link":"https:\/\/sportac.cl\/index.php\/producto\/multi-cargador-fenix-are-a4\/","title":{"rendered":"Multi Cargador Fenix ARE-A4"},"content":{"rendered":"<p>Fenix ARE-A4 es un multi cargador inteligente de cuatro canales, que es compatible con los tipos de bater\u00edas de iones de litio y Ni-MH \/ Ni-Cd. La pantalla LCD de alta definici\u00f3n muestra claramente el estado de carga y el nivel de bater\u00eda. Adem\u00e1s, el modo de carga del autom\u00f3vil ofrece una alta comodidad para los usuarios.<\/p>\n<p>Especificaciones:<\/p>\n<ul>\n<li>Compatible con diferentes tipos de bater\u00edas<\/li>\n<li>Protecci\u00f3n m\u00faltiple<\/li>\n<li>Pantalla LCD para cargar la pantalla<\/li>\n<li>Compatibla con carga de AC y DC<\/li>\n<li>Entrada: AC100-240V \/ 50-60Hz \/ 0.6A (max) o DC12-24V \/ 2.0A (max)<\/li>\n<li>Potencia de salida nominal: 6W (Ni-MH \/ Ni-Cd), 16.8W (Li-ion)<\/li>\n<li>Bater\u00eda de iones de lito:\u00a04.2V \/ 1.0A: 10440,14500,16340,18650,21700,26650<\/li>\n<li>Ni-MH \/ Ni-Cd: 1.5V, 1.0A: AA, AAA, C<\/li>\n<li>Tama\u00f1o: 5.89 \u2019\u2019 Largo \u00d7 4.09 \u2019\u2019 Ancho \u00d7 1.59 \u2019\u2019 Altura \/ 149.5 x 104 x 40.5 mm<\/li>\n<li>Peso: 9.35 oz \/ 265g (excluido el cable de carga)<\/li>\n<li>Temperatura de funcionamiento: -20 \u2103 a 50 \u2103<\/li>\n<li>Humedad de funcionamiento: 5% a 90%<\/li>\n<li>Temperatura de almacenamiento: -20 \u2103 a 80 \u2103<\/li>\n<li>UL, PSE, GS, FCC, CE, RoHS, WEEE, CB<\/li>\n<li>NO Incluye cable para 12-24 volts.<\/li>\n<\/ul>\n","protected":false},"excerpt":{"rendered":"<p>Fenix ARE-A4 es un multi cargador inteligente de cuatro canales, que es compatible con los tipos de bater\u00edas de iones de litio y Ni-MH \/ Ni-Cd. La pantalla LCD de alta definici\u00f3n muestra claramente el estado de carga y el nivel de bater\u00eda. Adem\u00e1s, el modo de carga del autom\u00f3vil ofrece una alta comodidad para los usuarios.<\/p>\n","protected":false},"featured_media":264,"comment_status":"open","ping_status":"closed","template":"","meta":[],"product_brand":[],"product_cat":[103],"product_tag":[129,130,131,111],"class_list":{"0":"post-263","1":"product","2":"type-product","3":"status-publish","4":"has-post-thumbnail","6":"product_cat-bateriascargadoresyaccesorios","7":"product_tag-cargador","8":"product_tag-cargador-bateria","9":"product_tag-cargador-fenix","10":"product_tag-linterna-fenix","12":"first","13":"instock","14":"taxable","15":"shipping-taxable","16":"purchasable","17":"product-type-simple"},"yoast_head":"<!-- This site is optimized with the Yoast SEO plugin v26.1.1 - https:\/\/yoast.com\/wordpress\/plugins\/seo\/ -->\n<title>Multi Cargador Fenix ARE-A4 - Sportac.cl<\/title>\n<meta name=\"description\" content=\"cargador pila, cargador bateria, cargador fenix, baterias, linternas fenix, linternas tacticas, sportac, mineria, industrial\" \/>\n<meta name=\"robots\" content=\"index, follow, max-snippet:-1, max-image-preview:large, max-video-preview:-1\" \/>\n<link rel=\"canonical\" href=\"https:\/\/sportac.cl\/index.php\/producto\/multi-cargador-fenix-are-a4\/\" \/>\n<meta property=\"og:locale\" content=\"es_ES\" \/>\n<meta property=\"og:type\" content=\"article\" \/>\n<meta property=\"og:title\" content=\"Multi Cargador Fenix ARE-A4 - Sportac.cl\" \/>\n<meta property=\"og:description\" content=\"cargador pila, cargador bateria, cargador fenix, baterias, linternas fenix, linternas tacticas, sportac, mineria, industrial\" \/>\n<meta property=\"og:url\" content=\"https:\/\/sportac.cl\/index.php\/producto\/multi-cargador-fenix-are-a4\/\" \/>\n<meta property=\"og:site_name\" content=\"Sportac.cl\" \/>\n<meta property=\"article:publisher\" content=\"https:\/\/www.facebook.com\/profile.php?id=100064005011199&amp;locale=bn_IN#\" \/>\n<meta property=\"og:image\" content=\"https:\/\/sportac.cl\/wp-content\/uploads\/2025\/10\/sportac-area4.webp\" \/>\n\t<meta property=\"og:image:width\" content=\"766\" \/>\n\t<meta property=\"og:image:height\" content=\"723\" \/>\n\t<meta property=\"og:image:type\" content=\"image\/webp\" \/>\n<meta name=\"twitter:card\" content=\"summary_large_image\" \/>\n<meta name=\"twitter:label1\" content=\"Tiempo de lectura\" \/>\n\t<meta name=\"twitter:data1\" content=\"2 minutos\" \/>\n<script type=\"application\/ld+json\" class=\"yoast-schema-graph\">{\"@context\":\"https:\/\/schema.org\",\"@graph\":[{\"@type\":\"WebPage\",\"@id\":\"https:\/\/sportac.cl\/index.php\/producto\/multi-cargador-fenix-are-a4\/\",\"url\":\"https:\/\/sportac.cl\/index.php\/producto\/multi-cargador-fenix-are-a4\/\",\"name\":\"Multi Cargador Fenix ARE-A4 - Sportac.cl\",\"isPartOf\":{\"@id\":\"https:\/\/sportac.cl\/#website\"},\"primaryImageOfPage\":{\"@id\":\"https:\/\/sportac.cl\/index.php\/producto\/multi-cargador-fenix-are-a4\/#primaryimage\"},\"image\":{\"@id\":\"https:\/\/sportac.cl\/index.php\/producto\/multi-cargador-fenix-are-a4\/#primaryimage\"},\"thumbnailUrl\":\"https:\/\/sportac.cl\/wp-content\/uploads\/2025\/10\/sportac-area4.webp\",\"datePublished\":\"2025-10-27T23:49:49+00:00\",\"description\":\"cargador pila, cargador bateria, cargador fenix, baterias, linternas fenix, linternas tacticas, sportac, mineria, industrial\",\"breadcrumb\":{\"@id\":\"https:\/\/sportac.cl\/index.php\/producto\/multi-cargador-fenix-are-a4\/#breadcrumb\"},\"inLanguage\":\"es\",\"potentialAction\":[{\"@type\":\"ReadAction\",\"target\":[\"https:\/\/sportac.cl\/index.php\/producto\/multi-cargador-fenix-are-a4\/\"]}]},{\"@type\":\"ImageObject\",\"inLanguage\":\"es\",\"@id\":\"https:\/\/sportac.cl\/index.php\/producto\/multi-cargador-fenix-are-a4\/#primaryimage\",\"url\":\"https:\/\/sportac.cl\/wp-content\/uploads\/2025\/10\/sportac-area4.webp\",\"contentUrl\":\"https:\/\/sportac.cl\/wp-content\/uploads\/2025\/10\/sportac-area4.webp\",\"width\":766,\"height\":723},{\"@type\":\"BreadcrumbList\",\"@id\":\"https:\/\/sportac.cl\/index.php\/producto\/multi-cargador-fenix-are-a4\/#breadcrumb\",\"itemListElement\":[{\"@type\":\"ListItem\",\"position\":1,\"name\":\"Portada\",\"item\":\"https:\/\/sportac.cl\/index.php\/home\/\"},{\"@type\":\"ListItem\",\"position\":2,\"name\":\"Tienda\",\"item\":\"https:\/\/sportac.cl\/index.php\/tienda\/\"},{\"@type\":\"ListItem\",\"position\":3,\"name\":\"Multi Cargador Fenix ARE-A4\"}]},{\"@type\":\"WebSite\",\"@id\":\"https:\/\/sportac.cl\/#website\",\"url\":\"https:\/\/sportac.cl\/\",\"name\":\"Sportac Linternas Caza y Pesca Camping\",\"description\":\"Sportac.cl, tienda dedicada a venta de linternas profesionales y de alta calidad orientadas a deporte, industria y aplicaciones t\u00e1cticas Caza y Pesca\",\"publisher\":{\"@id\":\"https:\/\/sportac.cl\/#organization\"},\"alternateName\":\"Tienda de Equipos - Linternas - Caza - Pesca - Camping\",\"potentialAction\":[{\"@type\":\"SearchAction\",\"target\":{\"@type\":\"EntryPoint\",\"urlTemplate\":\"https:\/\/sportac.cl\/?s={search_term_string}\"},\"query-input\":{\"@type\":\"PropertyValueSpecification\",\"valueRequired\":true,\"valueName\":\"search_term_string\"}}],\"inLanguage\":\"es\"},{\"@type\":\"Organization\",\"@id\":\"https:\/\/sportac.cl\/#organization\",\"name\":\"Sportac Tienda de Equipos de Caza y Pesca\",\"alternateName\":\"Fenixligth, Fenix, linternas tacticas, led, iluminacion, mineria, Sportac, linternas Fenix, linterna C7, linterna HM71R, Linterna TK20R, iluminacion industrial, lantern,\u00a0flashlight Rifle pcp, Beeman, Glock, umarex, pistola traumatica, rifle nitropiston, pistola balines,\u00a0postones,\u00a0co2\",\"url\":\"https:\/\/sportac.cl\/\",\"logo\":{\"@type\":\"ImageObject\",\"inLanguage\":\"es\",\"@id\":\"https:\/\/sportac.cl\/#\/schema\/logo\/image\/\",\"url\":\"https:\/\/sportac.cl\/wp-content\/uploads\/2025\/10\/cropped-Logo-Sportac-_-blanco.png\",\"contentUrl\":\"https:\/\/sportac.cl\/wp-content\/uploads\/2025\/10\/cropped-Logo-Sportac-_-blanco.png\",\"width\":240,\"height\":259,\"caption\":\"Sportac Tienda de Equipos de Caza y Pesca\"},\"image\":{\"@id\":\"https:\/\/sportac.cl\/#\/schema\/logo\/image\/\"},\"sameAs\":[\"https:\/\/www.facebook.com\/profile.php?id=100064005011199&locale=bn_IN#\",\"https:\/\/www.instagram.com\/sportac_fenix?igsh=cXBnb25jMzdwYzIw\",\"https:\/\/www.tiktok.com\/@sportac73?_t=ZM-90r8HiYyUNk&_r=1\"]}]}<\/script>\n<!-- \/ Yoast SEO plugin. -->","yoast_head_json":{"title":"Multi Cargador Fenix ARE-A4 - Sportac.cl","description":"cargador pila, cargador bateria, cargador fenix, baterias, linternas fenix, linternas tacticas, sportac, mineria, industrial","robots":{"index":"index","follow":"follow","max-snippet":"max-snippet:-1","max-image-preview":"max-image-preview:large","max-video-preview":"max-video-preview:-1"},"canonical":"https:\/\/sportac.cl\/index.php\/producto\/multi-cargador-fenix-are-a4\/","og_locale":"es_ES","og_type":"article","og_title":"Multi Cargador Fenix ARE-A4 - Sportac.cl","og_description":"cargador pila, cargador bateria, cargador fenix, baterias, linternas fenix, linternas tacticas, sportac, mineria, industrial","og_url":"https:\/\/sportac.cl\/index.php\/producto\/multi-cargador-fenix-are-a4\/","og_site_name":"Sportac.cl","article_publisher":"https:\/\/www.facebook.com\/profile.php?id=100064005011199&locale=bn_IN#","og_image":[{"width":766,"height":723,"url":"https:\/\/sportac.cl\/wp-content\/uploads\/2025\/10\/sportac-area4.webp","type":"image\/webp"}],"twitter_card":"summary_large_image","twitter_misc":{"Tiempo de lectura":"2 minutos"},"schema":{"@context":"https:\/\/schema.org","@graph":[{"@type":"WebPage","@id":"https:\/\/sportac.cl\/index.php\/producto\/multi-cargador-fenix-are-a4\/","url":"https:\/\/sportac.cl\/index.php\/producto\/multi-cargador-fenix-are-a4\/","name":"Multi Cargador Fenix ARE-A4 - Sportac.cl","isPartOf":{"@id":"https:\/\/sportac.cl\/#website"},"primaryImageOfPage":{"@id":"https:\/\/sportac.cl\/index.php\/producto\/multi-cargador-fenix-are-a4\/#primaryimage"},"image":{"@id":"https:\/\/sportac.cl\/index.php\/producto\/multi-cargador-fenix-are-a4\/#primaryimage"},"thumbnailUrl":"https:\/\/sportac.cl\/wp-content\/uploads\/2025\/10\/sportac-area4.webp","datePublished":"2025-10-27T23:49:49+00:00","description":"cargador pila, cargador bateria, cargador fenix, baterias, linternas fenix, linternas tacticas, sportac, mineria, industrial","breadcrumb":{"@id":"https:\/\/sportac.cl\/index.php\/producto\/multi-cargador-fenix-are-a4\/#breadcrumb"},"inLanguage":"es","potentialAction":[{"@type":"ReadAction","target":["https:\/\/sportac.cl\/index.php\/producto\/multi-cargador-fenix-are-a4\/"]}]},{"@type":"ImageObject","inLanguage":"es","@id":"https:\/\/sportac.cl\/index.php\/producto\/multi-cargador-fenix-are-a4\/#primaryimage","url":"https:\/\/sportac.cl\/wp-content\/uploads\/2025\/10\/sportac-area4.webp","contentUrl":"https:\/\/sportac.cl\/wp-content\/uploads\/2025\/10\/sportac-area4.webp","width":766,"height":723},{"@type":"BreadcrumbList","@id":"https:\/\/sportac.cl\/index.php\/producto\/multi-cargador-fenix-are-a4\/#breadcrumb","itemListElement":[{"@type":"ListItem","position":1,"name":"Portada","item":"https:\/\/sportac.cl\/index.php\/home\/"},{"@type":"ListItem","position":2,"name":"Tienda","item":"https:\/\/sportac.cl\/index.php\/tienda\/"},{"@type":"ListItem","position":3,"name":"Multi Cargador Fenix ARE-A4"}]},{"@type":"WebSite","@id":"https:\/\/sportac.cl\/#website","url":"https:\/\/sportac.cl\/","name":"Sportac Linternas Caza y Pesca Camping","description":"Sportac.cl, tienda dedicada a venta de linternas profesionales y de alta calidad orientadas a deporte, industria y aplicaciones t\u00e1cticas Caza y Pesca","publisher":{"@id":"https:\/\/sportac.cl\/#organization"},"alternateName":"Tienda de Equipos - Linternas - Caza - Pesca - Camping","potentialAction":[{"@type":"SearchAction","target":{"@type":"EntryPoint","urlTemplate":"https:\/\/sportac.cl\/?s={search_term_string}"},"query-input":{"@type":"PropertyValueSpecification","valueRequired":true,"valueName":"search_term_string"}}],"inLanguage":"es"},{"@type":"Organization","@id":"https:\/\/sportac.cl\/#organization","name":"Sportac Tienda de Equipos de Caza y Pesca","alternateName":"Fenixligth, Fenix, linternas tacticas, led, iluminacion, mineria, Sportac, linternas Fenix, linterna C7, linterna HM71R, Linterna TK20R, iluminacion industrial, lantern,\u00a0flashlight Rifle pcp, Beeman, Glock, umarex, pistola traumatica, rifle nitropiston, pistola balines,\u00a0postones,\u00a0co2","url":"https:\/\/sportac.cl\/","logo":{"@type":"ImageObject","inLanguage":"es","@id":"https:\/\/sportac.cl\/#\/schema\/logo\/image\/","url":"https:\/\/sportac.cl\/wp-content\/uploads\/2025\/10\/cropped-Logo-Sportac-_-blanco.png","contentUrl":"https:\/\/sportac.cl\/wp-content\/uploads\/2025\/10\/cropped-Logo-Sportac-_-blanco.png","width":240,"height":259,"caption":"Sportac Tienda de Equipos de Caza y Pesca"},"image":{"@id":"https:\/\/sportac.cl\/#\/schema\/logo\/image\/"},"sameAs":["https:\/\/www.facebook.com\/profile.php?id=100064005011199&locale=bn_IN#","https:\/\/www.instagram.com\/sportac_fenix?igsh=cXBnb25jMzdwYzIw","https:\/\/www.tiktok.com\/@sportac73?_t=ZM-90r8HiYyUNk&_r=1"]}]}},"_links":{"self":[{"href":"https:\/\/sportac.cl\/index.php\/wp-json\/wp\/v2\/product\/263","targetHints":{"allow":["GET"]}}],"collection":[{"href":"https:\/\/sportac.cl\/index.php\/wp-json\/wp\/v2\/product"}],"about":[{"href":"https:\/\/sportac.cl\/index.php\/wp-json\/wp\/v2\/types\/product"}],"replies":[{"embeddable":true,"href":"https:\/\/sportac.cl\/index.php\/wp-json\/wp\/v2\/comments?post=263"}],"version-history":[{"count":0,"href":"https:\/\/sportac.cl\/index.php\/wp-json\/wp\/v2\/product\/263\/revisions"}],"wp:featuredmedia":[{"embeddable":true,"href":"https:\/\/sportac.cl\/index.php\/wp-json\/wp\/v2\/media\/264"}],"wp:attachment":[{"href":"https:\/\/sportac.cl\/index.php\/wp-json\/wp\/v2\/media?parent=263"}],"wp:term":[{"taxonomy":"product_brand","embeddable":true,"href":"https:\/\/sportac.cl\/index.php\/wp-json\/wp\/v2\/product_brand?post=263"},{"taxonomy":"product_cat","embeddable":true,"href":"https:\/\/sportac.cl\/index.php\/wp-json\/wp\/v2\/product_cat?post=263"},{"taxonomy":"product_tag","embeddable":true,"href":"https:\/\/sportac.cl\/index.php\/wp-json\/wp\/v2\/product_tag?post=263"}],"curies":[{"name":"wp","href":"https:\/\/api.w.org\/{rel}","templated":true}]}}