{"id":214,"date":"2025-10-26T14:59:48","date_gmt":"2025-10-26T14:59:48","guid":{"rendered":"https:\/\/sportac.cl\/?post_type=product&#038;p=214"},"modified":"2025-11-03T16:55:45","modified_gmt":"2025-11-03T16:55:45","slug":"replica-glock-17-cal-4-5-poston-y-balin-blowback","status":"publish","type":"product","link":"https:\/\/sportac.cl\/index.php\/producto\/replica-glock-17-cal-4-5-poston-y-balin-blowback\/","title":{"rendered":"R\u00e9plica GLOCK 17 Cal 4.5 poston y balin, Blowback"},"content":{"rendered":"<p>Es la Replica de la pistola GLOCK, todo comenz\u00f3 con esta: originalmente equipada con el calibre de 9 mm, la r\u00e9plica con licencia dispara postones de 4,5 mm y BB de acero y es muy divertido con alrededor de tres julios. La corredera de metal pesado no solo se ve de alta calidad, sino que tambi\u00e9n garantiza un peso decente. Gracias al retroceso, cada disparo es como un disparo del \u00abreal\u00bb y el GLOCK 17 tambi\u00e9n corta una figura fina con su ca\u00f1\u00f3n dibujado en t\u00e9rminos de precisi\u00f3n. El GLOCK 17 es un verdadero art\u00edculo de colecci\u00f3n y con su estuche original GLOCK es imprescindible para todos los fan\u00e1ticos. La tenemos disponible en Sportac<\/p>\n<p>&nbsp;<\/p>\n<p>Nivel de energia = 3J<\/p>\n<p>Velocidad = 130m\/s\u00a0 \u00a0426fps<\/p>\n<p>Cal 4,5mm = Poston y Balin<\/p>\n<p>Fuente de alimentacion = 1 x 12gr Co2<\/p>\n<p>Disparos por cargador = 8 Rondas<\/p>\n<p>Cargadores incluidos = 4<\/p>\n<p>Capacidad de disparo = 120 rondas x Co2<\/p>\n<p>Largo = 205 mm<\/p>\n<p>Peso = 795 gr<\/p>\n<p>Blowback = Si<\/p>\n<p>Maleta transporte = Si<\/p>\n","protected":false},"excerpt":{"rendered":"<p>Replica Glock 17, Co2 puede disparar poston y balin de calibre 4.5mm, Blowback<\/p>\n","protected":false},"featured_media":225,"comment_status":"open","ping_status":"closed","template":"","meta":[],"product_brand":[],"product_cat":[83],"product_tag":[114],"class_list":{"0":"post-214","1":"product","2":"type-product","3":"status-publish","4":"has-post-thumbnail","6":"product_cat-pistola-balin","7":"product_tag-pistola-glock","9":"first","10":"instock","11":"sale","12":"taxable","13":"shipping-taxable","14":"purchasable","15":"product-type-simple"},"yoast_head":"<!-- This site is optimized with the Yoast SEO plugin v26.1.1 - https:\/\/yoast.com\/wordpress\/plugins\/seo\/ -->\n<title>R\u00e9plica GLOCK 17 Cal 4.5 poston y balin, Blowback - Sportac.cl<\/title>\n<meta name=\"description\" content=\"pistola glock 17, pistola umarex, pistola balin, pistola poston, calibre 4.5mm, replica pistola glock, co2, aire comprimido, sportac\" \/>\n<meta name=\"robots\" content=\"index, follow, max-snippet:-1, max-image-preview:large, max-video-preview:-1\" \/>\n<link rel=\"canonical\" href=\"https:\/\/sportac.cl\/index.php\/producto\/replica-glock-17-cal-4-5-poston-y-balin-blowback\/\" \/>\n<meta property=\"og:locale\" content=\"es_ES\" \/>\n<meta property=\"og:type\" content=\"article\" \/>\n<meta property=\"og:title\" content=\"R\u00e9plica GLOCK 17 Cal 4.5 poston y balin, Blowback - Sportac.cl\" \/>\n<meta property=\"og:description\" content=\"pistola glock 17, pistola umarex, pistola balin, pistola poston, calibre 4.5mm, replica pistola glock, co2, aire comprimido, sportac\" \/>\n<meta property=\"og:url\" content=\"https:\/\/sportac.cl\/index.php\/producto\/replica-glock-17-cal-4-5-poston-y-balin-blowback\/\" \/>\n<meta property=\"og:site_name\" content=\"Sportac.cl\" \/>\n<meta property=\"article:publisher\" content=\"https:\/\/www.facebook.com\/profile.php?id=100064005011199&amp;locale=bn_IN#\" \/>\n<meta property=\"article:modified_time\" content=\"2025-11-03T16:55:45+00:00\" \/>\n<meta property=\"og:image\" content=\"https:\/\/sportac.cl\/wp-content\/uploads\/2025\/10\/sportac-glock17-1.jpg\" \/>\n\t<meta property=\"og:image:width\" content=\"1200\" \/>\n\t<meta property=\"og:image:height\" content=\"675\" \/>\n\t<meta property=\"og:image:type\" content=\"image\/jpeg\" \/>\n<meta name=\"twitter:card\" content=\"summary_large_image\" \/>\n<meta name=\"twitter:label1\" content=\"Tiempo de lectura\" \/>\n\t<meta name=\"twitter:data1\" content=\"1 minuto\" \/>\n<script type=\"application\/ld+json\" class=\"yoast-schema-graph\">{\"@context\":\"https:\/\/schema.org\",\"@graph\":[{\"@type\":\"WebPage\",\"@id\":\"https:\/\/sportac.cl\/index.php\/producto\/replica-glock-17-cal-4-5-poston-y-balin-blowback\/\",\"url\":\"https:\/\/sportac.cl\/index.php\/producto\/replica-glock-17-cal-4-5-poston-y-balin-blowback\/\",\"name\":\"R\u00e9plica GLOCK 17 Cal 4.5 poston y balin, Blowback - Sportac.cl\",\"isPartOf\":{\"@id\":\"https:\/\/sportac.cl\/#website\"},\"primaryImageOfPage\":{\"@id\":\"https:\/\/sportac.cl\/index.php\/producto\/replica-glock-17-cal-4-5-poston-y-balin-blowback\/#primaryimage\"},\"image\":{\"@id\":\"https:\/\/sportac.cl\/index.php\/producto\/replica-glock-17-cal-4-5-poston-y-balin-blowback\/#primaryimage\"},\"thumbnailUrl\":\"https:\/\/sportac.cl\/wp-content\/uploads\/2025\/10\/sportac-glock17-1.jpg\",\"datePublished\":\"2025-10-26T14:59:48+00:00\",\"dateModified\":\"2025-11-03T16:55:45+00:00\",\"description\":\"pistola glock 17, pistola umarex, pistola balin, pistola poston, calibre 4.5mm, replica pistola glock, co2, aire comprimido, sportac\",\"breadcrumb\":{\"@id\":\"https:\/\/sportac.cl\/index.php\/producto\/replica-glock-17-cal-4-5-poston-y-balin-blowback\/#breadcrumb\"},\"inLanguage\":\"es\",\"potentialAction\":[{\"@type\":\"ReadAction\",\"target\":[\"https:\/\/sportac.cl\/index.php\/producto\/replica-glock-17-cal-4-5-poston-y-balin-blowback\/\"]}]},{\"@type\":\"ImageObject\",\"inLanguage\":\"es\",\"@id\":\"https:\/\/sportac.cl\/index.php\/producto\/replica-glock-17-cal-4-5-poston-y-balin-blowback\/#primaryimage\",\"url\":\"https:\/\/sportac.cl\/wp-content\/uploads\/2025\/10\/sportac-glock17-1.jpg\",\"contentUrl\":\"https:\/\/sportac.cl\/wp-content\/uploads\/2025\/10\/sportac-glock17-1.jpg\",\"width\":1200,\"height\":675},{\"@type\":\"BreadcrumbList\",\"@id\":\"https:\/\/sportac.cl\/index.php\/producto\/replica-glock-17-cal-4-5-poston-y-balin-blowback\/#breadcrumb\",\"itemListElement\":[{\"@type\":\"ListItem\",\"position\":1,\"name\":\"Portada\",\"item\":\"https:\/\/sportac.cl\/index.php\/home\/\"},{\"@type\":\"ListItem\",\"position\":2,\"name\":\"Tienda\",\"item\":\"https:\/\/sportac.cl\/index.php\/tienda\/\"},{\"@type\":\"ListItem\",\"position\":3,\"name\":\"R\u00e9plica GLOCK 17 Cal 4.5 poston y balin, Blowback\"}]},{\"@type\":\"WebSite\",\"@id\":\"https:\/\/sportac.cl\/#website\",\"url\":\"https:\/\/sportac.cl\/\",\"name\":\"Sportac Linternas Caza y Pesca Camping\",\"description\":\"Sportac.cl, tienda dedicada a venta de linternas profesionales y de alta calidad orientadas a deporte, industria y aplicaciones t\u00e1cticas Caza y Pesca\",\"publisher\":{\"@id\":\"https:\/\/sportac.cl\/#organization\"},\"alternateName\":\"Tienda de Equipos - Linternas - Caza - Pesca - Camping\",\"potentialAction\":[{\"@type\":\"SearchAction\",\"target\":{\"@type\":\"EntryPoint\",\"urlTemplate\":\"https:\/\/sportac.cl\/?s={search_term_string}\"},\"query-input\":{\"@type\":\"PropertyValueSpecification\",\"valueRequired\":true,\"valueName\":\"search_term_string\"}}],\"inLanguage\":\"es\"},{\"@type\":\"Organization\",\"@id\":\"https:\/\/sportac.cl\/#organization\",\"name\":\"Sportac Tienda de Equipos de Caza y Pesca\",\"alternateName\":\"Fenixligth, Fenix, linternas tacticas, led, iluminacion, mineria, Sportac, linternas Fenix, linterna C7, linterna HM71R, Linterna TK20R, iluminacion industrial, lantern,\u00a0flashlight Rifle pcp, Beeman, Glock, umarex, pistola traumatica, rifle nitropiston, pistola balines,\u00a0postones,\u00a0co2\",\"url\":\"https:\/\/sportac.cl\/\",\"logo\":{\"@type\":\"ImageObject\",\"inLanguage\":\"es\",\"@id\":\"https:\/\/sportac.cl\/#\/schema\/logo\/image\/\",\"url\":\"https:\/\/sportac.cl\/wp-content\/uploads\/2025\/10\/cropped-Logo-Sportac-_-blanco.png\",\"contentUrl\":\"https:\/\/sportac.cl\/wp-content\/uploads\/2025\/10\/cropped-Logo-Sportac-_-blanco.png\",\"width\":240,\"height\":259,\"caption\":\"Sportac Tienda de Equipos de Caza y Pesca\"},\"image\":{\"@id\":\"https:\/\/sportac.cl\/#\/schema\/logo\/image\/\"},\"sameAs\":[\"https:\/\/www.facebook.com\/profile.php?id=100064005011199&locale=bn_IN#\",\"https:\/\/www.instagram.com\/sportac_fenix?igsh=cXBnb25jMzdwYzIw\",\"https:\/\/www.tiktok.com\/@sportac73?_t=ZM-90r8HiYyUNk&_r=1\"]}]}<\/script>\n<!-- \/ Yoast SEO plugin. -->","yoast_head_json":{"title":"R\u00e9plica GLOCK 17 Cal 4.5 poston y balin, Blowback - Sportac.cl","description":"pistola glock 17, pistola umarex, pistola balin, pistola poston, calibre 4.5mm, replica pistola glock, co2, aire comprimido, sportac","robots":{"index":"index","follow":"follow","max-snippet":"max-snippet:-1","max-image-preview":"max-image-preview:large","max-video-preview":"max-video-preview:-1"},"canonical":"https:\/\/sportac.cl\/index.php\/producto\/replica-glock-17-cal-4-5-poston-y-balin-blowback\/","og_locale":"es_ES","og_type":"article","og_title":"R\u00e9plica GLOCK 17 Cal 4.5 poston y balin, Blowback - Sportac.cl","og_description":"pistola glock 17, pistola umarex, pistola balin, pistola poston, calibre 4.5mm, replica pistola glock, co2, aire comprimido, sportac","og_url":"https:\/\/sportac.cl\/index.php\/producto\/replica-glock-17-cal-4-5-poston-y-balin-blowback\/","og_site_name":"Sportac.cl","article_publisher":"https:\/\/www.facebook.com\/profile.php?id=100064005011199&locale=bn_IN#","article_modified_time":"2025-11-03T16:55:45+00:00","og_image":[{"width":1200,"height":675,"url":"https:\/\/sportac.cl\/wp-content\/uploads\/2025\/10\/sportac-glock17-1.jpg","type":"image\/jpeg"}],"twitter_card":"summary_large_image","twitter_misc":{"Tiempo de lectura":"1 minuto"},"schema":{"@context":"https:\/\/schema.org","@graph":[{"@type":"WebPage","@id":"https:\/\/sportac.cl\/index.php\/producto\/replica-glock-17-cal-4-5-poston-y-balin-blowback\/","url":"https:\/\/sportac.cl\/index.php\/producto\/replica-glock-17-cal-4-5-poston-y-balin-blowback\/","name":"R\u00e9plica GLOCK 17 Cal 4.5 poston y balin, Blowback - Sportac.cl","isPartOf":{"@id":"https:\/\/sportac.cl\/#website"},"primaryImageOfPage":{"@id":"https:\/\/sportac.cl\/index.php\/producto\/replica-glock-17-cal-4-5-poston-y-balin-blowback\/#primaryimage"},"image":{"@id":"https:\/\/sportac.cl\/index.php\/producto\/replica-glock-17-cal-4-5-poston-y-balin-blowback\/#primaryimage"},"thumbnailUrl":"https:\/\/sportac.cl\/wp-content\/uploads\/2025\/10\/sportac-glock17-1.jpg","datePublished":"2025-10-26T14:59:48+00:00","dateModified":"2025-11-03T16:55:45+00:00","description":"pistola glock 17, pistola umarex, pistola balin, pistola poston, calibre 4.5mm, replica pistola glock, co2, aire comprimido, sportac","breadcrumb":{"@id":"https:\/\/sportac.cl\/index.php\/producto\/replica-glock-17-cal-4-5-poston-y-balin-blowback\/#breadcrumb"},"inLanguage":"es","potentialAction":[{"@type":"ReadAction","target":["https:\/\/sportac.cl\/index.php\/producto\/replica-glock-17-cal-4-5-poston-y-balin-blowback\/"]}]},{"@type":"ImageObject","inLanguage":"es","@id":"https:\/\/sportac.cl\/index.php\/producto\/replica-glock-17-cal-4-5-poston-y-balin-blowback\/#primaryimage","url":"https:\/\/sportac.cl\/wp-content\/uploads\/2025\/10\/sportac-glock17-1.jpg","contentUrl":"https:\/\/sportac.cl\/wp-content\/uploads\/2025\/10\/sportac-glock17-1.jpg","width":1200,"height":675},{"@type":"BreadcrumbList","@id":"https:\/\/sportac.cl\/index.php\/producto\/replica-glock-17-cal-4-5-poston-y-balin-blowback\/#breadcrumb","itemListElement":[{"@type":"ListItem","position":1,"name":"Portada","item":"https:\/\/sportac.cl\/index.php\/home\/"},{"@type":"ListItem","position":2,"name":"Tienda","item":"https:\/\/sportac.cl\/index.php\/tienda\/"},{"@type":"ListItem","position":3,"name":"R\u00e9plica GLOCK 17 Cal 4.5 poston y balin, Blowback"}]},{"@type":"WebSite","@id":"https:\/\/sportac.cl\/#website","url":"https:\/\/sportac.cl\/","name":"Sportac Linternas Caza y Pesca Camping","description":"Sportac.cl, tienda dedicada a venta de linternas profesionales y de alta calidad orientadas a deporte, industria y aplicaciones t\u00e1cticas Caza y Pesca","publisher":{"@id":"https:\/\/sportac.cl\/#organization"},"alternateName":"Tienda de Equipos - Linternas - Caza - Pesca - Camping","potentialAction":[{"@type":"SearchAction","target":{"@type":"EntryPoint","urlTemplate":"https:\/\/sportac.cl\/?s={search_term_string}"},"query-input":{"@type":"PropertyValueSpecification","valueRequired":true,"valueName":"search_term_string"}}],"inLanguage":"es"},{"@type":"Organization","@id":"https:\/\/sportac.cl\/#organization","name":"Sportac Tienda de Equipos de Caza y Pesca","alternateName":"Fenixligth, Fenix, linternas tacticas, led, iluminacion, mineria, Sportac, linternas Fenix, linterna C7, linterna HM71R, Linterna TK20R, iluminacion industrial, lantern,\u00a0flashlight Rifle pcp, Beeman, Glock, umarex, pistola traumatica, rifle nitropiston, pistola balines,\u00a0postones,\u00a0co2","url":"https:\/\/sportac.cl\/","logo":{"@type":"ImageObject","inLanguage":"es","@id":"https:\/\/sportac.cl\/#\/schema\/logo\/image\/","url":"https:\/\/sportac.cl\/wp-content\/uploads\/2025\/10\/cropped-Logo-Sportac-_-blanco.png","contentUrl":"https:\/\/sportac.cl\/wp-content\/uploads\/2025\/10\/cropped-Logo-Sportac-_-blanco.png","width":240,"height":259,"caption":"Sportac Tienda de Equipos de Caza y Pesca"},"image":{"@id":"https:\/\/sportac.cl\/#\/schema\/logo\/image\/"},"sameAs":["https:\/\/www.facebook.com\/profile.php?id=100064005011199&locale=bn_IN#","https:\/\/www.instagram.com\/sportac_fenix?igsh=cXBnb25jMzdwYzIw","https:\/\/www.tiktok.com\/@sportac73?_t=ZM-90r8HiYyUNk&_r=1"]}]}},"_links":{"self":[{"href":"https:\/\/sportac.cl\/index.php\/wp-json\/wp\/v2\/product\/214","targetHints":{"allow":["GET"]}}],"collection":[{"href":"https:\/\/sportac.cl\/index.php\/wp-json\/wp\/v2\/product"}],"about":[{"href":"https:\/\/sportac.cl\/index.php\/wp-json\/wp\/v2\/types\/product"}],"replies":[{"embeddable":true,"href":"https:\/\/sportac.cl\/index.php\/wp-json\/wp\/v2\/comments?post=214"}],"version-history":[{"count":1,"href":"https:\/\/sportac.cl\/index.php\/wp-json\/wp\/v2\/product\/214\/revisions"}],"predecessor-version":[{"id":388,"href":"https:\/\/sportac.cl\/index.php\/wp-json\/wp\/v2\/product\/214\/revisions\/388"}],"wp:featuredmedia":[{"embeddable":true,"href":"https:\/\/sportac.cl\/index.php\/wp-json\/wp\/v2\/media\/225"}],"wp:attachment":[{"href":"https:\/\/sportac.cl\/index.php\/wp-json\/wp\/v2\/media?parent=214"}],"wp:term":[{"taxonomy":"product_brand","embeddable":true,"href":"https:\/\/sportac.cl\/index.php\/wp-json\/wp\/v2\/product_brand?post=214"},{"taxonomy":"product_cat","embeddable":true,"href":"https:\/\/sportac.cl\/index.php\/wp-json\/wp\/v2\/product_cat?post=214"},{"taxonomy":"product_tag","embeddable":true,"href":"https:\/\/sportac.cl\/index.php\/wp-json\/wp\/v2\/product_tag?post=214"}],"curies":[{"name":"wp","href":"https:\/\/api.w.org\/{rel}","templated":true}]}}