{"id":11,"date":"2025-11-04T15:00:19","date_gmt":"2025-11-04T15:00:19","guid":{"rendered":"https:\/\/sportac.cl\/?page_id=11"},"modified":"2025-11-04T15:26:39","modified_gmt":"2025-11-04T15:26:39","slug":"politicadegarantias","status":"publish","type":"page","link":"https:\/\/sportac.cl\/index.php\/politicadegarantias\/","title":{"rendered":"Pol\u00edtica de Garant\u00edas"},"content":{"rendered":"\n<p class=\"has-text-align-center\"><strong>Devoluci\u00f3n y Garant\u00eda<\/strong><\/p>\n\n\n\n<p class=\"has-text-align-center\"><strong>Per\u00edodo de Garant\u00eda:<\/strong><\/p>\n\n\n\n<p class=\"has-text-align-center\"><strong>COMERCIAL SPORTAC SPA.<\/strong><\/p>\n\n\n\n<p>Entrega una garant\u00eda de 24 meses para todas las linternas F\u00e9nix y de 12 meses para bater\u00edas, cargadores y accesorios F\u00e9nix.<\/p>\n\n\n\n<p>Para otros productos 3 meses de garant\u00eda. Los productos consumibles como municiones, postones, c\u00e1psulas CO2 entre otros no tienen garant\u00eda alguna.<\/p>\n\n\n\n<p>La presente garant\u00eda se aplica a todo producto nuevo, independiente de las partes o piezas que lo compongan.<\/p>\n\n\n\n<p><strong><mark style=\"background-color:rgba(0, 0, 0, 0)\" class=\"has-inline-color has-black-color\">COMERCIAL SPORTAC SPA<\/mark><\/strong>. \u00a0(nombre de fantas\u00eda Sportac), otorga la siguiente cobertura de Garant\u00eda:<\/p>\n\n\n\n<p>La presente p\u00f3liza contempla la reparaci\u00f3n y\/o cambio para productos que presenten fallas de f\u00e1brica, y no fallas imputables al consumidor.<\/p>\n\n\n\n<p>Para hacer efectivo lo anterior se deber\u00e1 acompa\u00f1ar fotocopia u original de la factura o boleta entregada en la venta.<\/p>\n\n\n\n<p>Respecto de la reposici\u00f3n (cambio), deber\u00e1n restituirse en buen estado los elementos originales del embalaje, como las etiquetas, certificados de garant\u00eda, manuales de uso, cajas, elementos de protecci\u00f3n y accesorios.<\/p>\n\n\n\n<p>Todo producto usado, reacondicionado o bajo la categor\u00eda de segunda selecci\u00f3n, no tiene bajo ning\u00fan punto garant\u00eda alguna ya que nuestros productos son profesionales en su uso.<\/p>\n\n\n\n<p>Se excluye de garant\u00eda el producto que ha <strong>sido intervenido o adulterado por terceros<\/strong>. Asimismo, se excluye de esta cobertura los da\u00f1os provocados por mal uso \u00f3 desgaste natural de piezas o elementos de los artefactos pasado el tiempo de compra (24 o 3 meses seg\u00fan corresponda) los que se produzcan por el uso propio del aparato.<\/p>\n\n\n\n<p>COMERCIAL SPORTAC SPA. No asumir\u00e1 en ninguno de los casos el costo del transporte de env\u00edo hacia y desde nuestras oficinas, siendo en este caso asumido por &nbsp;el cliente.<br><br><\/p>\n\n\n\n<p>Al ser \u00e9ste un servicio pagado por el comprador, <strong>COMERCIAL SPORTAC SPA<\/strong>. velar\u00e1 por el cumplimiento en la entrega del producto hasta la recepci\u00f3n conforme del cliente por la empresa de transporte, seg\u00fan condiciones convenidas.<\/p>\n\n\n\n<p>Costos de Servicio T\u00e9cnico y Reparaci\u00f3n:<\/p>\n\n\n\n<p>La reparaci\u00f3n ser\u00e1 cobrada, luego de la autorizaci\u00f3n del cliente para realizar la reparaci\u00f3n, si la falla o desperfecto que presente el producto no es responsabilidad de <strong>COMERCIAL SPORTAC SPA<\/strong>.<\/p>\n\n\n\n<p>Para ello el \u00fanico canal de comunicaci\u00f3n ser\u00e1 + 56 9 86904067 y email: info@sportac.cl<\/p>\n\n\n\n<p>Atte.:<\/p>\n\n\n\n<p><strong>COMERCIAL SPORTAC SPA.<\/strong><\/p>\n\n\n\n<p>Recuerde Nuestros medios de Pago:<\/p>\n\n\n\n<figure class=\"wp-block-image size-full\"><img decoding=\"async\" width=\"220\" height=\"116\" src=\"https:\/\/sportac.cl\/wp-content\/uploads\/2025\/10\/mercadopago.png\" alt=\"\" class=\"wp-image-331\"\/><\/figure>\n\n\n\n<figure class=\"wp-block-image size-full\"><img fetchpriority=\"high\" decoding=\"async\" width=\"735\" height=\"84\" src=\"https:\/\/sportac.cl\/wp-content\/uploads\/2025\/11\/img_bancos.jpg\" alt=\"\" class=\"wp-image-450\" srcset=\"https:\/\/sportac.cl\/wp-content\/uploads\/2025\/11\/img_bancos.jpg 735w, https:\/\/sportac.cl\/wp-content\/uploads\/2025\/11\/img_bancos-300x34.jpg 300w, https:\/\/sportac.cl\/wp-content\/uploads\/2025\/11\/img_bancos-600x69.jpg 600w\" sizes=\"(max-width: 735px) 100vw, 735px\" \/><\/figure>\n\n\n\n<p><\/p>\n","protected":false},"excerpt":{"rendered":"<p>Devoluci\u00f3n y Garant\u00eda Per\u00edodo de Garant\u00eda: COMERCIAL SPORTAC SPA. Entrega una garant\u00eda de 24 meses para todas las linternas F\u00e9nix y de 12 meses para bater\u00edas, cargadores y accesorios F\u00e9nix. Para otros productos 3 meses de garant\u00eda. Los productos consumibles como municiones, postones, c\u00e1psulas CO2 entre otros no tienen garant\u00eda alguna. La presente garant\u00eda se [&hellip;]<\/p>\n","protected":false},"author":1,"featured_media":0,"parent":0,"menu_order":0,"comment_status":"closed","ping_status":"closed","template":"","meta":{"footnotes":""},"class_list":["post-11","page","type-page","status-publish","hentry"],"yoast_head":"<!-- This site is optimized with the Yoast SEO plugin v26.1.1 - https:\/\/yoast.com\/wordpress\/plugins\/seo\/ -->\n<title>Pol\u00edtica de Garant\u00edas - Sportac.cl<\/title>\n<meta name=\"description\" content=\"Pol\u00edtica de Garant\u00edas Sportac.cl Sportac.cl Equipos de Caza y Peza Esparcimiento Aire LibreSportac.cl Sportac.cl - Tienda t\u00e1ctica Chile, art\u00edculos outdoor y caza y pesca equipamiento Trabajos de Mineria y esparcimiento aire Libre, Rifles miras telescopica, productos Fenix Chile tienda de Armas y pesca en Chile Telefono Celular (+56) 9 8690 4067\" \/>\n<meta name=\"robots\" content=\"index, follow, max-snippet:-1, max-image-preview:large, max-video-preview:-1\" \/>\n<link rel=\"canonical\" href=\"https:\/\/sportac.cl\/index.php\/politicadegarantias\/\" \/>\n<meta property=\"og:locale\" content=\"es_ES\" \/>\n<meta property=\"og:type\" content=\"article\" \/>\n<meta property=\"og:title\" content=\"Pol\u00edtica de Garant\u00edas - Sportac.cl\" \/>\n<meta property=\"og:description\" content=\"Pol\u00edtica de Garant\u00edas Sportac.cl Sportac.cl Equipos de Caza y Peza Esparcimiento Aire LibreSportac.cl Sportac.cl - Tienda t\u00e1ctica Chile, art\u00edculos outdoor y caza y pesca equipamiento Trabajos de Mineria y esparcimiento aire Libre, Rifles miras telescopica, productos Fenix Chile tienda de Armas y pesca en Chile Telefono Celular (+56) 9 8690 4067\" \/>\n<meta property=\"og:url\" content=\"https:\/\/sportac.cl\/index.php\/politicadegarantias\/\" \/>\n<meta property=\"og:site_name\" content=\"Sportac.cl\" \/>\n<meta property=\"article:publisher\" content=\"https:\/\/www.facebook.com\/profile.php?id=100064005011199&amp;locale=bn_IN#\" \/>\n<meta property=\"article:modified_time\" content=\"2025-11-04T15:26:39+00:00\" \/>\n<meta property=\"og:image\" content=\"https:\/\/sportac.cl\/wp-content\/uploads\/2025\/10\/mercadopago.png\" \/>\n\t<meta property=\"og:image:width\" content=\"220\" \/>\n\t<meta property=\"og:image:height\" content=\"116\" \/>\n\t<meta property=\"og:image:type\" content=\"image\/png\" \/>\n<meta name=\"twitter:card\" content=\"summary_large_image\" \/>\n<meta name=\"twitter:label1\" content=\"Tiempo de lectura\" \/>\n\t<meta name=\"twitter:data1\" content=\"3 minutos\" \/>\n<script type=\"application\/ld+json\" class=\"yoast-schema-graph\">{\"@context\":\"https:\/\/schema.org\",\"@graph\":[{\"@type\":\"WebPage\",\"@id\":\"https:\/\/sportac.cl\/index.php\/politicadegarantias\/\",\"url\":\"https:\/\/sportac.cl\/index.php\/politicadegarantias\/\",\"name\":\"Pol\u00edtica de Garant\u00edas - Sportac.cl\",\"isPartOf\":{\"@id\":\"https:\/\/sportac.cl\/#website\"},\"primaryImageOfPage\":{\"@id\":\"https:\/\/sportac.cl\/index.php\/politicadegarantias\/#primaryimage\"},\"image\":{\"@id\":\"https:\/\/sportac.cl\/index.php\/politicadegarantias\/#primaryimage\"},\"thumbnailUrl\":\"https:\/\/sportac.cl\/wp-content\/uploads\/2025\/10\/mercadopago.png\",\"datePublished\":\"2025-11-04T15:00:19+00:00\",\"dateModified\":\"2025-11-04T15:26:39+00:00\",\"description\":\"Pol\u00edtica de Garant\u00edas Sportac.cl Sportac.cl Equipos de Caza y Peza Esparcimiento Aire LibreSportac.cl Sportac.cl - Tienda t\u00e1ctica Chile, art\u00edculos outdoor y caza y pesca equipamiento Trabajos de Mineria y esparcimiento aire Libre, Rifles miras telescopica, productos Fenix Chile tienda de Armas y pesca en Chile Telefono Celular (+56) 9 8690 4067\",\"breadcrumb\":{\"@id\":\"https:\/\/sportac.cl\/index.php\/politicadegarantias\/#breadcrumb\"},\"inLanguage\":\"es\",\"potentialAction\":[{\"@type\":\"ReadAction\",\"target\":[\"https:\/\/sportac.cl\/index.php\/politicadegarantias\/\"]}]},{\"@type\":\"ImageObject\",\"inLanguage\":\"es\",\"@id\":\"https:\/\/sportac.cl\/index.php\/politicadegarantias\/#primaryimage\",\"url\":\"https:\/\/sportac.cl\/wp-content\/uploads\/2025\/10\/mercadopago.png\",\"contentUrl\":\"https:\/\/sportac.cl\/wp-content\/uploads\/2025\/10\/mercadopago.png\",\"width\":220,\"height\":116},{\"@type\":\"BreadcrumbList\",\"@id\":\"https:\/\/sportac.cl\/index.php\/politicadegarantias\/#breadcrumb\",\"itemListElement\":[{\"@type\":\"ListItem\",\"position\":1,\"name\":\"Portada\",\"item\":\"https:\/\/sportac.cl\/index.php\/home\/\"},{\"@type\":\"ListItem\",\"position\":2,\"name\":\"Pol\u00edtica de Garant\u00edas\"}]},{\"@type\":\"WebSite\",\"@id\":\"https:\/\/sportac.cl\/#website\",\"url\":\"https:\/\/sportac.cl\/\",\"name\":\"Sportac Linternas Caza y Pesca Camping\",\"description\":\"Sportac.cl, tienda dedicada a venta de linternas profesionales y de alta calidad orientadas a deporte, industria y aplicaciones t\u00e1cticas Caza y Pesca\",\"publisher\":{\"@id\":\"https:\/\/sportac.cl\/#organization\"},\"alternateName\":\"Tienda de Equipos - Linternas - Caza - Pesca - Camping\",\"potentialAction\":[{\"@type\":\"SearchAction\",\"target\":{\"@type\":\"EntryPoint\",\"urlTemplate\":\"https:\/\/sportac.cl\/?s={search_term_string}\"},\"query-input\":{\"@type\":\"PropertyValueSpecification\",\"valueRequired\":true,\"valueName\":\"search_term_string\"}}],\"inLanguage\":\"es\"},{\"@type\":\"Organization\",\"@id\":\"https:\/\/sportac.cl\/#organization\",\"name\":\"Sportac Tienda de Equipos de Caza y Pesca\",\"alternateName\":\"Fenixligth, Fenix, linternas tacticas, led, iluminacion, mineria, Sportac, linternas Fenix, linterna C7, linterna HM71R, Linterna TK20R, iluminacion industrial, lantern,\u00a0flashlight Rifle pcp, Beeman, Glock, umarex, pistola traumatica, rifle nitropiston, pistola balines,\u00a0postones,\u00a0co2\",\"url\":\"https:\/\/sportac.cl\/\",\"logo\":{\"@type\":\"ImageObject\",\"inLanguage\":\"es\",\"@id\":\"https:\/\/sportac.cl\/#\/schema\/logo\/image\/\",\"url\":\"https:\/\/sportac.cl\/wp-content\/uploads\/2025\/10\/cropped-Logo-Sportac-_-blanco.png\",\"contentUrl\":\"https:\/\/sportac.cl\/wp-content\/uploads\/2025\/10\/cropped-Logo-Sportac-_-blanco.png\",\"width\":240,\"height\":259,\"caption\":\"Sportac Tienda de Equipos de Caza y Pesca\"},\"image\":{\"@id\":\"https:\/\/sportac.cl\/#\/schema\/logo\/image\/\"},\"sameAs\":[\"https:\/\/www.facebook.com\/profile.php?id=100064005011199&locale=bn_IN#\",\"https:\/\/www.instagram.com\/sportac_fenix?igsh=cXBnb25jMzdwYzIw\",\"https:\/\/www.tiktok.com\/@sportac73?_t=ZM-90r8HiYyUNk&_r=1\"]}]}<\/script>\n<!-- \/ Yoast SEO plugin. -->","yoast_head_json":{"title":"Pol\u00edtica de Garant\u00edas - Sportac.cl","description":"Pol\u00edtica de Garant\u00edas Sportac.cl Sportac.cl Equipos de Caza y Peza Esparcimiento Aire LibreSportac.cl Sportac.cl - Tienda t\u00e1ctica Chile, art\u00edculos outdoor y caza y pesca equipamiento Trabajos de Mineria y esparcimiento aire Libre, Rifles miras telescopica, productos Fenix Chile tienda de Armas y pesca en Chile Telefono Celular (+56) 9 8690 4067","robots":{"index":"index","follow":"follow","max-snippet":"max-snippet:-1","max-image-preview":"max-image-preview:large","max-video-preview":"max-video-preview:-1"},"canonical":"https:\/\/sportac.cl\/index.php\/politicadegarantias\/","og_locale":"es_ES","og_type":"article","og_title":"Pol\u00edtica de Garant\u00edas - Sportac.cl","og_description":"Pol\u00edtica de Garant\u00edas Sportac.cl Sportac.cl Equipos de Caza y Peza Esparcimiento Aire LibreSportac.cl Sportac.cl - Tienda t\u00e1ctica Chile, art\u00edculos outdoor y caza y pesca equipamiento Trabajos de Mineria y esparcimiento aire Libre, Rifles miras telescopica, productos Fenix Chile tienda de Armas y pesca en Chile Telefono Celular (+56) 9 8690 4067","og_url":"https:\/\/sportac.cl\/index.php\/politicadegarantias\/","og_site_name":"Sportac.cl","article_publisher":"https:\/\/www.facebook.com\/profile.php?id=100064005011199&locale=bn_IN#","article_modified_time":"2025-11-04T15:26:39+00:00","og_image":[{"width":220,"height":116,"url":"https:\/\/sportac.cl\/wp-content\/uploads\/2025\/10\/mercadopago.png","type":"image\/png"}],"twitter_card":"summary_large_image","twitter_misc":{"Tiempo de lectura":"3 minutos"},"schema":{"@context":"https:\/\/schema.org","@graph":[{"@type":"WebPage","@id":"https:\/\/sportac.cl\/index.php\/politicadegarantias\/","url":"https:\/\/sportac.cl\/index.php\/politicadegarantias\/","name":"Pol\u00edtica de Garant\u00edas - Sportac.cl","isPartOf":{"@id":"https:\/\/sportac.cl\/#website"},"primaryImageOfPage":{"@id":"https:\/\/sportac.cl\/index.php\/politicadegarantias\/#primaryimage"},"image":{"@id":"https:\/\/sportac.cl\/index.php\/politicadegarantias\/#primaryimage"},"thumbnailUrl":"https:\/\/sportac.cl\/wp-content\/uploads\/2025\/10\/mercadopago.png","datePublished":"2025-11-04T15:00:19+00:00","dateModified":"2025-11-04T15:26:39+00:00","description":"Pol\u00edtica de Garant\u00edas Sportac.cl Sportac.cl Equipos de Caza y Peza Esparcimiento Aire LibreSportac.cl Sportac.cl - Tienda t\u00e1ctica Chile, art\u00edculos outdoor y caza y pesca equipamiento Trabajos de Mineria y esparcimiento aire Libre, Rifles miras telescopica, productos Fenix Chile tienda de Armas y pesca en Chile Telefono Celular (+56) 9 8690 4067","breadcrumb":{"@id":"https:\/\/sportac.cl\/index.php\/politicadegarantias\/#breadcrumb"},"inLanguage":"es","potentialAction":[{"@type":"ReadAction","target":["https:\/\/sportac.cl\/index.php\/politicadegarantias\/"]}]},{"@type":"ImageObject","inLanguage":"es","@id":"https:\/\/sportac.cl\/index.php\/politicadegarantias\/#primaryimage","url":"https:\/\/sportac.cl\/wp-content\/uploads\/2025\/10\/mercadopago.png","contentUrl":"https:\/\/sportac.cl\/wp-content\/uploads\/2025\/10\/mercadopago.png","width":220,"height":116},{"@type":"BreadcrumbList","@id":"https:\/\/sportac.cl\/index.php\/politicadegarantias\/#breadcrumb","itemListElement":[{"@type":"ListItem","position":1,"name":"Portada","item":"https:\/\/sportac.cl\/index.php\/home\/"},{"@type":"ListItem","position":2,"name":"Pol\u00edtica de Garant\u00edas"}]},{"@type":"WebSite","@id":"https:\/\/sportac.cl\/#website","url":"https:\/\/sportac.cl\/","name":"Sportac Linternas Caza y Pesca Camping","description":"Sportac.cl, tienda dedicada a venta de linternas profesionales y de alta calidad orientadas a deporte, industria y aplicaciones t\u00e1cticas Caza y Pesca","publisher":{"@id":"https:\/\/sportac.cl\/#organization"},"alternateName":"Tienda de Equipos - Linternas - Caza - Pesca - Camping","potentialAction":[{"@type":"SearchAction","target":{"@type":"EntryPoint","urlTemplate":"https:\/\/sportac.cl\/?s={search_term_string}"},"query-input":{"@type":"PropertyValueSpecification","valueRequired":true,"valueName":"search_term_string"}}],"inLanguage":"es"},{"@type":"Organization","@id":"https:\/\/sportac.cl\/#organization","name":"Sportac Tienda de Equipos de Caza y Pesca","alternateName":"Fenixligth, Fenix, linternas tacticas, led, iluminacion, mineria, Sportac, linternas Fenix, linterna C7, linterna HM71R, Linterna TK20R, iluminacion industrial, lantern,\u00a0flashlight Rifle pcp, Beeman, Glock, umarex, pistola traumatica, rifle nitropiston, pistola balines,\u00a0postones,\u00a0co2","url":"https:\/\/sportac.cl\/","logo":{"@type":"ImageObject","inLanguage":"es","@id":"https:\/\/sportac.cl\/#\/schema\/logo\/image\/","url":"https:\/\/sportac.cl\/wp-content\/uploads\/2025\/10\/cropped-Logo-Sportac-_-blanco.png","contentUrl":"https:\/\/sportac.cl\/wp-content\/uploads\/2025\/10\/cropped-Logo-Sportac-_-blanco.png","width":240,"height":259,"caption":"Sportac Tienda de Equipos de Caza y Pesca"},"image":{"@id":"https:\/\/sportac.cl\/#\/schema\/logo\/image\/"},"sameAs":["https:\/\/www.facebook.com\/profile.php?id=100064005011199&locale=bn_IN#","https:\/\/www.instagram.com\/sportac_fenix?igsh=cXBnb25jMzdwYzIw","https:\/\/www.tiktok.com\/@sportac73?_t=ZM-90r8HiYyUNk&_r=1"]}]}},"_links":{"self":[{"href":"https:\/\/sportac.cl\/index.php\/wp-json\/wp\/v2\/pages\/11","targetHints":{"allow":["GET"]}}],"collection":[{"href":"https:\/\/sportac.cl\/index.php\/wp-json\/wp\/v2\/pages"}],"about":[{"href":"https:\/\/sportac.cl\/index.php\/wp-json\/wp\/v2\/types\/page"}],"author":[{"embeddable":true,"href":"https:\/\/sportac.cl\/index.php\/wp-json\/wp\/v2\/users\/1"}],"replies":[{"embeddable":true,"href":"https:\/\/sportac.cl\/index.php\/wp-json\/wp\/v2\/comments?post=11"}],"version-history":[{"count":2,"href":"https:\/\/sportac.cl\/index.php\/wp-json\/wp\/v2\/pages\/11\/revisions"}],"predecessor-version":[{"id":460,"href":"https:\/\/sportac.cl\/index.php\/wp-json\/wp\/v2\/pages\/11\/revisions\/460"}],"wp:attachment":[{"href":"https:\/\/sportac.cl\/index.php\/wp-json\/wp\/v2\/media?parent=11"}],"curies":[{"name":"wp","href":"https:\/\/api.w.org\/{rel}","templated":true}]}}